{"id":1151,"date":"2020-06-25T12:18:50","date_gmt":"2020-06-25T10:18:50","guid":{"rendered":"https:\/\/instytutpolski.pl\/leipzig\/?page_id=1151"},"modified":"2020-07-09T11:00:48","modified_gmt":"2020-07-09T09:00:48","slug":"krakow","status":"publish","type":"page","link":"https:\/\/instytutpolski.pl\/leipzig\/polen-erleben\/unesco-welterbe-in-polen\/krakow\/","title":{"rendered":"Krak\u00f3w"},"content":{"rendered":"\n<p><strong>Die Krakauer Altstadt wurde im Jahr 1978 als eine der ersten Welterbest\u00e4tten weltweit in die Welterbeliste aufgenommen. Der eingetragene Bereich umfasst die Altstadt innerhalb der ehemaligen Stadtmauern, den Wawel sowie den Stadtteil Kazimierz mit dem Vorort Stradom. 2010 wurde eine Pufferzone f\u00fcr den eingetragenen Bereich eingerichtet.<\/strong><\/p>\n\n\n\n<p>Die Altstadt von Krak\u00f3w, der ehemaligen Hauptstadt Polens, liegt am Fu\u00df des K\u00f6nigsschlosses auf dem Wawelh\u00fcgel. In der 800 Jahre alten Kaufmannsstadt befinden sich Europas gr\u00f6\u00dfter Marktplatz, zahlreiche historische H\u00e4user und Pal\u00e4ste und Kirchen mit pr\u00e4chtiger Innenausstattung. Ein weiteres Zeugnis f\u00fcr die faszinierende Vergangenheit der Stadt sind die Stadtmauern aus dem 14. Jahrhundert, der mittelalterliche Stadtteil Kazimierz mit seinen alten Synagogen im S\u00fcden, die Jagiellonen-Universit\u00e4t und die gotische Kathedrale, in der die polnischen K\u00f6nige begraben liegen.<\/p>\n<p>Die an der Weichsel gelegene historische Altstadt von Krak\u00f3w besteht aus drei Ensembles: der mittelalterlichen Kernstadt Krak\u00f3w, dem Komplex auf dem Wawelh\u00fcgel und der Stadt Kazimierz (mit der Vorstadt Stradom). Das Gesamtensemble ist eines der bemerkenswertesten Beispiele f\u00fcr europ\u00e4ische Stadtplanung, das durch seine harmonische Entwicklung und eine Ansammlung von Elementen charakterisiert ist, die alle Architekturstile vom fr\u00fchen romanischen Stil bis zur Moderne repr\u00e4sentieren.<\/p>\n<p>Die Bedeutung der Stadt, die 1257 das Stadtrecht erhielt und einst die Hauptstadt Polens war, ist aufgrund ihrer st\u00e4dtischen Anordnung, ihrer zahlreichen Kirchen und Kl\u00f6ster, ihrer imposanten \u00f6ffentlichen Geb\u00e4ude, der \u00dcberreste der mittelalterlichen Stadtmauern und ihrer Pal\u00e4ste und Stadth\u00e4user, von denen viele von bekannten Architekten und Handwerkern entworfen und erbaut wurden, offensichtlich. Das st\u00e4dtische Ensemble ist aufgrund seiner au\u00dferordentlichen Dichte von Baudenkm\u00e4lern aus verschiedenen Stilepochen, die in ihrer Originalform und mit ihrer authentischen Ausstattung erhalten geblieben sind, besonders wertvoll. Der Wawelh\u00fcgel, das beherrschende Kennzeichen des historischen Stadtkerns von Krak\u00f3w, ist eine ehemalige K\u00f6nigsresidenz und Grablege, welche die dynastischen und politischen Verbindungen des mittelalterlichen und fr\u00fchneuzeitlichen Europas aufzeigt. Die mittelalterliche Stadt Kazimierz (Stadtrecht seit 1335), welche auch die Vorstadt Stradom einschlie\u00dft, wurde durch den katholischen und j\u00fcdischen Glauben und deren jeweilige Kultur und Tradition gepr\u00e4gt.<\/p>\n<p>Als eines der gr\u00f6\u00dften Verwaltungs- und Handelszentren Mitteleuropas war Krak\u00f3w eine Stadt, in der Kunst und Handwerk aufbl\u00fchten und in der sich die \u00f6stliche und die westliche Kultur vermischten. Die Bedeutung Krak\u00f3ws als europaweit bedeutendes kulturelles Zentrum wird dadurch verst\u00e4rkt, dass die Stadt eine der \u00e4ltesten international bekannten Universit\u00e4ten, die Jagiellonen-Universit\u00e4t, beherbergt. Gemeinsam bilden diese drei bebauten Gebiete einen zusammenh\u00e4ngenden Stadtkomplex, in dem materielles und immaterielles Erbe \u00fcberlebten und bis heute gepflegt werden.<\/p>\n\n\n\n<p><em>Quelle: UNESCO (offizielle Webseite: <a href=\"https:\/\/whc.unesco.org\/en\/list\/29\">whc.unesco.org<\/a>)<br>\u00dcbersetzung: Agata Biernacka<\/em><\/p>\n","protected":false},"excerpt":{"rendered":"<p>Die Krakauer Altstadt wurde im Jahr 1978 als eine der ersten Welterbest\u00e4tten weltweit in die Welterbeliste aufgenommen. Der eingetragene Bereich umfasst die Altstadt innerhalb der ehemaligen Stadtmauern, den Wawel sowie den Stadtteil Kazimierz mit dem Vorort Stradom. 2010 wurde eine Pufferzone f\u00fcr den eingetragenen Bereich eingerichtet. Die Altstadt von Krak\u00f3w, der ehemaligen Hauptstadt Polens, liegt [&hellip;]<\/p>\n","protected":false},"author":79,"featured_media":1158,"parent":932,"menu_order":0,"comment_status":"closed","ping_status":"closed","template":"","meta":{"inline_featured_image":false,"_monsterinsights_skip_tracking":false,"_monsterinsights_sitenote_active":false,"_monsterinsights_sitenote_note":"","_monsterinsights_sitenote_category":0,"footnotes":""},"class_list":["post-1151","page","type-page","status-publish","has-post-thumbnail","hentry"],"yoast_head":"<!-- This site is optimized with the Yoast SEO plugin v24.6 - https:\/\/yoast.com\/wordpress\/plugins\/seo\/ -->\n<title>Krak\u00f3w - Instytut Polski w Lipsku<\/title>\n<meta name=\"robots\" content=\"index, follow, max-snippet:-1, max-image-preview:large, max-video-preview:-1\" \/>\n<link rel=\"canonical\" href=\"https:\/\/instytutpolski.pl\/leipzig\/polen-erleben\/unesco-welterbe-in-polen\/krakow\/\" \/>\n<meta property=\"og:locale\" content=\"pl_PL\" \/>\n<meta property=\"og:type\" content=\"article\" \/>\n<meta property=\"og:title\" content=\"Krak\u00f3w - Instytut Polski w Lipsku\" \/>\n<meta property=\"og:description\" content=\"Die Krakauer Altstadt wurde im Jahr 1978 als eine der ersten Welterbest\u00e4tten weltweit in die Welterbeliste aufgenommen. Der eingetragene Bereich umfasst die Altstadt innerhalb der ehemaligen Stadtmauern, den Wawel sowie den Stadtteil Kazimierz mit dem Vorort Stradom. 2010 wurde eine Pufferzone f\u00fcr den eingetragenen Bereich eingerichtet. Die Altstadt von Krak\u00f3w, der ehemaligen Hauptstadt Polens, liegt [&hellip;]\" \/>\n<meta property=\"og:url\" content=\"https:\/\/instytutpolski.pl\/leipzig\/polen-erleben\/unesco-welterbe-in-polen\/krakow\/\" \/>\n<meta property=\"og:site_name\" content=\"Instytut Polski w Lipsku\" \/>\n<meta property=\"article:modified_time\" content=\"2020-07-09T09:00:48+00:00\" \/>\n<meta property=\"og:image\" content=\"https:\/\/instytutpolski.pl\/leipzig\/wp-content\/uploads\/sites\/29\/2020\/06\/UNESCO-Krakow-Pixabay_1500.jpg\" \/>\n\t<meta property=\"og:image:width\" content=\"1500\" \/>\n\t<meta property=\"og:image:height\" content=\"875\" \/>\n\t<meta property=\"og:image:type\" content=\"image\/jpeg\" \/>\n<meta name=\"twitter:card\" content=\"summary_large_image\" \/>\n<meta name=\"twitter:label1\" content=\"Szacowany czas czytania\" \/>\n\t<meta name=\"twitter:data1\" content=\"2 minuty\" \/>\n<script type=\"application\/ld+json\" class=\"yoast-schema-graph\">{\"@context\":\"https:\/\/schema.org\",\"@graph\":[{\"@type\":\"WebPage\",\"@id\":\"https:\/\/instytutpolski.pl\/leipzig\/polen-erleben\/unesco-welterbe-in-polen\/krakow\/\",\"url\":\"https:\/\/instytutpolski.pl\/leipzig\/polen-erleben\/unesco-welterbe-in-polen\/krakow\/\",\"name\":\"Krak\u00f3w - Instytut Polski w Lipsku\",\"isPartOf\":{\"@id\":\"https:\/\/instytutpolski.pl\/leipzig\/#website\"},\"primaryImageOfPage\":{\"@id\":\"https:\/\/instytutpolski.pl\/leipzig\/polen-erleben\/unesco-welterbe-in-polen\/krakow\/#primaryimage\"},\"image\":{\"@id\":\"https:\/\/instytutpolski.pl\/leipzig\/polen-erleben\/unesco-welterbe-in-polen\/krakow\/#primaryimage\"},\"thumbnailUrl\":\"https:\/\/instytutpolski.pl\/leipzig\/wp-content\/uploads\/sites\/29\/2020\/06\/UNESCO-Krakow-Pixabay_1500.jpg\",\"datePublished\":\"2020-06-25T10:18:50+00:00\",\"dateModified\":\"2020-07-09T09:00:48+00:00\",\"breadcrumb\":{\"@id\":\"https:\/\/instytutpolski.pl\/leipzig\/polen-erleben\/unesco-welterbe-in-polen\/krakow\/#breadcrumb\"},\"inLanguage\":\"pl-PL\",\"potentialAction\":[{\"@type\":\"ReadAction\",\"target\":[\"https:\/\/instytutpolski.pl\/leipzig\/polen-erleben\/unesco-welterbe-in-polen\/krakow\/\"]}]},{\"@type\":\"ImageObject\",\"inLanguage\":\"pl-PL\",\"@id\":\"https:\/\/instytutpolski.pl\/leipzig\/polen-erleben\/unesco-welterbe-in-polen\/krakow\/#primaryimage\",\"url\":\"https:\/\/instytutpolski.pl\/leipzig\/wp-content\/uploads\/sites\/29\/2020\/06\/UNESCO-Krakow-Pixabay_1500.jpg\",\"contentUrl\":\"https:\/\/instytutpolski.pl\/leipzig\/wp-content\/uploads\/sites\/29\/2020\/06\/UNESCO-Krakow-Pixabay_1500.jpg\",\"width\":1500,\"height\":875},{\"@type\":\"BreadcrumbList\",\"@id\":\"https:\/\/instytutpolski.pl\/leipzig\/polen-erleben\/unesco-welterbe-in-polen\/krakow\/#breadcrumb\",\"itemListElement\":[{\"@type\":\"ListItem\",\"position\":1,\"name\":\"Home\",\"item\":\"https:\/\/instytutpolski.pl\/leipzig\/\"},{\"@type\":\"ListItem\",\"position\":2,\"name\":\"Polen erleben\",\"item\":\"https:\/\/instytutpolski.pl\/leipzig\/polen-erleben\/\"},{\"@type\":\"ListItem\",\"position\":3,\"name\":\"UNESCO-Welterbe in Polen\",\"item\":\"https:\/\/instytutpolski.pl\/leipzig\/polen-erleben\/unesco-welterbe-in-polen\/\"},{\"@type\":\"ListItem\",\"position\":4,\"name\":\"Krak\u00f3w\"}]},{\"@type\":\"WebSite\",\"@id\":\"https:\/\/instytutpolski.pl\/leipzig\/#website\",\"url\":\"https:\/\/instytutpolski.pl\/leipzig\/\",\"name\":\"Instytut Polski w Lipsku\",\"description\":\"Kolejna witryna sieci &#8222;Instytuty Polskie&#8221;\",\"potentialAction\":[{\"@type\":\"SearchAction\",\"target\":{\"@type\":\"EntryPoint\",\"urlTemplate\":\"https:\/\/instytutpolski.pl\/leipzig\/?s={search_term_string}\"},\"query-input\":{\"@type\":\"PropertyValueSpecification\",\"valueRequired\":true,\"valueName\":\"search_term_string\"}}],\"inLanguage\":\"pl-PL\"}]}<\/script>\n<!-- \/ Yoast SEO plugin. -->","yoast_head_json":{"title":"Krak\u00f3w - Instytut Polski w Lipsku","robots":{"index":"index","follow":"follow","max-snippet":"max-snippet:-1","max-image-preview":"max-image-preview:large","max-video-preview":"max-video-preview:-1"},"canonical":"https:\/\/instytutpolski.pl\/leipzig\/polen-erleben\/unesco-welterbe-in-polen\/krakow\/","og_locale":"pl_PL","og_type":"article","og_title":"Krak\u00f3w - Instytut Polski w Lipsku","og_description":"Die Krakauer Altstadt wurde im Jahr 1978 als eine der ersten Welterbest\u00e4tten weltweit in die Welterbeliste aufgenommen. Der eingetragene Bereich umfasst die Altstadt innerhalb der ehemaligen Stadtmauern, den Wawel sowie den Stadtteil Kazimierz mit dem Vorort Stradom. 2010 wurde eine Pufferzone f\u00fcr den eingetragenen Bereich eingerichtet. Die Altstadt von Krak\u00f3w, der ehemaligen Hauptstadt Polens, liegt [&hellip;]","og_url":"https:\/\/instytutpolski.pl\/leipzig\/polen-erleben\/unesco-welterbe-in-polen\/krakow\/","og_site_name":"Instytut Polski w Lipsku","article_modified_time":"2020-07-09T09:00:48+00:00","og_image":[{"width":1500,"height":875,"url":"https:\/\/instytutpolski.pl\/leipzig\/wp-content\/uploads\/sites\/29\/2020\/06\/UNESCO-Krakow-Pixabay_1500.jpg","type":"image\/jpeg"}],"twitter_card":"summary_large_image","twitter_misc":{"Szacowany czas czytania":"2 minuty"},"schema":{"@context":"https:\/\/schema.org","@graph":[{"@type":"WebPage","@id":"https:\/\/instytutpolski.pl\/leipzig\/polen-erleben\/unesco-welterbe-in-polen\/krakow\/","url":"https:\/\/instytutpolski.pl\/leipzig\/polen-erleben\/unesco-welterbe-in-polen\/krakow\/","name":"Krak\u00f3w - Instytut Polski w Lipsku","isPartOf":{"@id":"https:\/\/instytutpolski.pl\/leipzig\/#website"},"primaryImageOfPage":{"@id":"https:\/\/instytutpolski.pl\/leipzig\/polen-erleben\/unesco-welterbe-in-polen\/krakow\/#primaryimage"},"image":{"@id":"https:\/\/instytutpolski.pl\/leipzig\/polen-erleben\/unesco-welterbe-in-polen\/krakow\/#primaryimage"},"thumbnailUrl":"https:\/\/instytutpolski.pl\/leipzig\/wp-content\/uploads\/sites\/29\/2020\/06\/UNESCO-Krakow-Pixabay_1500.jpg","datePublished":"2020-06-25T10:18:50+00:00","dateModified":"2020-07-09T09:00:48+00:00","breadcrumb":{"@id":"https:\/\/instytutpolski.pl\/leipzig\/polen-erleben\/unesco-welterbe-in-polen\/krakow\/#breadcrumb"},"inLanguage":"pl-PL","potentialAction":[{"@type":"ReadAction","target":["https:\/\/instytutpolski.pl\/leipzig\/polen-erleben\/unesco-welterbe-in-polen\/krakow\/"]}]},{"@type":"ImageObject","inLanguage":"pl-PL","@id":"https:\/\/instytutpolski.pl\/leipzig\/polen-erleben\/unesco-welterbe-in-polen\/krakow\/#primaryimage","url":"https:\/\/instytutpolski.pl\/leipzig\/wp-content\/uploads\/sites\/29\/2020\/06\/UNESCO-Krakow-Pixabay_1500.jpg","contentUrl":"https:\/\/instytutpolski.pl\/leipzig\/wp-content\/uploads\/sites\/29\/2020\/06\/UNESCO-Krakow-Pixabay_1500.jpg","width":1500,"height":875},{"@type":"BreadcrumbList","@id":"https:\/\/instytutpolski.pl\/leipzig\/polen-erleben\/unesco-welterbe-in-polen\/krakow\/#breadcrumb","itemListElement":[{"@type":"ListItem","position":1,"name":"Home","item":"https:\/\/instytutpolski.pl\/leipzig\/"},{"@type":"ListItem","position":2,"name":"Polen erleben","item":"https:\/\/instytutpolski.pl\/leipzig\/polen-erleben\/"},{"@type":"ListItem","position":3,"name":"UNESCO-Welterbe in Polen","item":"https:\/\/instytutpolski.pl\/leipzig\/polen-erleben\/unesco-welterbe-in-polen\/"},{"@type":"ListItem","position":4,"name":"Krak\u00f3w"}]},{"@type":"WebSite","@id":"https:\/\/instytutpolski.pl\/leipzig\/#website","url":"https:\/\/instytutpolski.pl\/leipzig\/","name":"Instytut Polski w Lipsku","description":"Kolejna witryna sieci &#8222;Instytuty Polskie&#8221;","potentialAction":[{"@type":"SearchAction","target":{"@type":"EntryPoint","urlTemplate":"https:\/\/instytutpolski.pl\/leipzig\/?s={search_term_string}"},"query-input":{"@type":"PropertyValueSpecification","valueRequired":true,"valueName":"search_term_string"}}],"inLanguage":"pl-PL"}]}},"_links":{"self":[{"href":"https:\/\/instytutpolski.pl\/leipzig\/wp-json\/wp\/v2\/pages\/1151","targetHints":{"allow":["GET"]}}],"collection":[{"href":"https:\/\/instytutpolski.pl\/leipzig\/wp-json\/wp\/v2\/pages"}],"about":[{"href":"https:\/\/instytutpolski.pl\/leipzig\/wp-json\/wp\/v2\/types\/page"}],"author":[{"embeddable":true,"href":"https:\/\/instytutpolski.pl\/leipzig\/wp-json\/wp\/v2\/users\/79"}],"replies":[{"embeddable":true,"href":"https:\/\/instytutpolski.pl\/leipzig\/wp-json\/wp\/v2\/comments?post=1151"}],"version-history":[{"count":6,"href":"https:\/\/instytutpolski.pl\/leipzig\/wp-json\/wp\/v2\/pages\/1151\/revisions"}],"predecessor-version":[{"id":1497,"href":"https:\/\/instytutpolski.pl\/leipzig\/wp-json\/wp\/v2\/pages\/1151\/revisions\/1497"}],"up":[{"embeddable":true,"href":"https:\/\/instytutpolski.pl\/leipzig\/wp-json\/wp\/v2\/pages\/932"}],"wp:featuredmedia":[{"embeddable":true,"href":"https:\/\/instytutpolski.pl\/leipzig\/wp-json\/wp\/v2\/media\/1158"}],"wp:attachment":[{"href":"https:\/\/instytutpolski.pl\/leipzig\/wp-json\/wp\/v2\/media?parent=1151"}],"curies":[{"name":"wp","href":"https:\/\/api.w.org\/{rel}","templated":true}]}}