{"id":1447,"date":"2020-07-08T17:25:23","date_gmt":"2020-07-08T15:25:23","guid":{"rendered":"https:\/\/instytutpolski.pl\/leipzig\/?page_id=1447"},"modified":"2020-07-09T11:06:44","modified_gmt":"2020-07-09T09:06:44","slug":"tarnowskie-gory","status":"publish","type":"page","link":"https:\/\/instytutpolski.pl\/leipzig\/polen-erleben\/unesco-welterbe-in-polen\/tarnowskie-gory\/","title":{"rendered":"Tarnowskie G\u00f3ry"},"content":{"rendered":"\n<p><strong>Die Blei-Silber-Zink-Mine in Tarnowskie G\u00f3ry (dt. Tarnowitz) befindet sich in Oberschlesien, einem der wichtigsten Bergbaugebiete Mitteleuropas. Die UNESCO-St\u00e4tte umfasst ein ganzes unterirdisches Bergwerk mit Stollen, Sch\u00e4chten, Galerien und der Wasserhaltung. \u00dcber Tage befindet sich eine Dampf-F\u00f6rdermaschine aus dem 19. Jahrhundert, die von dem unerm\u00fcdlichen Bem\u00fchen (seit \u00fcber 300 Jahren) zeugt, das Wasser aus dem Bergwerk abzuleiten. Dank einem speziellen System wurde das \u00fcberfl\u00fcssige Wasser zur Trink- und Betriebswasserversorgung der Stadt genutzt. Das Bergwerk in Tarnowskie G\u00f3ry war f\u00fcr die weltweite Blei- und Zinkproduktion von gro\u00dfer Bedeutung.<\/strong><\/p>\n\n\n\n<p>Das Bergbau- und Wasserhaltungssystem wurde in flachem und technisch schwierigem Terrain erbaut \u2013 auf einem h\u00fcgeligen Plateau auf einer H\u00f6he von 270\u2013300 m \u00fcber dem Meeresspiegel. Der Unterschied zwischen den h\u00f6chsten und den tiefsten Punkten betr\u00e4gt weniger als 50 m. Dies ist ungew\u00f6hnlich, denn der Gro\u00dfteil der europ\u00e4ischen Metallvorkommen liegt in bergigen Regionen \u2013 ein Ph\u00e4nomen, das gro\u00dfen Einfluss insbesondere auf Entw\u00e4sserungstechniken hat.<\/p>\n<p>Das unterirdische System in Tarnowskie G\u00f3ry erlebte einen bis zu dreimal h\u00f6heren Wassereintritt als andere gro\u00dfe europ\u00e4ische Metallbergwerke seiner Zeit und umfasste zum Schluss ein Wassereinzugsgebiet von \u00fcber 50 km Hauptwasserstollen und 150 km Nebenwasserstollen, Zugangstunneln, Sch\u00e4chten und F\u00f6rderungsgebieten. Das erhaltene Netzwerk wird durch umfangreiche \u00dcberreste der Hauptwasserleitungs-Infrastruktur sowohl unter als auch \u00fcber Tage und mit direkt verbundenen Elementen \u00fcber Tage erg\u00e4nzt, die wesentliche Merkmale der Bergbaulandschaft umfassen.<\/p>\n<p>Das Wasserversorgungssystem wurde als Teil eines zeitgen\u00f6ssischen unterirdischen Metallabbausystems geplant, eingegliedert und verwaltet. So spiegelt sich wider, wie moderne durch Dampfpumpen betriebene Wassersysteme unter Verwendung von Bergbautechniken entwickelt wurden. Die integrierte und symbiotische Beziehung zwischen dem Abbau von Mineralien sowie der Wasserhaltung und -versorgung, die fr\u00fchzeitig unter derselben Inhaberschaft kreativ entwickelt wurden, machen das Bergwerk in Tarnowskie G\u00f3ry zu etwas Besonderem.<\/p>\n\n\n\n<p><em>Quelle: UNESCO (offizielle Webseite: <a href=\"https:\/\/whc.unesco.org\/en\/list\/1539\">whc.unesco.org<\/a>)<br>\u00dcbersetzung: Agata Biernacka<\/em><\/p>\n\n\n\n<p>&nbsp;<\/p>\n<pre>Foto: Tiefer Friedrichsstollen \u2013 Teil der touristischen Route \u201eSchwarze-Forellen-Stollen\u201c<br>\u00a9 Stowarzyszenie Mi\u0142o\u015bnik\u00f3w Ziemi Tarnog\u00f3rskiej<\/pre>\n","protected":false},"excerpt":{"rendered":"<p>Die Blei-Silber-Zink-Mine in Tarnowskie G\u00f3ry (dt. Tarnowitz) befindet sich in Oberschlesien, einem der wichtigsten Bergbaugebiete Mitteleuropas. Die UNESCO-St\u00e4tte umfasst ein ganzes unterirdisches Bergwerk mit Stollen, Sch\u00e4chten, Galerien und der Wasserhaltung. \u00dcber Tage befindet sich eine Dampf-F\u00f6rdermaschine aus dem 19. Jahrhundert, die von dem unerm\u00fcdlichen Bem\u00fchen (seit \u00fcber 300 Jahren) zeugt, das Wasser aus dem Bergwerk [&hellip;]<\/p>\n","protected":false},"author":79,"featured_media":1448,"parent":932,"menu_order":0,"comment_status":"closed","ping_status":"closed","template":"","meta":{"inline_featured_image":false,"_monsterinsights_skip_tracking":false,"_monsterinsights_sitenote_active":false,"_monsterinsights_sitenote_note":"","_monsterinsights_sitenote_category":0,"footnotes":""},"class_list":["post-1447","page","type-page","status-publish","has-post-thumbnail","hentry"],"yoast_head":"<!-- This site is optimized with the Yoast SEO plugin v24.6 - https:\/\/yoast.com\/wordpress\/plugins\/seo\/ -->\n<title>Tarnowskie G\u00f3ry - Instytut Polski w Lipsku<\/title>\n<meta name=\"robots\" content=\"index, follow, max-snippet:-1, max-image-preview:large, max-video-preview:-1\" \/>\n<link rel=\"canonical\" href=\"https:\/\/instytutpolski.pl\/leipzig\/polen-erleben\/unesco-welterbe-in-polen\/tarnowskie-gory\/\" \/>\n<meta property=\"og:locale\" content=\"pl_PL\" \/>\n<meta property=\"og:type\" content=\"article\" \/>\n<meta property=\"og:title\" content=\"Tarnowskie G\u00f3ry - Instytut Polski w Lipsku\" \/>\n<meta property=\"og:description\" content=\"Die Blei-Silber-Zink-Mine in Tarnowskie G\u00f3ry (dt. Tarnowitz) befindet sich in Oberschlesien, einem der wichtigsten Bergbaugebiete Mitteleuropas. Die UNESCO-St\u00e4tte umfasst ein ganzes unterirdisches Bergwerk mit Stollen, Sch\u00e4chten, Galerien und der Wasserhaltung. \u00dcber Tage befindet sich eine Dampf-F\u00f6rdermaschine aus dem 19. Jahrhundert, die von dem unerm\u00fcdlichen Bem\u00fchen (seit \u00fcber 300 Jahren) zeugt, das Wasser aus dem Bergwerk [&hellip;]\" \/>\n<meta property=\"og:url\" content=\"https:\/\/instytutpolski.pl\/leipzig\/polen-erleben\/unesco-welterbe-in-polen\/tarnowskie-gory\/\" \/>\n<meta property=\"og:site_name\" content=\"Instytut Polski w Lipsku\" \/>\n<meta property=\"article:modified_time\" content=\"2020-07-09T09:06:44+00:00\" \/>\n<meta property=\"og:image\" content=\"https:\/\/instytutpolski.pl\/leipzig\/wp-content\/uploads\/sites\/29\/2020\/07\/UNESCO-Tarnowskie-G\u00f3ry-Stowarzyszenie-Mi\u0142o\u015bnik\u00f3w-Ziemi-Tarnog\u00f3rskiej.jpg\" \/>\n\t<meta property=\"og:image:width\" content=\"1385\" \/>\n\t<meta property=\"og:image:height\" content=\"923\" \/>\n\t<meta property=\"og:image:type\" content=\"image\/jpeg\" \/>\n<meta name=\"twitter:card\" content=\"summary_large_image\" \/>\n<meta name=\"twitter:label1\" content=\"Szacowany czas czytania\" \/>\n\t<meta name=\"twitter:data1\" content=\"2 minuty\" \/>\n<script type=\"application\/ld+json\" class=\"yoast-schema-graph\">{\"@context\":\"https:\/\/schema.org\",\"@graph\":[{\"@type\":\"WebPage\",\"@id\":\"https:\/\/instytutpolski.pl\/leipzig\/polen-erleben\/unesco-welterbe-in-polen\/tarnowskie-gory\/\",\"url\":\"https:\/\/instytutpolski.pl\/leipzig\/polen-erleben\/unesco-welterbe-in-polen\/tarnowskie-gory\/\",\"name\":\"Tarnowskie G\u00f3ry - Instytut Polski w Lipsku\",\"isPartOf\":{\"@id\":\"https:\/\/instytutpolski.pl\/leipzig\/#website\"},\"primaryImageOfPage\":{\"@id\":\"https:\/\/instytutpolski.pl\/leipzig\/polen-erleben\/unesco-welterbe-in-polen\/tarnowskie-gory\/#primaryimage\"},\"image\":{\"@id\":\"https:\/\/instytutpolski.pl\/leipzig\/polen-erleben\/unesco-welterbe-in-polen\/tarnowskie-gory\/#primaryimage\"},\"thumbnailUrl\":\"https:\/\/instytutpolski.pl\/leipzig\/wp-content\/uploads\/sites\/29\/2020\/07\/UNESCO-Tarnowskie-G\u00f3ry-Stowarzyszenie-Mi\u0142o\u015bnik\u00f3w-Ziemi-Tarnog\u00f3rskiej.jpg\",\"datePublished\":\"2020-07-08T15:25:23+00:00\",\"dateModified\":\"2020-07-09T09:06:44+00:00\",\"breadcrumb\":{\"@id\":\"https:\/\/instytutpolski.pl\/leipzig\/polen-erleben\/unesco-welterbe-in-polen\/tarnowskie-gory\/#breadcrumb\"},\"inLanguage\":\"pl-PL\",\"potentialAction\":[{\"@type\":\"ReadAction\",\"target\":[\"https:\/\/instytutpolski.pl\/leipzig\/polen-erleben\/unesco-welterbe-in-polen\/tarnowskie-gory\/\"]}]},{\"@type\":\"ImageObject\",\"inLanguage\":\"pl-PL\",\"@id\":\"https:\/\/instytutpolski.pl\/leipzig\/polen-erleben\/unesco-welterbe-in-polen\/tarnowskie-gory\/#primaryimage\",\"url\":\"https:\/\/instytutpolski.pl\/leipzig\/wp-content\/uploads\/sites\/29\/2020\/07\/UNESCO-Tarnowskie-G\u00f3ry-Stowarzyszenie-Mi\u0142o\u015bnik\u00f3w-Ziemi-Tarnog\u00f3rskiej.jpg\",\"contentUrl\":\"https:\/\/instytutpolski.pl\/leipzig\/wp-content\/uploads\/sites\/29\/2020\/07\/UNESCO-Tarnowskie-G\u00f3ry-Stowarzyszenie-Mi\u0142o\u015bnik\u00f3w-Ziemi-Tarnog\u00f3rskiej.jpg\",\"width\":1385,\"height\":923},{\"@type\":\"BreadcrumbList\",\"@id\":\"https:\/\/instytutpolski.pl\/leipzig\/polen-erleben\/unesco-welterbe-in-polen\/tarnowskie-gory\/#breadcrumb\",\"itemListElement\":[{\"@type\":\"ListItem\",\"position\":1,\"name\":\"Home\",\"item\":\"https:\/\/instytutpolski.pl\/leipzig\/\"},{\"@type\":\"ListItem\",\"position\":2,\"name\":\"Polen erleben\",\"item\":\"https:\/\/instytutpolski.pl\/leipzig\/polen-erleben\/\"},{\"@type\":\"ListItem\",\"position\":3,\"name\":\"UNESCO-Welterbe in Polen\",\"item\":\"https:\/\/instytutpolski.pl\/leipzig\/polen-erleben\/unesco-welterbe-in-polen\/\"},{\"@type\":\"ListItem\",\"position\":4,\"name\":\"Tarnowskie G\u00f3ry\"}]},{\"@type\":\"WebSite\",\"@id\":\"https:\/\/instytutpolski.pl\/leipzig\/#website\",\"url\":\"https:\/\/instytutpolski.pl\/leipzig\/\",\"name\":\"Instytut Polski w Lipsku\",\"description\":\"Kolejna witryna sieci &#8222;Instytuty Polskie&#8221;\",\"potentialAction\":[{\"@type\":\"SearchAction\",\"target\":{\"@type\":\"EntryPoint\",\"urlTemplate\":\"https:\/\/instytutpolski.pl\/leipzig\/?s={search_term_string}\"},\"query-input\":{\"@type\":\"PropertyValueSpecification\",\"valueRequired\":true,\"valueName\":\"search_term_string\"}}],\"inLanguage\":\"pl-PL\"}]}<\/script>\n<!-- \/ Yoast SEO plugin. -->","yoast_head_json":{"title":"Tarnowskie G\u00f3ry - Instytut Polski w Lipsku","robots":{"index":"index","follow":"follow","max-snippet":"max-snippet:-1","max-image-preview":"max-image-preview:large","max-video-preview":"max-video-preview:-1"},"canonical":"https:\/\/instytutpolski.pl\/leipzig\/polen-erleben\/unesco-welterbe-in-polen\/tarnowskie-gory\/","og_locale":"pl_PL","og_type":"article","og_title":"Tarnowskie G\u00f3ry - Instytut Polski w Lipsku","og_description":"Die Blei-Silber-Zink-Mine in Tarnowskie G\u00f3ry (dt. Tarnowitz) befindet sich in Oberschlesien, einem der wichtigsten Bergbaugebiete Mitteleuropas. Die UNESCO-St\u00e4tte umfasst ein ganzes unterirdisches Bergwerk mit Stollen, Sch\u00e4chten, Galerien und der Wasserhaltung. \u00dcber Tage befindet sich eine Dampf-F\u00f6rdermaschine aus dem 19. Jahrhundert, die von dem unerm\u00fcdlichen Bem\u00fchen (seit \u00fcber 300 Jahren) zeugt, das Wasser aus dem Bergwerk [&hellip;]","og_url":"https:\/\/instytutpolski.pl\/leipzig\/polen-erleben\/unesco-welterbe-in-polen\/tarnowskie-gory\/","og_site_name":"Instytut Polski w Lipsku","article_modified_time":"2020-07-09T09:06:44+00:00","og_image":[{"width":1385,"height":923,"url":"https:\/\/instytutpolski.pl\/leipzig\/wp-content\/uploads\/sites\/29\/2020\/07\/UNESCO-Tarnowskie-G\u00f3ry-Stowarzyszenie-Mi\u0142o\u015bnik\u00f3w-Ziemi-Tarnog\u00f3rskiej.jpg","type":"image\/jpeg"}],"twitter_card":"summary_large_image","twitter_misc":{"Szacowany czas czytania":"2 minuty"},"schema":{"@context":"https:\/\/schema.org","@graph":[{"@type":"WebPage","@id":"https:\/\/instytutpolski.pl\/leipzig\/polen-erleben\/unesco-welterbe-in-polen\/tarnowskie-gory\/","url":"https:\/\/instytutpolski.pl\/leipzig\/polen-erleben\/unesco-welterbe-in-polen\/tarnowskie-gory\/","name":"Tarnowskie G\u00f3ry - Instytut Polski w Lipsku","isPartOf":{"@id":"https:\/\/instytutpolski.pl\/leipzig\/#website"},"primaryImageOfPage":{"@id":"https:\/\/instytutpolski.pl\/leipzig\/polen-erleben\/unesco-welterbe-in-polen\/tarnowskie-gory\/#primaryimage"},"image":{"@id":"https:\/\/instytutpolski.pl\/leipzig\/polen-erleben\/unesco-welterbe-in-polen\/tarnowskie-gory\/#primaryimage"},"thumbnailUrl":"https:\/\/instytutpolski.pl\/leipzig\/wp-content\/uploads\/sites\/29\/2020\/07\/UNESCO-Tarnowskie-G\u00f3ry-Stowarzyszenie-Mi\u0142o\u015bnik\u00f3w-Ziemi-Tarnog\u00f3rskiej.jpg","datePublished":"2020-07-08T15:25:23+00:00","dateModified":"2020-07-09T09:06:44+00:00","breadcrumb":{"@id":"https:\/\/instytutpolski.pl\/leipzig\/polen-erleben\/unesco-welterbe-in-polen\/tarnowskie-gory\/#breadcrumb"},"inLanguage":"pl-PL","potentialAction":[{"@type":"ReadAction","target":["https:\/\/instytutpolski.pl\/leipzig\/polen-erleben\/unesco-welterbe-in-polen\/tarnowskie-gory\/"]}]},{"@type":"ImageObject","inLanguage":"pl-PL","@id":"https:\/\/instytutpolski.pl\/leipzig\/polen-erleben\/unesco-welterbe-in-polen\/tarnowskie-gory\/#primaryimage","url":"https:\/\/instytutpolski.pl\/leipzig\/wp-content\/uploads\/sites\/29\/2020\/07\/UNESCO-Tarnowskie-G\u00f3ry-Stowarzyszenie-Mi\u0142o\u015bnik\u00f3w-Ziemi-Tarnog\u00f3rskiej.jpg","contentUrl":"https:\/\/instytutpolski.pl\/leipzig\/wp-content\/uploads\/sites\/29\/2020\/07\/UNESCO-Tarnowskie-G\u00f3ry-Stowarzyszenie-Mi\u0142o\u015bnik\u00f3w-Ziemi-Tarnog\u00f3rskiej.jpg","width":1385,"height":923},{"@type":"BreadcrumbList","@id":"https:\/\/instytutpolski.pl\/leipzig\/polen-erleben\/unesco-welterbe-in-polen\/tarnowskie-gory\/#breadcrumb","itemListElement":[{"@type":"ListItem","position":1,"name":"Home","item":"https:\/\/instytutpolski.pl\/leipzig\/"},{"@type":"ListItem","position":2,"name":"Polen erleben","item":"https:\/\/instytutpolski.pl\/leipzig\/polen-erleben\/"},{"@type":"ListItem","position":3,"name":"UNESCO-Welterbe in Polen","item":"https:\/\/instytutpolski.pl\/leipzig\/polen-erleben\/unesco-welterbe-in-polen\/"},{"@type":"ListItem","position":4,"name":"Tarnowskie G\u00f3ry"}]},{"@type":"WebSite","@id":"https:\/\/instytutpolski.pl\/leipzig\/#website","url":"https:\/\/instytutpolski.pl\/leipzig\/","name":"Instytut Polski w Lipsku","description":"Kolejna witryna sieci &#8222;Instytuty Polskie&#8221;","potentialAction":[{"@type":"SearchAction","target":{"@type":"EntryPoint","urlTemplate":"https:\/\/instytutpolski.pl\/leipzig\/?s={search_term_string}"},"query-input":{"@type":"PropertyValueSpecification","valueRequired":true,"valueName":"search_term_string"}}],"inLanguage":"pl-PL"}]}},"_links":{"self":[{"href":"https:\/\/instytutpolski.pl\/leipzig\/wp-json\/wp\/v2\/pages\/1447","targetHints":{"allow":["GET"]}}],"collection":[{"href":"https:\/\/instytutpolski.pl\/leipzig\/wp-json\/wp\/v2\/pages"}],"about":[{"href":"https:\/\/instytutpolski.pl\/leipzig\/wp-json\/wp\/v2\/types\/page"}],"author":[{"embeddable":true,"href":"https:\/\/instytutpolski.pl\/leipzig\/wp-json\/wp\/v2\/users\/79"}],"replies":[{"embeddable":true,"href":"https:\/\/instytutpolski.pl\/leipzig\/wp-json\/wp\/v2\/comments?post=1447"}],"version-history":[{"count":3,"href":"https:\/\/instytutpolski.pl\/leipzig\/wp-json\/wp\/v2\/pages\/1447\/revisions"}],"predecessor-version":[{"id":1500,"href":"https:\/\/instytutpolski.pl\/leipzig\/wp-json\/wp\/v2\/pages\/1447\/revisions\/1500"}],"up":[{"embeddable":true,"href":"https:\/\/instytutpolski.pl\/leipzig\/wp-json\/wp\/v2\/pages\/932"}],"wp:featuredmedia":[{"embeddable":true,"href":"https:\/\/instytutpolski.pl\/leipzig\/wp-json\/wp\/v2\/media\/1448"}],"wp:attachment":[{"href":"https:\/\/instytutpolski.pl\/leipzig\/wp-json\/wp\/v2\/media?parent=1447"}],"curies":[{"name":"wp","href":"https:\/\/api.w.org\/{rel}","templated":true}]}}