{"id":19105,"date":"2026-05-13T10:44:16","date_gmt":"2026-05-13T08:44:16","guid":{"rendered":"https:\/\/instytutpolski.pl\/leipzig\/?page_id=19105"},"modified":"2026-05-13T11:36:54","modified_gmt":"2026-05-13T09:36:54","slug":"cafe-ukraina","status":"publish","type":"page","link":"https:\/\/instytutpolski.pl\/leipzig\/ueber-uns\/cafe-ukraina\/","title":{"rendered":"Caf\u00e9 Ukra\u0457na"},"content":{"rendered":"\n<p>Seit jeher ist das Polnische Institut Berlin \u2013 Filiale Leipzig ein Ort europ\u00e4ischer Begegnungen, seit ca. 25 Jahren insbesondere auch mit Polens Nachbarland Ukraine. Davon zeugen Ausstellungen, Lesungen, Konzerte und Diskussionen. Besonders seit dem landesweiten russischen Angriffskrieg vom Februar 2022 ist das Institut verst\u00e4rkt Ort der Begegnung mit ukrainischer Kultur und mit Ukrainer*innen geworden. Gemeinsam mit dem Freundeskreis der Ukraine in Leipzig \u00f6ffnet es seit Juli 2024 seine R\u00e4ume f\u00fcr monatliche Treffen, bei denen die Ukraine im Mittelpunkt steht \u2013 mit Gespr\u00e4chsrunden, Autor*innenabenden, Filmvorf\u00fchrungen, Konzerten und vielem mehr. Sie bieten die Gelegenheit, im Kreise Gleichgesinnter zu sein und diesen Kreis zu erweitern.<\/p>\n<hr \/>\n<h5>\u0414\u043e\u0440\u043e\u0433\u0456 \u0414\u0440\u0443\u0437\u0456 \u0423\u043a\u0440\u0430\u0457\u043d\u0438!<\/h5>\n<h5>\u0410\u0433\u0440\u0435\u0441\u0438\u0432\u043d\u0430 \u0432\u0456\u0439\u043d\u0430 \u0440\u043e\u0441\u0456\u0457 \u043f\u0440\u043e\u0442\u0438 \u0423\u043a\u0440\u0430\u0457\u043d\u0438 \u0442\u0440\u0438\u0432\u0430\u0454 \u0432\u0436\u0435 12\u0439 \u0440\u0456\u043a, \u0442\u0430 \u0432\u0436\u0435 \u0447\u043e\u0442\u0438\u0440\u0438 \u0440\u043e\u043a\u0438 \u0442\u0440\u0438\u0432\u0430\u0454 \u043f\u043e\u0432\u043d\u043e\u043c\u0430\u0441\u0448\u0442\u0430\u0431\u043d\u0435 \u0432\u0442\u043e\u0440\u0433\u043d\u0435\u043d\u043d\u044f. \u041f\u0440\u043e\u0442\u044f\u0433\u043e\u043c \u0446\u044c\u043e\u0433\u043e \u0447\u0430\u0441\u0443 \u0442\u0432\u043e\u0440\u0438\u0442\u044c\u0441\u044f \u0456\u0441\u0442\u043e\u0440\u0456\u044f, \u043f\u043e\u0448\u0438\u0440\u044e\u0432\u0430\u0442\u0438 \u044f\u043a\u0443 \u0454 \u043d\u0435 \u0442\u0456\u043b\u044c\u043a\u0438 \u043d\u0430\u0448\u043e\u044e \u043f\u0440\u0438\u0432\u0456\u043b\u0435\u0454\u044e, \u044f\u043a \u0436\u0438\u0442\u0435\u043b\u0456\u0432 \u0404\u0432\u0440\u043e\u0435\u0439\u0441\u044c\u043e\u0433\u043e \u0421\u043e\u044e\u0437\u0443 \u0442\u0430 \u0432\u0456\u043b\u044c\u043d\u043e\u0433\u043e \u0441\u0432\u0456\u0442\u0443, \u0430\u043b\u0435 \u0456 \u0442\u0430\u043a\u043e\u0436 \u043d\u0430\u0448\u0438\u043c \u043e\u0431\u043e\u0432\u2019\u044f\u0437\u043a\u043e\u043c.<\/h5>\n<h5>\u041d\u0456\u0445\u0442\u043e. \u041d\u0435 \u043c\u0430\u0454. \u0417\u0430\u0431\u0443\u0442\u0438.<\/h5>\n<h5>\u0421\u0430\u043c\u0435 \u0442\u043e\u043c\u0443 der Freundeskreis der Ukraine in Leipzig \u043f\u043e\u0447\u0438\u043d\u0430\u0454 \u0440\u0435\u0433\u0443\u043b\u044f\u0440\u043d\u0456 \u0449\u043e\u043c\u0456\u0441\u044f\u0447\u043d\u0456 \u0437\u0443c\u0442\u0440\u0456\u0447\u0456, \u0434\u0435 \u043c\u0438 \u0443\u0441\u0456, \u0437\u043c\u043e\u0436\u0435\u043c\u043e \u043e\u0431\u0433\u043e\u0432\u043e\u0440\u0438\u0442\u0438 \u043f\u043e\u043b\u0456\u0442\u0438\u0447\u043d\u0443 \u0441\u0438\u0442\u0443\u0430\u0446\u0456\u044e, \u043f\u0456\u0437\u043d\u0430\u0442\u0438 \u0431\u0456\u043b\u044c\u0448\u0435 \u043f\u0440\u043e \u0456\u0441\u0442\u043e\u0440\u0456\u044e \u0442\u0430 \u043a\u0443\u043b\u044c\u0442\u0443\u0440\u0443 \u0423\u043a\u0440\u0430\u0457\u043d\u0438, \u0437\u0431\u0438\u0440\u0430\u0442\u0438 \u043f\u043e\u0436\u0435\u0440\u0442\u0432\u0438, \u043e\u043f\u0438\u043d\u0438\u0442\u0438\u0441\u044f \u0432 \u043a\u043e\u043b\u0456 \u043e\u0434\u043d\u043e\u0434\u0443\u043c\u0446\u0456\u0432, \u0442\u0430 \u0440\u043e\u0437\u0448\u0438\u0440\u044e\u0432\u0430\u0442\u0438 \u0446\u0435 \u043a\u043e\u043b\u043e!<\/h5>\n<h5>\u0423\u0441\u0456\u0445 \u0449\u0438\u0440\u043e \u0437\u0430\u043f\u0440\u043e\u0448\u0443\u0454\u043c\u043e!<br \/>\u0421\u043b\u0430\u0432\u0430 \u0423\u043a\u0440\u0430\u0457\u043d\u0456!<\/h5>\n<h5><br \/>***<\/h5>\n<h5><br \/>Liebe Freund*innen der Ukraine!<\/h5>\n<h5>Der aggressive und b\u00f6se Krieg Russlands gegen die Ukraine dauert bereits das zw\u00f6lfte Jahr und die Gro\u00dfe Invasion dauert seit vier Jahren an. In diesem Zeitraum wird Geschichte geschrieben und die Verbreitung dieser Geschichte ist nicht nur unser Vorrecht als Einwohner der Europ\u00e4ischen Union und der freien Welt, sondern auch unsere Pflicht.<\/h5>\n<h5>Niemand darf vergessen!<\/h5>\n<h5>Deswegen startet der Freundeskreis der Ukraine in Leipzig regelm\u00e4\u00dfige monatliche Meet-Ups. Bei diesen Treffen wird die politische Situation besprochen, Interessantes \u00fcber die Geschichte und Kultur der Ukraine vermittelt und Spenden gesammelt. Sie bieten die Gelegenheit, im Kreise Gleichgesinnter zu sein und diesen Kreis weiter zu erweitern.<\/h5>\n<h5>Alle sind herzlich eingeladen!<br \/>Slava Ukraini!<\/h5>\n<hr \/>\n<p><strong>Bisherige Veranstaltungen:<\/strong><\/p>\n<p>12.07.2024 \/ <a href=\"https:\/\/instytutpolski.pl\/leipzig\/2023\/07\/12\/cafe-ukraina\/\"><strong>Caf\u00e9 Ukra\u0457na #1: Auftakt zu monatlichen Meet-Ups<\/strong><\/a><br \/>mit dem ukrainischen S\u00e4nger <strong>The<\/strong> <strong>Collin<\/strong> und Mitgliedern des <strong>Freundeskreises Ukraine<\/strong> in Leipzig<\/p>\n<p>08.08.2024 \/ <strong>Caf\u00e9 Ukra<\/strong><strong>\u0457<\/strong><strong>na #2: Winter on Fire. Ukraines Fight for Freedom<br \/><\/strong>Film von <strong>Evgeny Afineevsky<\/strong> und Gespr\u00e4ch mit <strong>Anna Perepechai<\/strong>, <strong>Sonja Kalmykova<\/strong> und <strong>Kateryna Pikalova<\/strong><\/p>\n<p>17.09.2024 \/ <a href=\"https:\/\/instytutpolski.pl\/leipzig\/2023\/09\/17\/cafe-ukraina-3-prohasko\/\"><strong>Caf\u00e9 Ukra\u0457na #3: Multikulturelle Stadtgeschichten<\/strong><\/a><br \/>Online-Gespr\u00e4ch mit <strong>Jurko Prohasko<\/strong><\/p>\n<p>22.10.2024 \/ <a href=\"https:\/\/instytutpolski.pl\/leipzig\/2023\/10\/22\/cafe-ukraina-4\/\"><strong>Caf\u00e9 Ukra\u0457na #4: Witja Niemetz oder die Gebrauchsanleitung zur Reparatur eines Kompasses<\/strong><\/a><br \/>Romanvorstellung mit <strong>Ihor Doroshenko<\/strong><\/p>\n<p>23.11.2024 \/ <a href=\"https:\/\/instytutpolski.pl\/leipzig\/2023\/11\/23\/cafe-ukraina-5-holodomor\/\"><strong>Caf\u00e9 Ukra\u0457na #5: Holodomor<\/strong><\/a><br \/>Vortrag von <strong>Nathanael Wolff<\/strong><\/p>\n<p>13.12.2024 \/ <a href=\"https:\/\/instytutpolski.pl\/leipzig\/2023\/12\/13\/cafe-ukraina-6\/\"><strong>Caf\u00e9 Ukra<\/strong><strong>\u0457<\/strong><strong>na #6: <\/strong><strong>\u0420\u0456\u0437\u0434\u0432\u044f\u043d\u0435<\/strong><\/a><br \/>Ukrainische Weihnachten<\/p>\n<p>21.02.2025 \/ <a href=\"https:\/\/instytutpolski.pl\/leipzig\/2024\/02\/21\/cafe-ukraina-7\/\"><strong>Caf\u00e9 Ukra<\/strong><strong>\u0457<\/strong><strong>na #7: Freedom on Fire. Ukraine\u2018s Fight for Freedom<\/strong><\/a><br \/>Film von <strong>Evgeny Afineevsky<\/strong><\/p>\n<p>14.03.2025 \/ <a href=\"https:\/\/instytutpolski.pl\/leipzig\/2024\/03\/14\/cafe-ukra%d1%97na-8\/\"><strong>Caf\u00e9 Ukra\u0457na #8: Feminismus in der Ukraine<\/strong><\/a><br \/>Gespr\u00e4ch zum Internationalen Frauentag<\/p>\n<p>25.04.2025 \/ <a href=\"https:\/\/instytutpolski.pl\/leipzig\/2024\/04\/25\/cafe-ukraina-9\/\"><strong>Caf\u00e9 Ukra<\/strong><strong>\u0457<\/strong><strong>na #9: Victoria&#8217;s Voice: Diary of an Abducted Teacher<\/strong><\/a><br \/>Filmabend und Online-Diskussion mit <strong>Dana Mehedova<\/strong>, <strong>Anna Trushova<\/strong>, <strong>Lyudmila Huseynova<\/strong> und <strong>Mykhailo Savva<\/strong><\/p>\n<p>14.05.2025 \/ <a href=\"https:\/\/instytutpolski.pl\/leipzig\/2024\/05\/14\/cafe-ukraina-10-faktencheck\/\"><strong>Caf\u00e9 Ukra<\/strong><strong>\u0457<\/strong><strong>na #10: Faktencheck<\/strong><\/a><br \/><strong>Dr. Sven Jaros<\/strong> und <strong>Alexandra Kolesnikova<\/strong> sprechen \u00fcber historische Fakten und Propagandamythen<\/p>\n<p>27.06.2025 \/ <a href=\"https:\/\/instytutpolski.pl\/leipzig\/2024\/06\/27\/cafe-ukraina-11-lgbt-in-der-ukraine\/\"><strong>Caf\u00e9 Ukra<\/strong><strong>\u0457<\/strong><strong>na #11: LGBT+ in der Ukraine<\/strong><\/a><br \/>Online-Gespr\u00e4ch mit dem Aktivisten <strong>Borys Hrachov<\/strong><\/p>\n<p>22.08.2025 \/ <strong>Caf\u00e9 Ukra\u0457na #12: Freiheit, Frieden, Verteidigung: Leipziger*innen solidarisch mit der Ukraine<\/strong> (im Gr\u00fcnen Quartier)<br \/>Referent*innen: <strong>Uwe Schwabe<\/strong>, <strong>Katja Schladitz<\/strong> und <strong>Sebastian Rother<\/strong><\/p>\n<p>04.09.2025 \/ <a href=\"https:\/\/instytutpolski.pl\/leipzig\/2024\/09\/04\/cafe-ukraina-13-nichts-wird-mehr-so-sein-wie-frueher\/\"><strong>Caf\u00e9 Ukra<\/strong><strong>\u0457<\/strong><strong>na #13: Nichts wird mehr so sein wie fr\u00fcher. Alles braucht Mut.<\/strong><\/a><br \/>Ukrainische Lyrik in Zeiten des Krieges \u2013 literarisch-musikalischer Abend mit <strong>Viktoria Lel\u00e9ka<\/strong> und <strong>Jan Uplegger<\/strong><\/p>\n<p>20.10.2025 \/ <a href=\"https:\/\/instytutpolski.pl\/leipzig\/2024\/10\/20\/cafe-ukraina-14\/\"><strong>Caf\u00e9 Ukra\u0457na #14: Wie erkennt man russische Propaganda?<\/strong><\/a><br \/>Lesung und Diskussion mit der Journalistin und Medienexpertin <strong>Iryna Avramenko<\/strong><\/p>\n<p>28.11.2025 \/ <a href=\"https:\/\/instytutpolski.pl\/leipzig\/2024\/11\/28\/cafe-ukraina-15-red-secrets\/\"><strong>Caf\u00e9 Ukra\u0457na #15: Red Secrets. Im Fadenkreuz Stalins<\/strong><\/a><br \/>Drama von <strong>Agnieszka Holland<\/strong> \u00fcber den Holodomor<\/p>\n<p>22.12.2025 \/ <a href=\"https:\/\/instytutpolski.pl\/leipzig\/2024\/12\/22\/cafe-ukraina-16-weihnachten\/\"><strong>Caf\u00e9 Ukra\u0457na #16: Deutsch-polnisch-ukrainische Weihnachten<\/strong><\/a><br \/>Lieder, Vortrag von <strong>Sonja Kalmykova<\/strong> und Spezialit\u00e4ten von der <strong>Radical Kunst Force<\/strong><\/p>\n<p>23.02.2026 \/ <a href=\"https:\/\/www.ui-deref.de\/r\/?to=https:\/\/instytutpolski.pl\/leipzig\/2025\/02\/23\/cafe-ukraina-17-krim\/&amp;tt1=mL4uADE1uiODfwrLP8_vbh9mjW-4ww9Hjg9rx66TMyklBQNqpXUDaibEWSCxV8xL1FG2E8Ugwf8JQUDamVkZACBvwFBjSExfpnkwiSXBvIE\"><strong>Caf\u00e9 Ukra<\/strong><strong>\u0457<\/strong><strong>na #17: Zeugnisse vom Leben auf der Krim<\/strong><\/a><br \/>Ausstellungser\u00f6ffnung von <strong>Aider Khatipov<\/strong> und Gespr\u00e4ch mit <strong>Olena Bogatyrenko<\/strong>, <strong>Elnara Nuriieva-Lietova<\/strong> und <strong>Sonja Kalmykova<\/strong><\/p>\n<p>30.03.2026 \/ <a href=\"https:\/\/www.ui-deref.de\/r\/?to=https:\/\/instytutpolski.pl\/leipzig\/2025\/03\/30\/cafe-ukraina-18-der-lange-februar\/&amp;tt1=RlNPlx3yUsYy5_B6DmfwErOjDJWvgxXZ1cYadtmnILElBQNqpXUDauOnTteXO1Hv8R44bftLQf0JQUDamVkZACBvwFBjSExfpnkwiSXBvIE\"><strong>Caf\u00e9 Ukra<\/strong><strong>\u0457<\/strong><strong>na #18: Der lange Februar. Was geschah in Butscha?<\/strong><\/a><br \/>Dokumentarfilm von <strong>Michael Stadnik<\/strong> &amp; Gespr\u00e4ch<\/p>\n<p>27.04.2026 \/ <a href=\"https:\/\/www.ui-deref.de\/r\/?to=https:\/\/instytutpolski.pl\/leipzig\/2025\/04\/27\/cafe-ukraina-19-makohon\/&amp;tt1=EZCeWk4FOhK4vyhVJ2PBtKzSwf4vIOKNSmOxNStucvslBQNqpXUDalOJ2r67ohC9bG1eKWkyebsJQUDamVkZACBvwFBjSExfpnkwiSXBvIE\"><strong>Caf\u00e9 Ukra<\/strong><strong>\u0457<\/strong><strong>na #19: Dr. Oksana Makohon<\/strong><\/a><br \/>Gespr\u00e4ch mit der Aktivistin \u00fcber die ukrainische Diaspora in Deutschland<\/p>\n<p>22.04.2026 \/<strong> <a href=\"https:\/\/instytutpolski.pl\/leipzig\/2026\/05\/13\/cafe-ukraina-20-frauenstimmen-der-echten-krim\/\">Caf\u00e9 Ukra\u0457na #20: Frauenstimmen der echten Krim<\/a><br \/><\/strong>Lesung und Diskussion mit den Autorinnen <strong>Olena Bogatyrenko<\/strong> und <strong>Elnara Nuriieva-Letova<\/strong><\/p>\n<p>\u00a0<\/p>\n<hr \/>\n\n\n\n<p><\/p>\n","protected":false},"excerpt":{"rendered":"<p>Seit jeher ist das Polnische Institut Berlin \u2013 Filiale Leipzig ein Ort europ\u00e4ischer Begegnungen, seit ca. 25 Jahren insbesondere auch mit Polens Nachbarland Ukraine. Davon zeugen Ausstellungen, Lesungen, Konzerte und Diskussionen. Besonders seit dem landesweiten russischen Angriffskrieg vom Februar 2022 ist das Institut verst\u00e4rkt Ort der Begegnung mit ukrainischer Kultur und mit Ukrainer*innen geworden. Gemeinsam [&hellip;]<\/p>\n","protected":false},"author":79,"featured_media":19121,"parent":138,"menu_order":0,"comment_status":"closed","ping_status":"closed","template":"","meta":{"inline_featured_image":false,"_monsterinsights_skip_tracking":false,"_monsterinsights_sitenote_active":false,"_monsterinsights_sitenote_note":"","_monsterinsights_sitenote_category":0,"footnotes":""},"class_list":["post-19105","page","type-page","status-publish","has-post-thumbnail","hentry"],"yoast_head":"<!-- This site is optimized with the Yoast SEO plugin v24.6 - https:\/\/yoast.com\/wordpress\/plugins\/seo\/ -->\n<title>Caf\u00e9 Ukra\u0457na - Instytut Polski w Lipsku<\/title>\n<meta name=\"robots\" content=\"index, follow, max-snippet:-1, max-image-preview:large, max-video-preview:-1\" \/>\n<link rel=\"canonical\" href=\"https:\/\/instytutpolski.pl\/leipzig\/ueber-uns\/cafe-ukraina\/\" \/>\n<meta property=\"og:locale\" content=\"pl_PL\" \/>\n<meta property=\"og:type\" content=\"article\" \/>\n<meta property=\"og:title\" content=\"Caf\u00e9 Ukra\u0457na - Instytut Polski w Lipsku\" \/>\n<meta property=\"og:description\" content=\"Seit jeher ist das Polnische Institut Berlin \u2013 Filiale Leipzig ein Ort europ\u00e4ischer Begegnungen, seit ca. 25 Jahren insbesondere auch mit Polens Nachbarland Ukraine. Davon zeugen Ausstellungen, Lesungen, Konzerte und Diskussionen. Besonders seit dem landesweiten russischen Angriffskrieg vom Februar 2022 ist das Institut verst\u00e4rkt Ort der Begegnung mit ukrainischer Kultur und mit Ukrainer*innen geworden. Gemeinsam [&hellip;]\" \/>\n<meta property=\"og:url\" content=\"https:\/\/instytutpolski.pl\/leipzig\/ueber-uns\/cafe-ukraina\/\" \/>\n<meta property=\"og:site_name\" content=\"Instytut Polski w Lipsku\" \/>\n<meta property=\"article:modified_time\" content=\"2026-05-13T09:36:54+00:00\" \/>\n<meta property=\"og:image\" content=\"https:\/\/instytutpolski.pl\/leipzig\/wp-content\/uploads\/sites\/29\/2026\/05\/Cafe-Ukraina-Programmarchiv_1000.jpg\" \/>\n\t<meta property=\"og:image:width\" content=\"1000\" \/>\n\t<meta property=\"og:image:height\" content=\"538\" \/>\n\t<meta property=\"og:image:type\" content=\"image\/jpeg\" \/>\n<meta name=\"twitter:card\" content=\"summary_large_image\" \/>\n<meta name=\"twitter:label1\" content=\"Szacowany czas czytania\" \/>\n\t<meta name=\"twitter:data1\" content=\"5 minut\" \/>\n<script type=\"application\/ld+json\" class=\"yoast-schema-graph\">{\"@context\":\"https:\/\/schema.org\",\"@graph\":[{\"@type\":\"WebPage\",\"@id\":\"https:\/\/instytutpolski.pl\/leipzig\/ueber-uns\/cafe-ukraina\/\",\"url\":\"https:\/\/instytutpolski.pl\/leipzig\/ueber-uns\/cafe-ukraina\/\",\"name\":\"Caf\u00e9 Ukra\u0457na - Instytut Polski w Lipsku\",\"isPartOf\":{\"@id\":\"https:\/\/instytutpolski.pl\/leipzig\/#website\"},\"primaryImageOfPage\":{\"@id\":\"https:\/\/instytutpolski.pl\/leipzig\/ueber-uns\/cafe-ukraina\/#primaryimage\"},\"image\":{\"@id\":\"https:\/\/instytutpolski.pl\/leipzig\/ueber-uns\/cafe-ukraina\/#primaryimage\"},\"thumbnailUrl\":\"https:\/\/instytutpolski.pl\/leipzig\/wp-content\/uploads\/sites\/29\/2026\/05\/Cafe-Ukraina-Programmarchiv_1000.jpg\",\"datePublished\":\"2026-05-13T08:44:16+00:00\",\"dateModified\":\"2026-05-13T09:36:54+00:00\",\"breadcrumb\":{\"@id\":\"https:\/\/instytutpolski.pl\/leipzig\/ueber-uns\/cafe-ukraina\/#breadcrumb\"},\"inLanguage\":\"pl-PL\",\"potentialAction\":[{\"@type\":\"ReadAction\",\"target\":[\"https:\/\/instytutpolski.pl\/leipzig\/ueber-uns\/cafe-ukraina\/\"]}]},{\"@type\":\"ImageObject\",\"inLanguage\":\"pl-PL\",\"@id\":\"https:\/\/instytutpolski.pl\/leipzig\/ueber-uns\/cafe-ukraina\/#primaryimage\",\"url\":\"https:\/\/instytutpolski.pl\/leipzig\/wp-content\/uploads\/sites\/29\/2026\/05\/Cafe-Ukraina-Programmarchiv_1000.jpg\",\"contentUrl\":\"https:\/\/instytutpolski.pl\/leipzig\/wp-content\/uploads\/sites\/29\/2026\/05\/Cafe-Ukraina-Programmarchiv_1000.jpg\",\"width\":1000,\"height\":538},{\"@type\":\"BreadcrumbList\",\"@id\":\"https:\/\/instytutpolski.pl\/leipzig\/ueber-uns\/cafe-ukraina\/#breadcrumb\",\"itemListElement\":[{\"@type\":\"ListItem\",\"position\":1,\"name\":\"Home\",\"item\":\"https:\/\/instytutpolski.pl\/leipzig\/\"},{\"@type\":\"ListItem\",\"position\":2,\"name\":\"\u00dcber uns\",\"item\":\"https:\/\/instytutpolski.pl\/leipzig\/ueber-uns\/\"},{\"@type\":\"ListItem\",\"position\":3,\"name\":\"Caf\u00e9 Ukra\u0457na\"}]},{\"@type\":\"WebSite\",\"@id\":\"https:\/\/instytutpolski.pl\/leipzig\/#website\",\"url\":\"https:\/\/instytutpolski.pl\/leipzig\/\",\"name\":\"Instytut Polski w Lipsku\",\"description\":\"Kolejna witryna sieci &#8222;Instytuty Polskie&#8221;\",\"potentialAction\":[{\"@type\":\"SearchAction\",\"target\":{\"@type\":\"EntryPoint\",\"urlTemplate\":\"https:\/\/instytutpolski.pl\/leipzig\/?s={search_term_string}\"},\"query-input\":{\"@type\":\"PropertyValueSpecification\",\"valueRequired\":true,\"valueName\":\"search_term_string\"}}],\"inLanguage\":\"pl-PL\"}]}<\/script>\n<!-- \/ Yoast SEO plugin. -->","yoast_head_json":{"title":"Caf\u00e9 Ukra\u0457na - Instytut Polski w Lipsku","robots":{"index":"index","follow":"follow","max-snippet":"max-snippet:-1","max-image-preview":"max-image-preview:large","max-video-preview":"max-video-preview:-1"},"canonical":"https:\/\/instytutpolski.pl\/leipzig\/ueber-uns\/cafe-ukraina\/","og_locale":"pl_PL","og_type":"article","og_title":"Caf\u00e9 Ukra\u0457na - Instytut Polski w Lipsku","og_description":"Seit jeher ist das Polnische Institut Berlin \u2013 Filiale Leipzig ein Ort europ\u00e4ischer Begegnungen, seit ca. 25 Jahren insbesondere auch mit Polens Nachbarland Ukraine. Davon zeugen Ausstellungen, Lesungen, Konzerte und Diskussionen. Besonders seit dem landesweiten russischen Angriffskrieg vom Februar 2022 ist das Institut verst\u00e4rkt Ort der Begegnung mit ukrainischer Kultur und mit Ukrainer*innen geworden. Gemeinsam [&hellip;]","og_url":"https:\/\/instytutpolski.pl\/leipzig\/ueber-uns\/cafe-ukraina\/","og_site_name":"Instytut Polski w Lipsku","article_modified_time":"2026-05-13T09:36:54+00:00","og_image":[{"width":1000,"height":538,"url":"https:\/\/instytutpolski.pl\/leipzig\/wp-content\/uploads\/sites\/29\/2026\/05\/Cafe-Ukraina-Programmarchiv_1000.jpg","type":"image\/jpeg"}],"twitter_card":"summary_large_image","twitter_misc":{"Szacowany czas czytania":"5 minut"},"schema":{"@context":"https:\/\/schema.org","@graph":[{"@type":"WebPage","@id":"https:\/\/instytutpolski.pl\/leipzig\/ueber-uns\/cafe-ukraina\/","url":"https:\/\/instytutpolski.pl\/leipzig\/ueber-uns\/cafe-ukraina\/","name":"Caf\u00e9 Ukra\u0457na - Instytut Polski w Lipsku","isPartOf":{"@id":"https:\/\/instytutpolski.pl\/leipzig\/#website"},"primaryImageOfPage":{"@id":"https:\/\/instytutpolski.pl\/leipzig\/ueber-uns\/cafe-ukraina\/#primaryimage"},"image":{"@id":"https:\/\/instytutpolski.pl\/leipzig\/ueber-uns\/cafe-ukraina\/#primaryimage"},"thumbnailUrl":"https:\/\/instytutpolski.pl\/leipzig\/wp-content\/uploads\/sites\/29\/2026\/05\/Cafe-Ukraina-Programmarchiv_1000.jpg","datePublished":"2026-05-13T08:44:16+00:00","dateModified":"2026-05-13T09:36:54+00:00","breadcrumb":{"@id":"https:\/\/instytutpolski.pl\/leipzig\/ueber-uns\/cafe-ukraina\/#breadcrumb"},"inLanguage":"pl-PL","potentialAction":[{"@type":"ReadAction","target":["https:\/\/instytutpolski.pl\/leipzig\/ueber-uns\/cafe-ukraina\/"]}]},{"@type":"ImageObject","inLanguage":"pl-PL","@id":"https:\/\/instytutpolski.pl\/leipzig\/ueber-uns\/cafe-ukraina\/#primaryimage","url":"https:\/\/instytutpolski.pl\/leipzig\/wp-content\/uploads\/sites\/29\/2026\/05\/Cafe-Ukraina-Programmarchiv_1000.jpg","contentUrl":"https:\/\/instytutpolski.pl\/leipzig\/wp-content\/uploads\/sites\/29\/2026\/05\/Cafe-Ukraina-Programmarchiv_1000.jpg","width":1000,"height":538},{"@type":"BreadcrumbList","@id":"https:\/\/instytutpolski.pl\/leipzig\/ueber-uns\/cafe-ukraina\/#breadcrumb","itemListElement":[{"@type":"ListItem","position":1,"name":"Home","item":"https:\/\/instytutpolski.pl\/leipzig\/"},{"@type":"ListItem","position":2,"name":"\u00dcber uns","item":"https:\/\/instytutpolski.pl\/leipzig\/ueber-uns\/"},{"@type":"ListItem","position":3,"name":"Caf\u00e9 Ukra\u0457na"}]},{"@type":"WebSite","@id":"https:\/\/instytutpolski.pl\/leipzig\/#website","url":"https:\/\/instytutpolski.pl\/leipzig\/","name":"Instytut Polski w Lipsku","description":"Kolejna witryna sieci &#8222;Instytuty Polskie&#8221;","potentialAction":[{"@type":"SearchAction","target":{"@type":"EntryPoint","urlTemplate":"https:\/\/instytutpolski.pl\/leipzig\/?s={search_term_string}"},"query-input":{"@type":"PropertyValueSpecification","valueRequired":true,"valueName":"search_term_string"}}],"inLanguage":"pl-PL"}]}},"_links":{"self":[{"href":"https:\/\/instytutpolski.pl\/leipzig\/wp-json\/wp\/v2\/pages\/19105","targetHints":{"allow":["GET"]}}],"collection":[{"href":"https:\/\/instytutpolski.pl\/leipzig\/wp-json\/wp\/v2\/pages"}],"about":[{"href":"https:\/\/instytutpolski.pl\/leipzig\/wp-json\/wp\/v2\/types\/page"}],"author":[{"embeddable":true,"href":"https:\/\/instytutpolski.pl\/leipzig\/wp-json\/wp\/v2\/users\/79"}],"replies":[{"embeddable":true,"href":"https:\/\/instytutpolski.pl\/leipzig\/wp-json\/wp\/v2\/comments?post=19105"}],"version-history":[{"count":20,"href":"https:\/\/instytutpolski.pl\/leipzig\/wp-json\/wp\/v2\/pages\/19105\/revisions"}],"predecessor-version":[{"id":19130,"href":"https:\/\/instytutpolski.pl\/leipzig\/wp-json\/wp\/v2\/pages\/19105\/revisions\/19130"}],"up":[{"embeddable":true,"href":"https:\/\/instytutpolski.pl\/leipzig\/wp-json\/wp\/v2\/pages\/138"}],"wp:featuredmedia":[{"embeddable":true,"href":"https:\/\/instytutpolski.pl\/leipzig\/wp-json\/wp\/v2\/media\/19121"}],"wp:attachment":[{"href":"https:\/\/instytutpolski.pl\/leipzig\/wp-json\/wp\/v2\/media?parent=19105"}],"curies":[{"name":"wp","href":"https:\/\/api.w.org\/{rel}","templated":true}]}}