{"id":2712,"date":"2020-11-04T11:29:00","date_gmt":"2020-11-04T10:29:00","guid":{"rendered":"https:\/\/instytutpolski.pl\/leipzig\/?page_id=2712"},"modified":"2025-10-20T11:27:20","modified_gmt":"2025-10-20T09:27:20","slug":"jablonowski-vorlesung","status":"publish","type":"page","link":"https:\/\/instytutpolski.pl\/leipzig\/ueber-uns\/jablonowski-vorlesung\/","title":{"rendered":"Jab\u0142onowski-Vorlesung"},"content":{"rendered":"\n<p>Am 11. November, dem polnischen Unabh\u00e4ngigkeitstag, wird bei der \u201e<strong>Jab\u0142onowski-Vorlesung<\/strong>\u201c an die Wiedererlangung der Unabh\u00e4ngigkeit im Jahr 1918 erinnert und des F\u00fcrsten J\u00f3zef Aleksander Jab\u0142onowski gedacht, der 1769 in Leipzig die \u00e4lteste noch bestehende Gelehrtengesellschaft zur F\u00f6rderung deutsch-polnischer Wissenschafts- und Kulturbeziehungen \u2013 die <a href=\"https:\/\/home.uni-leipzig.de\/jablonov\/\">Societas Jablonoviana<\/a> \u2013 gr\u00fcndete. Im Rahmen der \u201eJab\u0142onowski-Vorlesung&#8221; werden die neusten Entwicklungen in den polnischen Naturwissenschaften vorgestellt.<\/p>\n<p>Die Reihe wurde am 11.11.2013 mit dem Vortrag \u201e<strong>Science in Poland \u2013 the tradition and the present<\/strong>\u201c von Prof. Dr. habil. Andrzej Kajetan Wr\u00f3blewski er\u00f6ffnet. Am 11.11.2014 sprach Prof. Dr. Sylwester Porowski \u00fcber das Thema \u201e<strong>Polish Contribution To New Generation Of Light Sources<\/strong>\u201c. Am 13.11.2015 berichtete Prof. Dr. Karol My\u015bliwiec (Polnische Akademie der Wissenschaften, Warschau) \u00fcber \u201e<strong>Die \u00e4lteste Pyramide der Welt in Sakkara \u2013 polnische Ausgrabungen<\/strong>\u201c. Die vierte Vorlesung von Prof. Dr. Christian L\u00fcbke am 10.11.2016 widmete sich dem Thema \u201e<strong>1050 Jahre Taufe Mieszkos und der Beginn der Christianisierung Polens. Der Blick des s\u00e4chsischen Chronisten Thietmar von Merseburg auf die Ereignisse<\/strong>\u201c. Am 14.11.2017 widmete sich Tomasz Herbig dem Thema \u201e<strong>Archeology without digging. New methods in the study of ancient Egyptian towns<\/strong>\u201c. Der Titel des Vortrags von Prof. Dr. hab. Wies\u0142aw Bogdanowicz am 26.11.2018 lautete \u201e<strong>Nicolaus Copernicus Code Mystery<\/strong>\u201c. Am 07.11.2019 sprach Prof. Dr. habil. Marcin Wo\u0142oszyn \u00fcber das Thema \u201e<strong>Sch\u00e4tze, Krieger, Handelszentren. Die Arch\u00e4ologie der \u010cervenischen Burgen im Osten Polens<\/strong>\u201c. Wegen der Corona-Pandemie konnte der Vortrag \u201e<a href=\"https:\/\/instytutpolski.pl\/leipzig\/2019\/11\/13\/the-biggest-one\/\"><strong>The Biggest One. The Spanish Flu Pandemic on the Threshold of Independent Poland<\/strong><\/a>\u201c von \u0141ukasz Mieszkowski am 13.11.2020 nur online stattfinden. Ebenfalls online sprach Prof. Dr. hab. Roman S\u0142owi\u0144ski am 11.11.2021 \u00fcber das Thema \u201e<a href=\"https:\/\/instytutpolski.pl\/leipzig\/2020\/11\/11\/9-jablonowski-vorlesung-kunstliche-intelligenz\/\"><strong>K\u00fcnstliche Intelligenz als Faktor technologischer Innovation und Forschung<\/strong><\/a>\u201c. Der Vortrag \u201e<a href=\"https:\/\/instytutpolski.pl\/leipzig\/2021\/11\/11\/sachsen-und-polen-im-19-jahrhundert\/\"><strong>Sachsen und Polen im 19. Jahrhundert<\/strong><\/a>\u201c von Prof. Dr. Igor K\u0105kolewski am 11.11.2022 war wieder eine Pr\u00e4senzveranstaltung, ebenso wie der Vortrag \u201e<a href=\"https:\/\/instytutpolski.pl\/leipzig\/2022\/11\/10\/11-jablonowski-vorlesung-wasser\/\"><strong>Wasser \u2013 Dilemmata und Herausforderungen der Wissenschaft f\u00fcr Polen und weltweit<\/strong><\/a>\u201c von Prof. Dr. habil. Pawe\u0142 Rowi\u0144ski am 10.11.2023. Zum 250. Jubil\u00e4um der Societas Jablonoviana sprach Prof. Dr. Andrzej Betlej am 15.11.2024 \u00fcber \u201e<a href=\"https:\/\/instytutpolski.pl\/leipzig\/2023\/11\/15\/kunststiftungen-der-polnischen-adelsfamilie-jablonowski\/\"><strong>Kunststiftungen der polnischen Adelsfamilie Jab\u0142onowski im 18. Jahrhundert<\/strong><\/a>\u201c. Am 11.11.2025 spricht Prof. Dr. Maciej G\u00f3rny unter dem Titel <strong>\u201e<a href=\"https:\/\/instytutpolski.pl\/leipzig\/2024\/11\/11\/13-jablonowski-vorlesung-gegen-die-temporare-wahrheit\/\">Gegen die tempor\u00e4re Wahrheit<\/a>\u201c<\/strong> \u00fcber ostmitteleurop\u00e4ische Wissenschaftler im Dialog mit deutschen Rassentheorien.<\/p>\n\n\n\n<p><\/p>\n","protected":false},"excerpt":{"rendered":"<p>Am 11. November, dem polnischen Unabh\u00e4ngigkeitstag, wird bei der \u201eJab\u0142onowski-Vorlesung\u201c an die Wiedererlangung der Unabh\u00e4ngigkeit im Jahr 1918 erinnert und des F\u00fcrsten J\u00f3zef Aleksander Jab\u0142onowski gedacht, der 1769 in Leipzig die \u00e4lteste noch bestehende Gelehrtengesellschaft zur F\u00f6rderung deutsch-polnischer Wissenschafts- und Kulturbeziehungen \u2013 die Societas Jablonoviana \u2013 gr\u00fcndete. Im Rahmen der \u201eJab\u0142onowski-Vorlesung&#8221; werden die neusten Entwicklungen [&hellip;]<\/p>\n","protected":false},"author":79,"featured_media":2699,"parent":138,"menu_order":0,"comment_status":"closed","ping_status":"closed","template":"","meta":{"inline_featured_image":false,"_monsterinsights_skip_tracking":false,"_monsterinsights_sitenote_active":false,"_monsterinsights_sitenote_note":"","_monsterinsights_sitenote_category":0,"footnotes":""},"class_list":["post-2712","page","type-page","status-publish","has-post-thumbnail","hentry"],"yoast_head":"<!-- This site is optimized with the Yoast SEO plugin v24.6 - https:\/\/yoast.com\/wordpress\/plugins\/seo\/ -->\n<title>Jab\u0142onowski-Vorlesung - Instytut Polski w Lipsku<\/title>\n<meta name=\"robots\" content=\"index, follow, max-snippet:-1, max-image-preview:large, max-video-preview:-1\" \/>\n<link rel=\"canonical\" href=\"https:\/\/instytutpolski.pl\/leipzig\/ueber-uns\/jablonowski-vorlesung\/\" \/>\n<meta property=\"og:locale\" content=\"pl_PL\" \/>\n<meta property=\"og:type\" content=\"article\" \/>\n<meta property=\"og:title\" content=\"Jab\u0142onowski-Vorlesung - Instytut Polski w Lipsku\" \/>\n<meta property=\"og:description\" content=\"Am 11. November, dem polnischen Unabh\u00e4ngigkeitstag, wird bei der \u201eJab\u0142onowski-Vorlesung\u201c an die Wiedererlangung der Unabh\u00e4ngigkeit im Jahr 1918 erinnert und des F\u00fcrsten J\u00f3zef Aleksander Jab\u0142onowski gedacht, der 1769 in Leipzig die \u00e4lteste noch bestehende Gelehrtengesellschaft zur F\u00f6rderung deutsch-polnischer Wissenschafts- und Kulturbeziehungen \u2013 die Societas Jablonoviana \u2013 gr\u00fcndete. Im Rahmen der \u201eJab\u0142onowski-Vorlesung&#8221; werden die neusten Entwicklungen [&hellip;]\" \/>\n<meta property=\"og:url\" content=\"https:\/\/instytutpolski.pl\/leipzig\/ueber-uns\/jablonowski-vorlesung\/\" \/>\n<meta property=\"og:site_name\" content=\"Instytut Polski w Lipsku\" \/>\n<meta property=\"article:modified_time\" content=\"2025-10-20T09:27:20+00:00\" \/>\n<meta property=\"og:image\" content=\"https:\/\/instytutpolski.pl\/leipzig\/wp-content\/uploads\/sites\/29\/2020\/11\/Logo-Societas.jpg\" \/>\n\t<meta property=\"og:image:width\" content=\"340\" \/>\n\t<meta property=\"og:image:height\" content=\"340\" \/>\n\t<meta property=\"og:image:type\" content=\"image\/jpeg\" \/>\n<meta name=\"twitter:card\" content=\"summary_large_image\" \/>\n<meta name=\"twitter:label1\" content=\"Szacowany czas czytania\" \/>\n\t<meta name=\"twitter:data1\" content=\"3 minuty\" \/>\n<script type=\"application\/ld+json\" class=\"yoast-schema-graph\">{\"@context\":\"https:\/\/schema.org\",\"@graph\":[{\"@type\":\"WebPage\",\"@id\":\"https:\/\/instytutpolski.pl\/leipzig\/ueber-uns\/jablonowski-vorlesung\/\",\"url\":\"https:\/\/instytutpolski.pl\/leipzig\/ueber-uns\/jablonowski-vorlesung\/\",\"name\":\"Jab\u0142onowski-Vorlesung - Instytut Polski w Lipsku\",\"isPartOf\":{\"@id\":\"https:\/\/instytutpolski.pl\/leipzig\/#website\"},\"primaryImageOfPage\":{\"@id\":\"https:\/\/instytutpolski.pl\/leipzig\/ueber-uns\/jablonowski-vorlesung\/#primaryimage\"},\"image\":{\"@id\":\"https:\/\/instytutpolski.pl\/leipzig\/ueber-uns\/jablonowski-vorlesung\/#primaryimage\"},\"thumbnailUrl\":\"https:\/\/instytutpolski.pl\/leipzig\/wp-content\/uploads\/sites\/29\/2020\/11\/Logo-Societas.jpg\",\"datePublished\":\"2020-11-04T10:29:00+00:00\",\"dateModified\":\"2025-10-20T09:27:20+00:00\",\"breadcrumb\":{\"@id\":\"https:\/\/instytutpolski.pl\/leipzig\/ueber-uns\/jablonowski-vorlesung\/#breadcrumb\"},\"inLanguage\":\"pl-PL\",\"potentialAction\":[{\"@type\":\"ReadAction\",\"target\":[\"https:\/\/instytutpolski.pl\/leipzig\/ueber-uns\/jablonowski-vorlesung\/\"]}]},{\"@type\":\"ImageObject\",\"inLanguage\":\"pl-PL\",\"@id\":\"https:\/\/instytutpolski.pl\/leipzig\/ueber-uns\/jablonowski-vorlesung\/#primaryimage\",\"url\":\"https:\/\/instytutpolski.pl\/leipzig\/wp-content\/uploads\/sites\/29\/2020\/11\/Logo-Societas.jpg\",\"contentUrl\":\"https:\/\/instytutpolski.pl\/leipzig\/wp-content\/uploads\/sites\/29\/2020\/11\/Logo-Societas.jpg\",\"width\":340,\"height\":340},{\"@type\":\"BreadcrumbList\",\"@id\":\"https:\/\/instytutpolski.pl\/leipzig\/ueber-uns\/jablonowski-vorlesung\/#breadcrumb\",\"itemListElement\":[{\"@type\":\"ListItem\",\"position\":1,\"name\":\"Home\",\"item\":\"https:\/\/instytutpolski.pl\/leipzig\/\"},{\"@type\":\"ListItem\",\"position\":2,\"name\":\"\u00dcber uns\",\"item\":\"https:\/\/instytutpolski.pl\/leipzig\/ueber-uns\/\"},{\"@type\":\"ListItem\",\"position\":3,\"name\":\"Jab\u0142onowski-Vorlesung\"}]},{\"@type\":\"WebSite\",\"@id\":\"https:\/\/instytutpolski.pl\/leipzig\/#website\",\"url\":\"https:\/\/instytutpolski.pl\/leipzig\/\",\"name\":\"Instytut Polski w Lipsku\",\"description\":\"Kolejna witryna sieci &#8222;Instytuty Polskie&#8221;\",\"potentialAction\":[{\"@type\":\"SearchAction\",\"target\":{\"@type\":\"EntryPoint\",\"urlTemplate\":\"https:\/\/instytutpolski.pl\/leipzig\/?s={search_term_string}\"},\"query-input\":{\"@type\":\"PropertyValueSpecification\",\"valueRequired\":true,\"valueName\":\"search_term_string\"}}],\"inLanguage\":\"pl-PL\"}]}<\/script>\n<!-- \/ Yoast SEO plugin. -->","yoast_head_json":{"title":"Jab\u0142onowski-Vorlesung - Instytut Polski w Lipsku","robots":{"index":"index","follow":"follow","max-snippet":"max-snippet:-1","max-image-preview":"max-image-preview:large","max-video-preview":"max-video-preview:-1"},"canonical":"https:\/\/instytutpolski.pl\/leipzig\/ueber-uns\/jablonowski-vorlesung\/","og_locale":"pl_PL","og_type":"article","og_title":"Jab\u0142onowski-Vorlesung - Instytut Polski w Lipsku","og_description":"Am 11. November, dem polnischen Unabh\u00e4ngigkeitstag, wird bei der \u201eJab\u0142onowski-Vorlesung\u201c an die Wiedererlangung der Unabh\u00e4ngigkeit im Jahr 1918 erinnert und des F\u00fcrsten J\u00f3zef Aleksander Jab\u0142onowski gedacht, der 1769 in Leipzig die \u00e4lteste noch bestehende Gelehrtengesellschaft zur F\u00f6rderung deutsch-polnischer Wissenschafts- und Kulturbeziehungen \u2013 die Societas Jablonoviana \u2013 gr\u00fcndete. Im Rahmen der \u201eJab\u0142onowski-Vorlesung&#8221; werden die neusten Entwicklungen [&hellip;]","og_url":"https:\/\/instytutpolski.pl\/leipzig\/ueber-uns\/jablonowski-vorlesung\/","og_site_name":"Instytut Polski w Lipsku","article_modified_time":"2025-10-20T09:27:20+00:00","og_image":[{"width":340,"height":340,"url":"https:\/\/instytutpolski.pl\/leipzig\/wp-content\/uploads\/sites\/29\/2020\/11\/Logo-Societas.jpg","type":"image\/jpeg"}],"twitter_card":"summary_large_image","twitter_misc":{"Szacowany czas czytania":"3 minuty"},"schema":{"@context":"https:\/\/schema.org","@graph":[{"@type":"WebPage","@id":"https:\/\/instytutpolski.pl\/leipzig\/ueber-uns\/jablonowski-vorlesung\/","url":"https:\/\/instytutpolski.pl\/leipzig\/ueber-uns\/jablonowski-vorlesung\/","name":"Jab\u0142onowski-Vorlesung - Instytut Polski w Lipsku","isPartOf":{"@id":"https:\/\/instytutpolski.pl\/leipzig\/#website"},"primaryImageOfPage":{"@id":"https:\/\/instytutpolski.pl\/leipzig\/ueber-uns\/jablonowski-vorlesung\/#primaryimage"},"image":{"@id":"https:\/\/instytutpolski.pl\/leipzig\/ueber-uns\/jablonowski-vorlesung\/#primaryimage"},"thumbnailUrl":"https:\/\/instytutpolski.pl\/leipzig\/wp-content\/uploads\/sites\/29\/2020\/11\/Logo-Societas.jpg","datePublished":"2020-11-04T10:29:00+00:00","dateModified":"2025-10-20T09:27:20+00:00","breadcrumb":{"@id":"https:\/\/instytutpolski.pl\/leipzig\/ueber-uns\/jablonowski-vorlesung\/#breadcrumb"},"inLanguage":"pl-PL","potentialAction":[{"@type":"ReadAction","target":["https:\/\/instytutpolski.pl\/leipzig\/ueber-uns\/jablonowski-vorlesung\/"]}]},{"@type":"ImageObject","inLanguage":"pl-PL","@id":"https:\/\/instytutpolski.pl\/leipzig\/ueber-uns\/jablonowski-vorlesung\/#primaryimage","url":"https:\/\/instytutpolski.pl\/leipzig\/wp-content\/uploads\/sites\/29\/2020\/11\/Logo-Societas.jpg","contentUrl":"https:\/\/instytutpolski.pl\/leipzig\/wp-content\/uploads\/sites\/29\/2020\/11\/Logo-Societas.jpg","width":340,"height":340},{"@type":"BreadcrumbList","@id":"https:\/\/instytutpolski.pl\/leipzig\/ueber-uns\/jablonowski-vorlesung\/#breadcrumb","itemListElement":[{"@type":"ListItem","position":1,"name":"Home","item":"https:\/\/instytutpolski.pl\/leipzig\/"},{"@type":"ListItem","position":2,"name":"\u00dcber uns","item":"https:\/\/instytutpolski.pl\/leipzig\/ueber-uns\/"},{"@type":"ListItem","position":3,"name":"Jab\u0142onowski-Vorlesung"}]},{"@type":"WebSite","@id":"https:\/\/instytutpolski.pl\/leipzig\/#website","url":"https:\/\/instytutpolski.pl\/leipzig\/","name":"Instytut Polski w Lipsku","description":"Kolejna witryna sieci &#8222;Instytuty Polskie&#8221;","potentialAction":[{"@type":"SearchAction","target":{"@type":"EntryPoint","urlTemplate":"https:\/\/instytutpolski.pl\/leipzig\/?s={search_term_string}"},"query-input":{"@type":"PropertyValueSpecification","valueRequired":true,"valueName":"search_term_string"}}],"inLanguage":"pl-PL"}]}},"_links":{"self":[{"href":"https:\/\/instytutpolski.pl\/leipzig\/wp-json\/wp\/v2\/pages\/2712","targetHints":{"allow":["GET"]}}],"collection":[{"href":"https:\/\/instytutpolski.pl\/leipzig\/wp-json\/wp\/v2\/pages"}],"about":[{"href":"https:\/\/instytutpolski.pl\/leipzig\/wp-json\/wp\/v2\/types\/page"}],"author":[{"embeddable":true,"href":"https:\/\/instytutpolski.pl\/leipzig\/wp-json\/wp\/v2\/users\/79"}],"replies":[{"embeddable":true,"href":"https:\/\/instytutpolski.pl\/leipzig\/wp-json\/wp\/v2\/comments?post=2712"}],"version-history":[{"count":12,"href":"https:\/\/instytutpolski.pl\/leipzig\/wp-json\/wp\/v2\/pages\/2712\/revisions"}],"predecessor-version":[{"id":16592,"href":"https:\/\/instytutpolski.pl\/leipzig\/wp-json\/wp\/v2\/pages\/2712\/revisions\/16592"}],"up":[{"embeddable":true,"href":"https:\/\/instytutpolski.pl\/leipzig\/wp-json\/wp\/v2\/pages\/138"}],"wp:featuredmedia":[{"embeddable":true,"href":"https:\/\/instytutpolski.pl\/leipzig\/wp-json\/wp\/v2\/media\/2699"}],"wp:attachment":[{"href":"https:\/\/instytutpolski.pl\/leipzig\/wp-json\/wp\/v2\/media?parent=2712"}],"curies":[{"name":"wp","href":"https:\/\/api.w.org\/{rel}","templated":true}]}}