{"id":2866,"date":"2020-11-24T10:30:55","date_gmt":"2020-11-24T09:30:55","guid":{"rendered":"https:\/\/instytutpolski.pl\/leipzig\/?page_id=2866"},"modified":"2023-01-30T12:05:21","modified_gmt":"2023-01-30T11:05:21","slug":"raczynski-baum","status":"publish","type":"page","link":"https:\/\/instytutpolski.pl\/leipzig\/ueber-uns\/gedenkorte\/raczynski-baum\/","title":{"rendered":"Raczy\u0144ski-Baum (2018)"},"content":{"rendered":"\n<p>Zum 25. Todestag des Diplomaten, Au\u00dfenministers und Pr\u00e4sidenten der Republik Polen im Exil <a href=\"https:\/\/de.wikipedia.org\/wiki\/Edward_Raczy%C5%84ski_(Politiker)\"><strong>Edward Bernard Raczy\u0144ski<\/strong><\/a> (1891\u20131993) widmete das Polnische Institut dem Politiker eine Kaiser-Linde. Er steht auf Augustusplatz nahe der Universit\u00e4t, wo Raczy\u0144ski 1910\u20131911 studiert hatte.\u00a0<img loading=\"lazy\" decoding=\"async\" class=\"aligncenter wp-image-2871 size-full\" src=\"https:\/\/instytutpolski.pl\/leipzig\/wp-content\/uploads\/sites\/29\/2020\/11\/Raczynski-Tafeln_hoch.jpg\" alt=\"\" width=\"1003\" height=\"1500\" srcset=\"https:\/\/instytutpolski.pl\/leipzig\/wp-content\/uploads\/sites\/29\/2020\/11\/Raczynski-Tafeln_hoch.jpg 1003w, https:\/\/instytutpolski.pl\/leipzig\/wp-content\/uploads\/sites\/29\/2020\/11\/Raczynski-Tafeln_hoch-201x300.jpg 201w, https:\/\/instytutpolski.pl\/leipzig\/wp-content\/uploads\/sites\/29\/2020\/11\/Raczynski-Tafeln_hoch-685x1024.jpg 685w, https:\/\/instytutpolski.pl\/leipzig\/wp-content\/uploads\/sites\/29\/2020\/11\/Raczynski-Tafeln_hoch-768x1149.jpg 768w\" sizes=\"auto, (max-width: 1003px) 100vw, 1003px\" \/><\/p>\n<p>Der polnischer Adlige Raczy\u0144ski wurde 1919 Diplomat der Republik Polen. Nach der Besetzung Polens durch deutsche und sowjetische Truppen war er von 1941 bis 1943 Au\u00dfenminister der polnischen Exilregierung. Am 10. Dezember 1942 appellierte die polnische Exilregierung mit der sog. \u201eRaczy\u0144ski-Note\u201c an die Unterzeichner der Deklaration der Vereinten Nationen, die Verbrechen gegen die j\u00fcdische Bev\u00f6lkerung im vom Deutschen Reich besetzten Polen zu stoppen. Von 1979 bis 1986 war er auch Pr\u00e4sident der polnischen Regierung im Exil und unterst\u00fctzte von London aus die Gewerkschaft \u201eSolidarno\u015b\u0107\u201c in Polen.<\/p>\n<p><img loading=\"lazy\" decoding=\"async\" class=\"aligncenter wp-image-2869 size-full\" src=\"https:\/\/instytutpolski.pl\/leipzig\/wp-content\/uploads\/sites\/29\/2020\/11\/Raczynski-Baum_hoch.jpg\" alt=\"\" width=\"1004\" height=\"1500\" srcset=\"https:\/\/instytutpolski.pl\/leipzig\/wp-content\/uploads\/sites\/29\/2020\/11\/Raczynski-Baum_hoch.jpg 1004w, https:\/\/instytutpolski.pl\/leipzig\/wp-content\/uploads\/sites\/29\/2020\/11\/Raczynski-Baum_hoch-201x300.jpg 201w, https:\/\/instytutpolski.pl\/leipzig\/wp-content\/uploads\/sites\/29\/2020\/11\/Raczynski-Baum_hoch-685x1024.jpg 685w, https:\/\/instytutpolski.pl\/leipzig\/wp-content\/uploads\/sites\/29\/2020\/11\/Raczynski-Baum_hoch-768x1147.jpg 768w\" sizes=\"auto, (max-width: 1004px) 100vw, 1004px\" \/><\/p>\n<p>Raczy\u0144ski starb am 30. Juli 1993 und vererbte sein Schloss sowie seine Bibliothek der Republik Polen. \u00dcber seinem Sarkophag in Rogalin bei Pozna\u0144 steht geschrieben: \u201eNie zmarnujcie Niepodleg\u0142o\u015bci\u201c (Verspielt nicht die Unabh\u00e4ngigkeit!).<\/p>\n<p><img loading=\"lazy\" decoding=\"async\" class=\"aligncenter wp-image-2878 size-full\" src=\"https:\/\/instytutpolski.pl\/leipzig\/wp-content\/uploads\/sites\/29\/2020\/11\/Raczynski-Narzissen_hoch_cut.jpg\" alt=\"\" width=\"1002\" height=\"1237\" srcset=\"https:\/\/instytutpolski.pl\/leipzig\/wp-content\/uploads\/sites\/29\/2020\/11\/Raczynski-Narzissen_hoch_cut.jpg 1002w, https:\/\/instytutpolski.pl\/leipzig\/wp-content\/uploads\/sites\/29\/2020\/11\/Raczynski-Narzissen_hoch_cut-243x300.jpg 243w, https:\/\/instytutpolski.pl\/leipzig\/wp-content\/uploads\/sites\/29\/2020\/11\/Raczynski-Narzissen_hoch_cut-829x1024.jpg 829w, https:\/\/instytutpolski.pl\/leipzig\/wp-content\/uploads\/sites\/29\/2020\/11\/Raczynski-Narzissen_hoch_cut-768x948.jpg 768w\" sizes=\"auto, (max-width: 1002px) 100vw, 1002px\" \/><\/p>\n<p>\u00a0<\/p>\n<p><strong>Zur \u201e<a href=\"https:\/\/archiwum.msz.gov.pl\/RSA\/App\/search.aspx?p=r%2fCWvq%40AiMmMmJbi2wzFHQ%3d%3d#Archiwum%20MSZ%20-%20%E2%80%9ENota%20Raczy%C5%84skiego%E2%80%9D\">Raczy\u0144ski-Note<\/a>\u201c:<\/strong><\/p>\n<p>Die sog. \u201e<a href=\"http:\/\/www.projectinposterum.org\/docs\/mass_extermination.htm\">Raczy\u0144ski-Note<\/a>\u201c basierte auf Informationen der polnischen Heimatarmee, die konspirativ Informationen \u00fcber die NS-deutsche Besatzungspolitik gesammelt hatte und diese ins Ausland schmuggelte. Ihr wichtigster Kurier war Jan Karski \u2013 er hatte Informationen \u00fcber den Holocaust gesammelt und an die Exilregierung Polens \u00fcbermittelt.<\/p>\n<p>Darin wurde \u00fcber die deutschen Verbrechen gegen die polnische Bev\u00f6lkerung berichtet und die massenhaft angewendete Vernichtungspolitik gegen\u00fcber den Juden angeprangert. Die Note signierte der damalige Au\u00dfenminister der Republik Polen Edward Raczy\u0144ski. Sie trug das Datum \u201e09.12.1942\u201c, wurde am 10.12.1942 \u00fcberreicht und auch mit diesem Datum publiziert. Ihre Entstehung war eng verbunden mit der Einreise von Jan Karski nach London im November 1942. Seine m\u00fcndlichen Berichte und die Mikrofilme, die er aus Polen mitgebracht hatte, zeigten die tragische Situation der j\u00fcdischen Bev\u00f6lkerung im besetzten Polen. Informationen dar\u00fcber hatte Edward Raczy\u0144ski dem Au\u00dfenminister Gro\u00dfbritanniens Anthony Eden bei einem Treffen am 01.12.1942 \u00fcberbracht. Er schlug vor, eine multilaterale Konferenz zur Verbreitung dieser Informationen durchzuf\u00fchren. Weil eine Reaktion der Briten ausblieb, beschloss die Exilregierung Polens, sich mit einer Note an die Unterzeichnerstaaten der Deklaration der Vereinten Nationen zu wenden. Die \u201eRaczy\u0144ski-Note\u201c informierte sie \u00fcber Informations- und Protestaktionen der polnischen Exilregierung und rief die Alliierten dazu auf, diese Verbrechen zu stoppen.<\/p>\n<p>Die Note rief zahlreiche Pressekommentare hervor und die Regierungen der Alliierten Staaten verabschiedeten am 17.12.1942 eine Deklaration, in der sie die Bestrafung der Schuldigen forderten. Um die Informationen \u00fcber den V\u00f6lkermord an den Juden im NS-deutsch besetzten Polen weiter zu verbreiten, druckte die Exilregierung eine englischsprachige Informationsbrosch\u00fcre zum Thema in hoher Auflage und lie\u00df sie in diplomatischen und konsularischen Vertretungen verteilen.<\/p>\n<p><img loading=\"lazy\" decoding=\"async\" class=\"aligncenter wp-image-2873 size-full\" src=\"https:\/\/instytutpolski.pl\/leipzig\/wp-content\/uploads\/sites\/29\/2020\/11\/Raczynski-Zertifikat_hoch.jpg\" alt=\"\" width=\"490\" height=\"726\" srcset=\"https:\/\/instytutpolski.pl\/leipzig\/wp-content\/uploads\/sites\/29\/2020\/11\/Raczynski-Zertifikat_hoch.jpg 490w, https:\/\/instytutpolski.pl\/leipzig\/wp-content\/uploads\/sites\/29\/2020\/11\/Raczynski-Zertifikat_hoch-202x300.jpg 202w\" sizes=\"auto, (max-width: 490px) 100vw, 490px\" \/><\/p>\n<p><strong>Ort:<\/strong> Augustusplatz, Westseite, gegen\u00fcber dem Kroch-Hochhaus<br \/><strong>Widmungs-Datum:<\/strong> Juli 2018<br \/><strong>Inschrift: <\/strong>F\u00fcr Edward Bernard Raczy\u0144ski \/ (1891-1993) \/ Filiale Leipzig \/ des Polnischen Instituts Berlin \/ In ehrendem Gedenken zum 25. Todestag am 30. Juli 2018 \/\/ Edward Bernard Raczy\u0144ski \/ hat 1910-1911 an der \/ Universit\u00e4t Leipzig studiert. \/ 1919 wurde er Diplomat der Republik Polen. \/ \/ Als Au\u00dfenminister der \/ Exilregierung informierte er am \/ 10.12.1942 die Welt\u00f6ffentlichkeit \/ \u00fcber die Gr\u00e4uel und den Holocaust \/ im deutsch besetzten Polen \/ Filiale Leipzig des Polnischen Instituts Berlin<\/p>\n<p><img loading=\"lazy\" decoding=\"async\" class=\"aligncenter wp-image-2870 size-large\" src=\"https:\/\/instytutpolski.pl\/leipzig\/wp-content\/uploads\/sites\/29\/2020\/11\/Raczynski-Blumen_hoch-978x1024.jpg\" alt=\"\" width=\"978\" height=\"1024\" srcset=\"https:\/\/instytutpolski.pl\/leipzig\/wp-content\/uploads\/sites\/29\/2020\/11\/Raczynski-Blumen_hoch-978x1024.jpg 978w, https:\/\/instytutpolski.pl\/leipzig\/wp-content\/uploads\/sites\/29\/2020\/11\/Raczynski-Blumen_hoch-287x300.jpg 287w, https:\/\/instytutpolski.pl\/leipzig\/wp-content\/uploads\/sites\/29\/2020\/11\/Raczynski-Blumen_hoch-768x804.jpg 768w, https:\/\/instytutpolski.pl\/leipzig\/wp-content\/uploads\/sites\/29\/2020\/11\/Raczynski-Blumen_hoch.jpg 1433w\" sizes=\"auto, (max-width: 978px) 100vw, 978px\" \/><\/p>\n<p><strong>Weitere Gedenkorte in Leipzig:<\/strong><\/p>\n<ul style=\"list-style-type: circle\">\n<li><a href=\"https:\/\/instytutpolski.pl\/leipzig\/uber-uns\/gedenkorte\/jan-karski-baum\/\">Jan-Karski-Gedenkbaum<\/a><\/li>\n<li><a href=\"https:\/\/instytutpolski.pl\/leipzig\/uber-uns\/gedenkorte\/solidarnosc-gedenktafel\/\">Solidarno\u015b\u0107-Gedenktafel<\/a><\/li>\n<li><a href=\"https:\/\/instytutpolski.pl\/leipzig\/uber-uns\/gedenkorte\/penderecki-baum-2020\/\">Krzysztof-Penderecki-Gedenkbaum (2020)<\/a><\/li>\n<\/ul>\n\n\n\n<p><\/p>\n","protected":false},"excerpt":{"rendered":"<p>Zum 25. Todestag des Diplomaten, Au\u00dfenministers und Pr\u00e4sidenten der Republik Polen im Exil Edward Bernard Raczy\u0144ski (1891\u20131993) widmete das Polnische Institut dem Politiker eine Kaiser-Linde. Er steht auf Augustusplatz nahe der Universit\u00e4t, wo Raczy\u0144ski 1910\u20131911 studiert hatte.\u00a0 Der polnischer Adlige Raczy\u0144ski wurde 1919 Diplomat der Republik Polen. Nach der Besetzung Polens durch deutsche und sowjetische [&hellip;]<\/p>\n","protected":false},"author":79,"featured_media":2824,"parent":2818,"menu_order":0,"comment_status":"closed","ping_status":"closed","template":"","meta":{"inline_featured_image":false,"_monsterinsights_skip_tracking":false,"_monsterinsights_sitenote_active":false,"_monsterinsights_sitenote_note":"","_monsterinsights_sitenote_category":0,"footnotes":""},"class_list":["post-2866","page","type-page","status-publish","has-post-thumbnail","hentry"],"yoast_head":"<!-- This site is optimized with the Yoast SEO plugin v24.6 - https:\/\/yoast.com\/wordpress\/plugins\/seo\/ -->\n<title>Raczy\u0144ski-Baum (2018) - Instytut Polski w Lipsku<\/title>\n<meta name=\"robots\" content=\"index, follow, max-snippet:-1, max-image-preview:large, max-video-preview:-1\" \/>\n<link rel=\"canonical\" href=\"https:\/\/instytutpolski.pl\/leipzig\/ueber-uns\/gedenkorte\/raczynski-baum\/\" \/>\n<meta property=\"og:locale\" content=\"pl_PL\" \/>\n<meta property=\"og:type\" content=\"article\" \/>\n<meta property=\"og:title\" content=\"Raczy\u0144ski-Baum (2018) - Instytut Polski w Lipsku\" \/>\n<meta property=\"og:description\" content=\"Zum 25. Todestag des Diplomaten, Au\u00dfenministers und Pr\u00e4sidenten der Republik Polen im Exil Edward Bernard Raczy\u0144ski (1891\u20131993) widmete das Polnische Institut dem Politiker eine Kaiser-Linde. Er steht auf Augustusplatz nahe der Universit\u00e4t, wo Raczy\u0144ski 1910\u20131911 studiert hatte.\u00a0 Der polnischer Adlige Raczy\u0144ski wurde 1919 Diplomat der Republik Polen. Nach der Besetzung Polens durch deutsche und sowjetische [&hellip;]\" \/>\n<meta property=\"og:url\" content=\"https:\/\/instytutpolski.pl\/leipzig\/ueber-uns\/gedenkorte\/raczynski-baum\/\" \/>\n<meta property=\"og:site_name\" content=\"Instytut Polski w Lipsku\" \/>\n<meta property=\"article:modified_time\" content=\"2023-01-30T11:05:21+00:00\" \/>\n<meta property=\"og:image\" content=\"https:\/\/instytutpolski.pl\/leipzig\/wp-content\/uploads\/sites\/29\/2020\/11\/2020-11-15-MUSIK-Penderecki-Baum_breit-scaled.jpg\" \/>\n\t<meta property=\"og:image:width\" content=\"2560\" \/>\n\t<meta property=\"og:image:height\" content=\"909\" \/>\n\t<meta property=\"og:image:type\" content=\"image\/jpeg\" \/>\n<meta name=\"twitter:card\" content=\"summary_large_image\" \/>\n<meta name=\"twitter:label1\" content=\"Szacowany czas czytania\" \/>\n\t<meta name=\"twitter:data1\" content=\"5 minut\" \/>\n<script type=\"application\/ld+json\" class=\"yoast-schema-graph\">{\"@context\":\"https:\/\/schema.org\",\"@graph\":[{\"@type\":\"WebPage\",\"@id\":\"https:\/\/instytutpolski.pl\/leipzig\/ueber-uns\/gedenkorte\/raczynski-baum\/\",\"url\":\"https:\/\/instytutpolski.pl\/leipzig\/ueber-uns\/gedenkorte\/raczynski-baum\/\",\"name\":\"Raczy\u0144ski-Baum (2018) - Instytut Polski w Lipsku\",\"isPartOf\":{\"@id\":\"https:\/\/instytutpolski.pl\/leipzig\/#website\"},\"primaryImageOfPage\":{\"@id\":\"https:\/\/instytutpolski.pl\/leipzig\/ueber-uns\/gedenkorte\/raczynski-baum\/#primaryimage\"},\"image\":{\"@id\":\"https:\/\/instytutpolski.pl\/leipzig\/ueber-uns\/gedenkorte\/raczynski-baum\/#primaryimage\"},\"thumbnailUrl\":\"https:\/\/instytutpolski.pl\/leipzig\/wp-content\/uploads\/sites\/29\/2020\/11\/2020-11-15-MUSIK-Penderecki-Baum_breit-scaled.jpg\",\"datePublished\":\"2020-11-24T09:30:55+00:00\",\"dateModified\":\"2023-01-30T11:05:21+00:00\",\"breadcrumb\":{\"@id\":\"https:\/\/instytutpolski.pl\/leipzig\/ueber-uns\/gedenkorte\/raczynski-baum\/#breadcrumb\"},\"inLanguage\":\"pl-PL\",\"potentialAction\":[{\"@type\":\"ReadAction\",\"target\":[\"https:\/\/instytutpolski.pl\/leipzig\/ueber-uns\/gedenkorte\/raczynski-baum\/\"]}]},{\"@type\":\"ImageObject\",\"inLanguage\":\"pl-PL\",\"@id\":\"https:\/\/instytutpolski.pl\/leipzig\/ueber-uns\/gedenkorte\/raczynski-baum\/#primaryimage\",\"url\":\"https:\/\/instytutpolski.pl\/leipzig\/wp-content\/uploads\/sites\/29\/2020\/11\/2020-11-15-MUSIK-Penderecki-Baum_breit-scaled.jpg\",\"contentUrl\":\"https:\/\/instytutpolski.pl\/leipzig\/wp-content\/uploads\/sites\/29\/2020\/11\/2020-11-15-MUSIK-Penderecki-Baum_breit-scaled.jpg\",\"width\":2560,\"height\":909},{\"@type\":\"BreadcrumbList\",\"@id\":\"https:\/\/instytutpolski.pl\/leipzig\/ueber-uns\/gedenkorte\/raczynski-baum\/#breadcrumb\",\"itemListElement\":[{\"@type\":\"ListItem\",\"position\":1,\"name\":\"Home\",\"item\":\"https:\/\/instytutpolski.pl\/leipzig\/\"},{\"@type\":\"ListItem\",\"position\":2,\"name\":\"\u00dcber uns\",\"item\":\"https:\/\/instytutpolski.pl\/leipzig\/ueber-uns\/\"},{\"@type\":\"ListItem\",\"position\":3,\"name\":\"Gedenkorte\",\"item\":\"https:\/\/instytutpolski.pl\/leipzig\/ueber-uns\/gedenkorte\/\"},{\"@type\":\"ListItem\",\"position\":4,\"name\":\"Raczy\u0144ski-Baum (2018)\"}]},{\"@type\":\"WebSite\",\"@id\":\"https:\/\/instytutpolski.pl\/leipzig\/#website\",\"url\":\"https:\/\/instytutpolski.pl\/leipzig\/\",\"name\":\"Instytut Polski w Lipsku\",\"description\":\"Kolejna witryna sieci &#8222;Instytuty Polskie&#8221;\",\"potentialAction\":[{\"@type\":\"SearchAction\",\"target\":{\"@type\":\"EntryPoint\",\"urlTemplate\":\"https:\/\/instytutpolski.pl\/leipzig\/?s={search_term_string}\"},\"query-input\":{\"@type\":\"PropertyValueSpecification\",\"valueRequired\":true,\"valueName\":\"search_term_string\"}}],\"inLanguage\":\"pl-PL\"}]}<\/script>\n<!-- \/ Yoast SEO plugin. -->","yoast_head_json":{"title":"Raczy\u0144ski-Baum (2018) - Instytut Polski w Lipsku","robots":{"index":"index","follow":"follow","max-snippet":"max-snippet:-1","max-image-preview":"max-image-preview:large","max-video-preview":"max-video-preview:-1"},"canonical":"https:\/\/instytutpolski.pl\/leipzig\/ueber-uns\/gedenkorte\/raczynski-baum\/","og_locale":"pl_PL","og_type":"article","og_title":"Raczy\u0144ski-Baum (2018) - Instytut Polski w Lipsku","og_description":"Zum 25. Todestag des Diplomaten, Au\u00dfenministers und Pr\u00e4sidenten der Republik Polen im Exil Edward Bernard Raczy\u0144ski (1891\u20131993) widmete das Polnische Institut dem Politiker eine Kaiser-Linde. Er steht auf Augustusplatz nahe der Universit\u00e4t, wo Raczy\u0144ski 1910\u20131911 studiert hatte.\u00a0 Der polnischer Adlige Raczy\u0144ski wurde 1919 Diplomat der Republik Polen. Nach der Besetzung Polens durch deutsche und sowjetische [&hellip;]","og_url":"https:\/\/instytutpolski.pl\/leipzig\/ueber-uns\/gedenkorte\/raczynski-baum\/","og_site_name":"Instytut Polski w Lipsku","article_modified_time":"2023-01-30T11:05:21+00:00","og_image":[{"width":2560,"height":909,"url":"https:\/\/instytutpolski.pl\/leipzig\/wp-content\/uploads\/sites\/29\/2020\/11\/2020-11-15-MUSIK-Penderecki-Baum_breit-scaled.jpg","type":"image\/jpeg"}],"twitter_card":"summary_large_image","twitter_misc":{"Szacowany czas czytania":"5 minut"},"schema":{"@context":"https:\/\/schema.org","@graph":[{"@type":"WebPage","@id":"https:\/\/instytutpolski.pl\/leipzig\/ueber-uns\/gedenkorte\/raczynski-baum\/","url":"https:\/\/instytutpolski.pl\/leipzig\/ueber-uns\/gedenkorte\/raczynski-baum\/","name":"Raczy\u0144ski-Baum (2018) - Instytut Polski w Lipsku","isPartOf":{"@id":"https:\/\/instytutpolski.pl\/leipzig\/#website"},"primaryImageOfPage":{"@id":"https:\/\/instytutpolski.pl\/leipzig\/ueber-uns\/gedenkorte\/raczynski-baum\/#primaryimage"},"image":{"@id":"https:\/\/instytutpolski.pl\/leipzig\/ueber-uns\/gedenkorte\/raczynski-baum\/#primaryimage"},"thumbnailUrl":"https:\/\/instytutpolski.pl\/leipzig\/wp-content\/uploads\/sites\/29\/2020\/11\/2020-11-15-MUSIK-Penderecki-Baum_breit-scaled.jpg","datePublished":"2020-11-24T09:30:55+00:00","dateModified":"2023-01-30T11:05:21+00:00","breadcrumb":{"@id":"https:\/\/instytutpolski.pl\/leipzig\/ueber-uns\/gedenkorte\/raczynski-baum\/#breadcrumb"},"inLanguage":"pl-PL","potentialAction":[{"@type":"ReadAction","target":["https:\/\/instytutpolski.pl\/leipzig\/ueber-uns\/gedenkorte\/raczynski-baum\/"]}]},{"@type":"ImageObject","inLanguage":"pl-PL","@id":"https:\/\/instytutpolski.pl\/leipzig\/ueber-uns\/gedenkorte\/raczynski-baum\/#primaryimage","url":"https:\/\/instytutpolski.pl\/leipzig\/wp-content\/uploads\/sites\/29\/2020\/11\/2020-11-15-MUSIK-Penderecki-Baum_breit-scaled.jpg","contentUrl":"https:\/\/instytutpolski.pl\/leipzig\/wp-content\/uploads\/sites\/29\/2020\/11\/2020-11-15-MUSIK-Penderecki-Baum_breit-scaled.jpg","width":2560,"height":909},{"@type":"BreadcrumbList","@id":"https:\/\/instytutpolski.pl\/leipzig\/ueber-uns\/gedenkorte\/raczynski-baum\/#breadcrumb","itemListElement":[{"@type":"ListItem","position":1,"name":"Home","item":"https:\/\/instytutpolski.pl\/leipzig\/"},{"@type":"ListItem","position":2,"name":"\u00dcber uns","item":"https:\/\/instytutpolski.pl\/leipzig\/ueber-uns\/"},{"@type":"ListItem","position":3,"name":"Gedenkorte","item":"https:\/\/instytutpolski.pl\/leipzig\/ueber-uns\/gedenkorte\/"},{"@type":"ListItem","position":4,"name":"Raczy\u0144ski-Baum (2018)"}]},{"@type":"WebSite","@id":"https:\/\/instytutpolski.pl\/leipzig\/#website","url":"https:\/\/instytutpolski.pl\/leipzig\/","name":"Instytut Polski w Lipsku","description":"Kolejna witryna sieci &#8222;Instytuty Polskie&#8221;","potentialAction":[{"@type":"SearchAction","target":{"@type":"EntryPoint","urlTemplate":"https:\/\/instytutpolski.pl\/leipzig\/?s={search_term_string}"},"query-input":{"@type":"PropertyValueSpecification","valueRequired":true,"valueName":"search_term_string"}}],"inLanguage":"pl-PL"}]}},"_links":{"self":[{"href":"https:\/\/instytutpolski.pl\/leipzig\/wp-json\/wp\/v2\/pages\/2866","targetHints":{"allow":["GET"]}}],"collection":[{"href":"https:\/\/instytutpolski.pl\/leipzig\/wp-json\/wp\/v2\/pages"}],"about":[{"href":"https:\/\/instytutpolski.pl\/leipzig\/wp-json\/wp\/v2\/types\/page"}],"author":[{"embeddable":true,"href":"https:\/\/instytutpolski.pl\/leipzig\/wp-json\/wp\/v2\/users\/79"}],"replies":[{"embeddable":true,"href":"https:\/\/instytutpolski.pl\/leipzig\/wp-json\/wp\/v2\/comments?post=2866"}],"version-history":[{"count":9,"href":"https:\/\/instytutpolski.pl\/leipzig\/wp-json\/wp\/v2\/pages\/2866\/revisions"}],"predecessor-version":[{"id":7951,"href":"https:\/\/instytutpolski.pl\/leipzig\/wp-json\/wp\/v2\/pages\/2866\/revisions\/7951"}],"up":[{"embeddable":true,"href":"https:\/\/instytutpolski.pl\/leipzig\/wp-json\/wp\/v2\/pages\/2818"}],"wp:featuredmedia":[{"embeddable":true,"href":"https:\/\/instytutpolski.pl\/leipzig\/wp-json\/wp\/v2\/media\/2824"}],"wp:attachment":[{"href":"https:\/\/instytutpolski.pl\/leipzig\/wp-json\/wp\/v2\/media?parent=2866"}],"curies":[{"name":"wp","href":"https:\/\/api.w.org\/{rel}","templated":true}]}}