{"id":61,"date":"2019-07-11T08:42:34","date_gmt":"2019-07-11T06:42:34","guid":{"rendered":"https:\/\/instytutpolski.pl\/lipsk\/?page_id=61"},"modified":"2020-06-25T14:02:55","modified_gmt":"2020-06-25T12:02:55","slug":"museen","status":"publish","type":"page","link":"https:\/\/instytutpolski.pl\/leipzig\/polen-erleben\/museen\/","title":{"rendered":"Museen in Polen"},"content":{"rendered":"\n<p><strong>Hier finden Sie eine Auswahl von uns empfohlener Museen, Bildungs- und Wissenschaftszentren:<\/strong><\/p>\n\n\n\n<p>Oskar Schindlers Emaillefabrik in Krak\u00f3w<br>&gt;&gt; <a href=\"https:\/\/www.muzeumkrakowa.pl\/branches\/oskar-schindlers-factory\">www.muzeumkrakowa.pl\/branches\/oskar-schindlers-factory<\/a><\/p>\n\n\n\n<p>Nowa-Huta-Museum in Krak\u00f3w<br>&gt;&gt; <a href=\"https:\/\/www.muzeumkrakowa.pl\/branches\/1\">www.muzeumkrakowa.pl\/branches\/1<\/a><\/p>\n\n\n\n<p>Museum des Warschauer Aufstands<br>&gt;&gt; <a href=\"https:\/\/www.1944.pl\/en\">www.1944.pl\/en<\/a><\/p>\n\n\n\n<p>POLIN \u2013 Museum der Geschichte der polnischen Juden<br>&gt;&gt; <a href=\"https:\/\/www.polin.pl\/en\">www.polin.pl\/en<\/a><\/p>\n\n\n\n<p>Museum des Warschauer Ghettos<br>&gt;&gt; <a href=\"https:\/\/1943.pl\/en\/\">1943.pl\/en<\/a><\/p>\n\n\n\n<p>Kopernikus-Wissenschaftszentrum in Warschau<br>&gt;&gt; <a href=\"http:\/\/www.kopernik.org.pl\/en\/\">www.kopernik.org.pl\/en<\/a><\/p>\n\n\n\n<p>Hydropolis \u2013 Wasser-Wissenzentrum in Wroc\u0142aw<br>&gt;&gt; <a href=\"https:\/\/hydropolis.pl\/de\/\">hydropolis.pl\/de<\/a><\/p>\n\n\n\n<p>Experyment \u2013 Wissenschaftszentrum in Gdynia<br>&gt;&gt; <a href=\"https:\/\/experyment.gdynia.pl\/en\/\">experyment.gdynia.pl\/en<\/a><\/p>\n\n\n\n<p>Hewelianum \u2013 Wissenschaftszentrum in Gda\u0144sk<br>&gt;&gt; <a href=\"https:\/\/www.hevelianum.pl\/en\">www.hevelianum.pl\/en<\/a><\/p>\n\n\n\n<p>Leonardo-da-Vinci-Wissenschaftszentrum in Ch\u0119ciny<br>&gt;&gt; <a href=\"http:\/\/cndavinci.pl\/\">cndavinci.pl<\/a><\/p>\n\n\n\n<p>Experymentarium \u2013 Wissenschaftszentrum in \u0141\u00f3d\u017a<br>&gt;&gt; <a href=\"https:\/\/experymentarium.pl\/en\/\">experymentarium.pl\/en<\/a><\/p>\n\n\n\n<p>Stanis\u0142aw-Lem-Erfahrungsgarten in Krak\u00f3w<br>&gt;&gt; <a href=\"https:\/\/www.ogroddoswiadczen.pl\/en\">www.ogroddoswiadczen.pl\/en<\/a><\/p>\n\n\n\n<p>Nicolaus-Copernicus-Planetarium und Astronomischer Park in Frombork<br>&gt;&gt; <a href=\"http:\/\/frombork.art.pl\/de\/\">frombork.art.pl\/de<\/a><\/p>\n\n\n\n<p>Afrykarium im Zoo Wroc\u0142aw<br>&gt;&gt; <a href=\"http:\/\/www.zoo.wroclaw.pl\/en\/\">www.zoo.wroclaw.pl\/en<\/a><\/p>\n\n\n\n<p>Ozeanarium in Ko\u0142obrzeg<br>&gt;&gt; <a href=\"https:\/\/oceanarium.com.pl\/de\/index_de.html\">oceanarium.com.pl<\/a><\/p>\n\n\n\n<p>Aquarium in Gdynia<br>&gt;&gt; <a href=\"https:\/\/akwarium.gdynia.pl\/en\/\">akwarium.gdynia.pl\/en\/<\/a><\/p>\n","protected":false},"excerpt":{"rendered":"<p>Hier finden Sie eine Auswahl von uns empfohlener Museen, Bildungs- und Wissenschaftszentren: Oskar Schindlers Emaillefabrik in Krak\u00f3w&gt;&gt; www.muzeumkrakowa.pl\/branches\/oskar-schindlers-factory Nowa-Huta-Museum in Krak\u00f3w&gt;&gt; www.muzeumkrakowa.pl\/branches\/1 Museum des Warschauer Aufstands&gt;&gt; www.1944.pl\/en POLIN \u2013 Museum der Geschichte der polnischen Juden&gt;&gt; www.polin.pl\/en Museum des Warschauer Ghettos&gt;&gt; 1943.pl\/en Kopernikus-Wissenschaftszentrum in Warschau&gt;&gt; www.kopernik.org.pl\/en Hydropolis \u2013 Wasser-Wissenzentrum in Wroc\u0142aw&gt;&gt; hydropolis.pl\/de Experyment \u2013 Wissenschaftszentrum in [&hellip;]<\/p>\n","protected":false},"author":1,"featured_media":1179,"parent":27,"menu_order":0,"comment_status":"closed","ping_status":"closed","template":"","meta":{"inline_featured_image":false,"_monsterinsights_skip_tracking":false,"_monsterinsights_sitenote_active":false,"_monsterinsights_sitenote_note":"","_monsterinsights_sitenote_category":0,"footnotes":""},"class_list":["post-61","page","type-page","status-publish","has-post-thumbnail","hentry"],"yoast_head":"<!-- This site is optimized with the Yoast SEO plugin v24.6 - https:\/\/yoast.com\/wordpress\/plugins\/seo\/ -->\n<title>Museen in Polen - Instytut Polski w Lipsku<\/title>\n<meta name=\"robots\" content=\"index, follow, max-snippet:-1, max-image-preview:large, max-video-preview:-1\" \/>\n<link rel=\"canonical\" href=\"https:\/\/instytutpolski.pl\/leipzig\/polen-erleben\/museen\/\" \/>\n<meta property=\"og:locale\" content=\"pl_PL\" \/>\n<meta property=\"og:type\" content=\"article\" \/>\n<meta property=\"og:title\" content=\"Museen in Polen - Instytut Polski w Lipsku\" \/>\n<meta property=\"og:description\" content=\"Hier finden Sie eine Auswahl von uns empfohlener Museen, Bildungs- und Wissenschaftszentren: Oskar Schindlers Emaillefabrik in Krak\u00f3w&gt;&gt; www.muzeumkrakowa.pl\/branches\/oskar-schindlers-factory Nowa-Huta-Museum in Krak\u00f3w&gt;&gt; www.muzeumkrakowa.pl\/branches\/1 Museum des Warschauer Aufstands&gt;&gt; www.1944.pl\/en POLIN \u2013 Museum der Geschichte der polnischen Juden&gt;&gt; www.polin.pl\/en Museum des Warschauer Ghettos&gt;&gt; 1943.pl\/en Kopernikus-Wissenschaftszentrum in Warschau&gt;&gt; www.kopernik.org.pl\/en Hydropolis \u2013 Wasser-Wissenzentrum in Wroc\u0142aw&gt;&gt; hydropolis.pl\/de Experyment \u2013 Wissenschaftszentrum in [&hellip;]\" \/>\n<meta property=\"og:url\" content=\"https:\/\/instytutpolski.pl\/leipzig\/polen-erleben\/museen\/\" \/>\n<meta property=\"og:site_name\" content=\"Instytut Polski w Lipsku\" \/>\n<meta property=\"article:modified_time\" content=\"2020-06-25T12:02:55+00:00\" \/>\n<meta property=\"og:image\" content=\"https:\/\/instytutpolski.pl\/leipzig\/wp-content\/uploads\/sites\/29\/2020\/06\/Wissenschaft-Pixabay.jpg\" \/>\n\t<meta property=\"og:image:width\" content=\"1920\" \/>\n\t<meta property=\"og:image:height\" content=\"1264\" \/>\n\t<meta property=\"og:image:type\" content=\"image\/jpeg\" \/>\n<meta name=\"twitter:card\" content=\"summary_large_image\" \/>\n<meta name=\"twitter:label1\" content=\"Szacowany czas czytania\" \/>\n\t<meta name=\"twitter:data1\" content=\"1 minuta\" \/>\n<script type=\"application\/ld+json\" class=\"yoast-schema-graph\">{\"@context\":\"https:\/\/schema.org\",\"@graph\":[{\"@type\":\"WebPage\",\"@id\":\"https:\/\/instytutpolski.pl\/leipzig\/polen-erleben\/museen\/\",\"url\":\"https:\/\/instytutpolski.pl\/leipzig\/polen-erleben\/museen\/\",\"name\":\"Museen in Polen - Instytut Polski w Lipsku\",\"isPartOf\":{\"@id\":\"https:\/\/instytutpolski.pl\/leipzig\/#website\"},\"primaryImageOfPage\":{\"@id\":\"https:\/\/instytutpolski.pl\/leipzig\/polen-erleben\/museen\/#primaryimage\"},\"image\":{\"@id\":\"https:\/\/instytutpolski.pl\/leipzig\/polen-erleben\/museen\/#primaryimage\"},\"thumbnailUrl\":\"https:\/\/instytutpolski.pl\/leipzig\/wp-content\/uploads\/sites\/29\/2020\/06\/Wissenschaft-Pixabay.jpg\",\"datePublished\":\"2019-07-11T06:42:34+00:00\",\"dateModified\":\"2020-06-25T12:02:55+00:00\",\"breadcrumb\":{\"@id\":\"https:\/\/instytutpolski.pl\/leipzig\/polen-erleben\/museen\/#breadcrumb\"},\"inLanguage\":\"pl-PL\",\"potentialAction\":[{\"@type\":\"ReadAction\",\"target\":[\"https:\/\/instytutpolski.pl\/leipzig\/polen-erleben\/museen\/\"]}]},{\"@type\":\"ImageObject\",\"inLanguage\":\"pl-PL\",\"@id\":\"https:\/\/instytutpolski.pl\/leipzig\/polen-erleben\/museen\/#primaryimage\",\"url\":\"https:\/\/instytutpolski.pl\/leipzig\/wp-content\/uploads\/sites\/29\/2020\/06\/Wissenschaft-Pixabay.jpg\",\"contentUrl\":\"https:\/\/instytutpolski.pl\/leipzig\/wp-content\/uploads\/sites\/29\/2020\/06\/Wissenschaft-Pixabay.jpg\",\"width\":1920,\"height\":1264},{\"@type\":\"BreadcrumbList\",\"@id\":\"https:\/\/instytutpolski.pl\/leipzig\/polen-erleben\/museen\/#breadcrumb\",\"itemListElement\":[{\"@type\":\"ListItem\",\"position\":1,\"name\":\"Home\",\"item\":\"https:\/\/instytutpolski.pl\/leipzig\/\"},{\"@type\":\"ListItem\",\"position\":2,\"name\":\"Polen erleben\",\"item\":\"https:\/\/instytutpolski.pl\/leipzig\/polen-erleben\/\"},{\"@type\":\"ListItem\",\"position\":3,\"name\":\"Museen in Polen\"}]},{\"@type\":\"WebSite\",\"@id\":\"https:\/\/instytutpolski.pl\/leipzig\/#website\",\"url\":\"https:\/\/instytutpolski.pl\/leipzig\/\",\"name\":\"Instytut Polski w Lipsku\",\"description\":\"Kolejna witryna sieci &#8222;Instytuty Polskie&#8221;\",\"potentialAction\":[{\"@type\":\"SearchAction\",\"target\":{\"@type\":\"EntryPoint\",\"urlTemplate\":\"https:\/\/instytutpolski.pl\/leipzig\/?s={search_term_string}\"},\"query-input\":{\"@type\":\"PropertyValueSpecification\",\"valueRequired\":true,\"valueName\":\"search_term_string\"}}],\"inLanguage\":\"pl-PL\"}]}<\/script>\n<!-- \/ Yoast SEO plugin. -->","yoast_head_json":{"title":"Museen in Polen - Instytut Polski w Lipsku","robots":{"index":"index","follow":"follow","max-snippet":"max-snippet:-1","max-image-preview":"max-image-preview:large","max-video-preview":"max-video-preview:-1"},"canonical":"https:\/\/instytutpolski.pl\/leipzig\/polen-erleben\/museen\/","og_locale":"pl_PL","og_type":"article","og_title":"Museen in Polen - Instytut Polski w Lipsku","og_description":"Hier finden Sie eine Auswahl von uns empfohlener Museen, Bildungs- und Wissenschaftszentren: Oskar Schindlers Emaillefabrik in Krak\u00f3w&gt;&gt; www.muzeumkrakowa.pl\/branches\/oskar-schindlers-factory Nowa-Huta-Museum in Krak\u00f3w&gt;&gt; www.muzeumkrakowa.pl\/branches\/1 Museum des Warschauer Aufstands&gt;&gt; www.1944.pl\/en POLIN \u2013 Museum der Geschichte der polnischen Juden&gt;&gt; www.polin.pl\/en Museum des Warschauer Ghettos&gt;&gt; 1943.pl\/en Kopernikus-Wissenschaftszentrum in Warschau&gt;&gt; www.kopernik.org.pl\/en Hydropolis \u2013 Wasser-Wissenzentrum in Wroc\u0142aw&gt;&gt; hydropolis.pl\/de Experyment \u2013 Wissenschaftszentrum in [&hellip;]","og_url":"https:\/\/instytutpolski.pl\/leipzig\/polen-erleben\/museen\/","og_site_name":"Instytut Polski w Lipsku","article_modified_time":"2020-06-25T12:02:55+00:00","og_image":[{"width":1920,"height":1264,"url":"https:\/\/instytutpolski.pl\/leipzig\/wp-content\/uploads\/sites\/29\/2020\/06\/Wissenschaft-Pixabay.jpg","type":"image\/jpeg"}],"twitter_card":"summary_large_image","twitter_misc":{"Szacowany czas czytania":"1 minuta"},"schema":{"@context":"https:\/\/schema.org","@graph":[{"@type":"WebPage","@id":"https:\/\/instytutpolski.pl\/leipzig\/polen-erleben\/museen\/","url":"https:\/\/instytutpolski.pl\/leipzig\/polen-erleben\/museen\/","name":"Museen in Polen - Instytut Polski w Lipsku","isPartOf":{"@id":"https:\/\/instytutpolski.pl\/leipzig\/#website"},"primaryImageOfPage":{"@id":"https:\/\/instytutpolski.pl\/leipzig\/polen-erleben\/museen\/#primaryimage"},"image":{"@id":"https:\/\/instytutpolski.pl\/leipzig\/polen-erleben\/museen\/#primaryimage"},"thumbnailUrl":"https:\/\/instytutpolski.pl\/leipzig\/wp-content\/uploads\/sites\/29\/2020\/06\/Wissenschaft-Pixabay.jpg","datePublished":"2019-07-11T06:42:34+00:00","dateModified":"2020-06-25T12:02:55+00:00","breadcrumb":{"@id":"https:\/\/instytutpolski.pl\/leipzig\/polen-erleben\/museen\/#breadcrumb"},"inLanguage":"pl-PL","potentialAction":[{"@type":"ReadAction","target":["https:\/\/instytutpolski.pl\/leipzig\/polen-erleben\/museen\/"]}]},{"@type":"ImageObject","inLanguage":"pl-PL","@id":"https:\/\/instytutpolski.pl\/leipzig\/polen-erleben\/museen\/#primaryimage","url":"https:\/\/instytutpolski.pl\/leipzig\/wp-content\/uploads\/sites\/29\/2020\/06\/Wissenschaft-Pixabay.jpg","contentUrl":"https:\/\/instytutpolski.pl\/leipzig\/wp-content\/uploads\/sites\/29\/2020\/06\/Wissenschaft-Pixabay.jpg","width":1920,"height":1264},{"@type":"BreadcrumbList","@id":"https:\/\/instytutpolski.pl\/leipzig\/polen-erleben\/museen\/#breadcrumb","itemListElement":[{"@type":"ListItem","position":1,"name":"Home","item":"https:\/\/instytutpolski.pl\/leipzig\/"},{"@type":"ListItem","position":2,"name":"Polen erleben","item":"https:\/\/instytutpolski.pl\/leipzig\/polen-erleben\/"},{"@type":"ListItem","position":3,"name":"Museen in Polen"}]},{"@type":"WebSite","@id":"https:\/\/instytutpolski.pl\/leipzig\/#website","url":"https:\/\/instytutpolski.pl\/leipzig\/","name":"Instytut Polski w Lipsku","description":"Kolejna witryna sieci &#8222;Instytuty Polskie&#8221;","potentialAction":[{"@type":"SearchAction","target":{"@type":"EntryPoint","urlTemplate":"https:\/\/instytutpolski.pl\/leipzig\/?s={search_term_string}"},"query-input":{"@type":"PropertyValueSpecification","valueRequired":true,"valueName":"search_term_string"}}],"inLanguage":"pl-PL"}]}},"_links":{"self":[{"href":"https:\/\/instytutpolski.pl\/leipzig\/wp-json\/wp\/v2\/pages\/61","targetHints":{"allow":["GET"]}}],"collection":[{"href":"https:\/\/instytutpolski.pl\/leipzig\/wp-json\/wp\/v2\/pages"}],"about":[{"href":"https:\/\/instytutpolski.pl\/leipzig\/wp-json\/wp\/v2\/types\/page"}],"author":[{"embeddable":true,"href":"https:\/\/instytutpolski.pl\/leipzig\/wp-json\/wp\/v2\/users\/1"}],"replies":[{"embeddable":true,"href":"https:\/\/instytutpolski.pl\/leipzig\/wp-json\/wp\/v2\/comments?post=61"}],"version-history":[{"count":15,"href":"https:\/\/instytutpolski.pl\/leipzig\/wp-json\/wp\/v2\/pages\/61\/revisions"}],"predecessor-version":[{"id":1178,"href":"https:\/\/instytutpolski.pl\/leipzig\/wp-json\/wp\/v2\/pages\/61\/revisions\/1178"}],"up":[{"embeddable":true,"href":"https:\/\/instytutpolski.pl\/leipzig\/wp-json\/wp\/v2\/pages\/27"}],"wp:featuredmedia":[{"embeddable":true,"href":"https:\/\/instytutpolski.pl\/leipzig\/wp-json\/wp\/v2\/media\/1179"}],"wp:attachment":[{"href":"https:\/\/instytutpolski.pl\/leipzig\/wp-json\/wp\/v2\/media?parent=61"}],"curies":[{"name":"wp","href":"https:\/\/api.w.org\/{rel}","templated":true}]}}