{"id":7935,"date":"2023-01-30T11:46:39","date_gmt":"2023-01-30T10:46:39","guid":{"rendered":"https:\/\/instytutpolski.pl\/leipzig\/?page_id=7935"},"modified":"2023-01-30T12:33:37","modified_gmt":"2023-01-30T11:33:37","slug":"solidarnosc-gedenktafel","status":"publish","type":"page","link":"https:\/\/instytutpolski.pl\/leipzig\/ueber-uns\/gedenkorte\/solidarnosc-gedenktafel\/","title":{"rendered":"Solidarno\u015b\u0107-Gedenktafel (2014)"},"content":{"rendered":"\n<p>Im Rahmen der deutsch-polnischen Konferenz mit Zeitzeug*innen \u201e25 Jahre freie Wahlen in Polen und friedliche Revolution in der DDR. Was k\u00f6nnen wir f\u00fcr Gegenwart und Zukunft lernen?\u201c (07.\/08.04.2014) wurde eine zweisprachige Gedenktafel enth\u00fcllt, die seitdem an die wichtige Rolle der St\u00e4dte Gda\u0144sk und Leipzig f\u00fcr die friedlichen Umbr\u00fcche im \u00f6stlichen Mitteleuropa erinnert. Die Initiative zur Errichtung der Tafel ging vom Polnischen Institut und dem Europ\u00e4ischen Solidarno\u015b\u0107-Zentrums in Gda\u0144sk aus, welche gemeinsam die Tafel stifteten.<\/p>\n<p>An der feierlichen Enth\u00fcllung nahmen u.a. der Oberb\u00fcrgermeister der Stadt Leipzig <strong>Burkhard Jung<\/strong>, der Direktor des Europ\u00e4ischen Solidarno\u015b\u0107-Zentrums Gda\u0144sk <strong>Basil Kerski<\/strong> und der stellvertretende Direktor des Polnischen Institus Berlin Titularbotschafter <strong>Wojciech Wi\u0119ckowski<\/strong> teil. Anlass der Enth\u00fcllung war das 25. Jubil\u00e4um der esten (halb)freien Wahlen in Polen sowie der friedlichen Revolution in der Volksrepublik Polen und der DDR.<\/p>\n<p>\u00a0<\/p>\n<p><img loading=\"lazy\" decoding=\"async\" class=\"aligncenter wp-image-7939 size-large\" src=\"https:\/\/instytutpolski.pl\/leipzig\/wp-content\/uploads\/sites\/29\/2023\/01\/2014-04-08-GESCHICHTE-Solidarnosc-Konferenz-tablica-025_cut-1024x624.jpg\" alt=\"\" width=\"1024\" height=\"624\" srcset=\"https:\/\/instytutpolski.pl\/leipzig\/wp-content\/uploads\/sites\/29\/2023\/01\/2014-04-08-GESCHICHTE-Solidarnosc-Konferenz-tablica-025_cut-1024x624.jpg 1024w, https:\/\/instytutpolski.pl\/leipzig\/wp-content\/uploads\/sites\/29\/2023\/01\/2014-04-08-GESCHICHTE-Solidarnosc-Konferenz-tablica-025_cut-300x183.jpg 300w, https:\/\/instytutpolski.pl\/leipzig\/wp-content\/uploads\/sites\/29\/2023\/01\/2014-04-08-GESCHICHTE-Solidarnosc-Konferenz-tablica-025_cut-768x468.jpg 768w, https:\/\/instytutpolski.pl\/leipzig\/wp-content\/uploads\/sites\/29\/2023\/01\/2014-04-08-GESCHICHTE-Solidarnosc-Konferenz-tablica-025_cut-1536x937.jpg 1536w, https:\/\/instytutpolski.pl\/leipzig\/wp-content\/uploads\/sites\/29\/2023\/01\/2014-04-08-GESCHICHTE-Solidarnosc-Konferenz-tablica-025_cut.jpg 1953w\" sizes=\"auto, (max-width: 1024px) 100vw, 1024px\" \/><\/p>\n<p>\u00a0<\/p>\n<p><strong>Ort:<\/strong> Leipzig, Augustusplatz, Ostseite auf H\u00f6he der ehemaligen Hauptpost<br \/><strong>Enth\u00fcllungs-Datum:<\/strong> 08.04.2014 <br \/><strong>Inschrift: <\/strong>Za wolno\u015b\u0107 nasz\u0105 i wasz\u0105 \/ Pokojowe rewolucje roku 1989 w\u00a0 Europie jednoczy\u0142o przes\u0142anie wolno\u015bci. Polska droga ku wolno\u015bci rozpocz\u0119\u0142a si\u0119 latem 1980 roku wraz z powstaniem \u201eNSZZ Solidarno\u015b\u0107\u201c, pierwszego w bloku sowieckim wolnego ruchu zwi\u0105zkowego. Walka o poszanowanie godno\u015bci ludzkiej i demokracj\u0119, prowadzona pokojowymi metodami, doprowadzi\u0142a 4 czerwca 1989 roku do pierwszych po II wojnie \u015bwiatowej wolnych wybor\u00f3w w Polsce. Zwyci\u0119stwo Solidarno\u015bci wzmocni\u0142o ruch obywatelski w NRD i przyczyni\u0142o si\u0119 do jedno\u015bci Niemiec. Pokonanie dyktatury SED i ponowne zjednoczenie Niemiec umocni\u0142o natomiast wolno\u015b\u0107 Polski. \/ Solidarno\u015b\u0107 narod\u00f3w jest warunkiem trwania wolno\u015bci. \/ W 25 rocznic\u0119 rewolucji, tablica ufundowana przez Fili\u0119 Lipsk Instytutu Polskiego w Berlinie oraz Europejskie Centrum Colidarno\u015bci w Gda\u0144sku<\/p>\n<p>F\u00fcr unsere und eure Freiheit \/ Die friedlichen Revolutionen von 1989 in Europa einte der der Ruf nach Freiheit. Polens Weg in die Freiheit begann im Sommer 1980 mit der Gr\u00fcndung der ersten freien Gewerkschaftsbewegung im Sowjetblock, der Solidarno\u015b\u0107. Ihr friedlicher Kampf f\u00fcr die Achtung der Menschenw\u00fcrde und f\u00fcr Demokratie f\u00fchrte am 4. Juni 1989 zu den ersten freien Wahlen in Polen nach dem Zweiten Weltkrieg. Der Sieg der Solidarno\u015b\u0107 st\u00e4rkte die B\u00fcrgerbewegung in der DDR und trug zur deutschen Einheit bei. Polens Freiheit wiederum wurde durch die Beseitigung der SED-Diktatur und die Wiedervereinigung Deutschlands gefestigt. \/ Freiheit kann nur durch die Solidarit\u00e4t der V\u00f6lker dauerhaft sein. \/ Zum 25. Jahrestag der friedlichen Revolutionen gestiftet von der Filiale Leipzig des Polnischen Instituts Berlin und dem Europ\u00e4ischen Solidarno\u015b\u0107-Zentrum in Gda\u0144sk\/Danzig<\/p>\n<p>\u00a0<\/p>\n<p><img loading=\"lazy\" decoding=\"async\" class=\"aligncenter wp-image-7940 size-large\" src=\"https:\/\/instytutpolski.pl\/leipzig\/wp-content\/uploads\/sites\/29\/2023\/01\/2014-04-08-GESCHICHTE-Solidarnosc-Konferenz-tablica-046_cut-1024x767.jpg\" alt=\"\" width=\"1024\" height=\"767\" srcset=\"https:\/\/instytutpolski.pl\/leipzig\/wp-content\/uploads\/sites\/29\/2023\/01\/2014-04-08-GESCHICHTE-Solidarnosc-Konferenz-tablica-046_cut-1024x768.jpg 1024w, https:\/\/instytutpolski.pl\/leipzig\/wp-content\/uploads\/sites\/29\/2023\/01\/2014-04-08-GESCHICHTE-Solidarnosc-Konferenz-tablica-046_cut-300x225.jpg 300w, https:\/\/instytutpolski.pl\/leipzig\/wp-content\/uploads\/sites\/29\/2023\/01\/2014-04-08-GESCHICHTE-Solidarnosc-Konferenz-tablica-046_cut-768x576.jpg 768w, https:\/\/instytutpolski.pl\/leipzig\/wp-content\/uploads\/sites\/29\/2023\/01\/2014-04-08-GESCHICHTE-Solidarnosc-Konferenz-tablica-046_cut-1536x1151.jpg 1536w, https:\/\/instytutpolski.pl\/leipzig\/wp-content\/uploads\/sites\/29\/2023\/01\/2014-04-08-GESCHICHTE-Solidarnosc-Konferenz-tablica-046_cut.jpg 2000w\" sizes=\"auto, (max-width: 1024px) 100vw, 1024px\" \/><\/p>\n<p>\u00a0<\/p>\n<p><strong>Weitere Gedenkorte in Leipzig:<\/strong><\/p>\n<ul style=\"list-style-type: circle\">\n<li><a href=\"https:\/\/instytutpolski.pl\/leipzig\/uber-uns\/gedenkorte\/jan-karski-baum\/\">Jan-Karski-Gedenkbaum<\/a><\/li>\n<li><a href=\"https:\/\/instytutpolski.pl\/leipzig\/uber-uns\/gedenkorte\/raczynski-baum\/\">Edward-Raczy\u0144ski-Gedenkbaum<\/a><\/li>\n<li><a href=\"https:\/\/instytutpolski.pl\/leipzig\/uber-uns\/gedenkorte\/penderecki-baum-2020\/\">Krzysztof-Penderecki-Gedenkbaum<\/a><\/li>\n<\/ul>\n\n\n\n<p><\/p>\n\n\n","protected":false},"excerpt":{"rendered":"<p>Im Rahmen der deutsch-polnischen Konferenz mit Zeitzeug*innen \u201e25 Jahre freie Wahlen in Polen und friedliche Revolution in der DDR. Was k\u00f6nnen wir f\u00fcr Gegenwart und Zukunft lernen?\u201c (07.\/08.04.2014) wurde eine zweisprachige Gedenktafel enth\u00fcllt, die seitdem an die wichtige Rolle der St\u00e4dte Gda\u0144sk und Leipzig f\u00fcr die friedlichen Umbr\u00fcche im \u00f6stlichen Mitteleuropa erinnert. Die Initiative zur [&hellip;]<\/p>\n","protected":false},"author":79,"featured_media":7936,"parent":2818,"menu_order":0,"comment_status":"closed","ping_status":"closed","template":"","meta":{"inline_featured_image":false,"_monsterinsights_skip_tracking":false,"_monsterinsights_sitenote_active":false,"_monsterinsights_sitenote_note":"","_monsterinsights_sitenote_category":0,"footnotes":""},"class_list":["post-7935","page","type-page","status-publish","has-post-thumbnail","hentry"],"yoast_head":"<!-- This site is optimized with the Yoast SEO plugin v24.6 - https:\/\/yoast.com\/wordpress\/plugins\/seo\/ -->\n<title>Solidarno\u015b\u0107-Gedenktafel (2014) - Instytut Polski w Lipsku<\/title>\n<meta name=\"robots\" content=\"index, follow, max-snippet:-1, max-image-preview:large, max-video-preview:-1\" \/>\n<link rel=\"canonical\" href=\"https:\/\/instytutpolski.pl\/leipzig\/ueber-uns\/gedenkorte\/solidarnosc-gedenktafel\/\" \/>\n<meta property=\"og:locale\" content=\"pl_PL\" \/>\n<meta property=\"og:type\" content=\"article\" \/>\n<meta property=\"og:title\" content=\"Solidarno\u015b\u0107-Gedenktafel (2014) - Instytut Polski w Lipsku\" \/>\n<meta property=\"og:description\" content=\"Im Rahmen der deutsch-polnischen Konferenz mit Zeitzeug*innen \u201e25 Jahre freie Wahlen in Polen und friedliche Revolution in der DDR. Was k\u00f6nnen wir f\u00fcr Gegenwart und Zukunft lernen?\u201c (07.\/08.04.2014) wurde eine zweisprachige Gedenktafel enth\u00fcllt, die seitdem an die wichtige Rolle der St\u00e4dte Gda\u0144sk und Leipzig f\u00fcr die friedlichen Umbr\u00fcche im \u00f6stlichen Mitteleuropa erinnert. Die Initiative zur [&hellip;]\" \/>\n<meta property=\"og:url\" content=\"https:\/\/instytutpolski.pl\/leipzig\/ueber-uns\/gedenkorte\/solidarnosc-gedenktafel\/\" \/>\n<meta property=\"og:site_name\" content=\"Instytut Polski w Lipsku\" \/>\n<meta property=\"article:modified_time\" content=\"2023-01-30T11:33:37+00:00\" \/>\n<meta property=\"og:image\" content=\"https:\/\/instytutpolski.pl\/leipzig\/wp-content\/uploads\/sites\/29\/2023\/01\/Solidarnosc-Tafel-2_cut.jpg\" \/>\n\t<meta property=\"og:image:width\" content=\"2000\" \/>\n\t<meta property=\"og:image:height\" content=\"706\" \/>\n\t<meta property=\"og:image:type\" content=\"image\/jpeg\" \/>\n<meta name=\"twitter:card\" content=\"summary_large_image\" \/>\n<meta name=\"twitter:label1\" content=\"Szacowany czas czytania\" \/>\n\t<meta name=\"twitter:data1\" content=\"3 minuty\" \/>\n<script type=\"application\/ld+json\" class=\"yoast-schema-graph\">{\"@context\":\"https:\/\/schema.org\",\"@graph\":[{\"@type\":\"WebPage\",\"@id\":\"https:\/\/instytutpolski.pl\/leipzig\/ueber-uns\/gedenkorte\/solidarnosc-gedenktafel\/\",\"url\":\"https:\/\/instytutpolski.pl\/leipzig\/ueber-uns\/gedenkorte\/solidarnosc-gedenktafel\/\",\"name\":\"Solidarno\u015b\u0107-Gedenktafel (2014) - Instytut Polski w Lipsku\",\"isPartOf\":{\"@id\":\"https:\/\/instytutpolski.pl\/leipzig\/#website\"},\"primaryImageOfPage\":{\"@id\":\"https:\/\/instytutpolski.pl\/leipzig\/ueber-uns\/gedenkorte\/solidarnosc-gedenktafel\/#primaryimage\"},\"image\":{\"@id\":\"https:\/\/instytutpolski.pl\/leipzig\/ueber-uns\/gedenkorte\/solidarnosc-gedenktafel\/#primaryimage\"},\"thumbnailUrl\":\"https:\/\/instytutpolski.pl\/leipzig\/wp-content\/uploads\/sites\/29\/2023\/01\/Solidarnosc-Tafel-2_cut.jpg\",\"datePublished\":\"2023-01-30T10:46:39+00:00\",\"dateModified\":\"2023-01-30T11:33:37+00:00\",\"breadcrumb\":{\"@id\":\"https:\/\/instytutpolski.pl\/leipzig\/ueber-uns\/gedenkorte\/solidarnosc-gedenktafel\/#breadcrumb\"},\"inLanguage\":\"pl-PL\",\"potentialAction\":[{\"@type\":\"ReadAction\",\"target\":[\"https:\/\/instytutpolski.pl\/leipzig\/ueber-uns\/gedenkorte\/solidarnosc-gedenktafel\/\"]}]},{\"@type\":\"ImageObject\",\"inLanguage\":\"pl-PL\",\"@id\":\"https:\/\/instytutpolski.pl\/leipzig\/ueber-uns\/gedenkorte\/solidarnosc-gedenktafel\/#primaryimage\",\"url\":\"https:\/\/instytutpolski.pl\/leipzig\/wp-content\/uploads\/sites\/29\/2023\/01\/Solidarnosc-Tafel-2_cut.jpg\",\"contentUrl\":\"https:\/\/instytutpolski.pl\/leipzig\/wp-content\/uploads\/sites\/29\/2023\/01\/Solidarnosc-Tafel-2_cut.jpg\",\"width\":2000,\"height\":706},{\"@type\":\"BreadcrumbList\",\"@id\":\"https:\/\/instytutpolski.pl\/leipzig\/ueber-uns\/gedenkorte\/solidarnosc-gedenktafel\/#breadcrumb\",\"itemListElement\":[{\"@type\":\"ListItem\",\"position\":1,\"name\":\"Home\",\"item\":\"https:\/\/instytutpolski.pl\/leipzig\/\"},{\"@type\":\"ListItem\",\"position\":2,\"name\":\"\u00dcber uns\",\"item\":\"https:\/\/instytutpolski.pl\/leipzig\/ueber-uns\/\"},{\"@type\":\"ListItem\",\"position\":3,\"name\":\"Gedenkorte\",\"item\":\"https:\/\/instytutpolski.pl\/leipzig\/ueber-uns\/gedenkorte\/\"},{\"@type\":\"ListItem\",\"position\":4,\"name\":\"Solidarno\u015b\u0107-Gedenktafel (2014)\"}]},{\"@type\":\"WebSite\",\"@id\":\"https:\/\/instytutpolski.pl\/leipzig\/#website\",\"url\":\"https:\/\/instytutpolski.pl\/leipzig\/\",\"name\":\"Instytut Polski w Lipsku\",\"description\":\"Kolejna witryna sieci &#8222;Instytuty Polskie&#8221;\",\"potentialAction\":[{\"@type\":\"SearchAction\",\"target\":{\"@type\":\"EntryPoint\",\"urlTemplate\":\"https:\/\/instytutpolski.pl\/leipzig\/?s={search_term_string}\"},\"query-input\":{\"@type\":\"PropertyValueSpecification\",\"valueRequired\":true,\"valueName\":\"search_term_string\"}}],\"inLanguage\":\"pl-PL\"}]}<\/script>\n<!-- \/ Yoast SEO plugin. -->","yoast_head_json":{"title":"Solidarno\u015b\u0107-Gedenktafel (2014) - Instytut Polski w Lipsku","robots":{"index":"index","follow":"follow","max-snippet":"max-snippet:-1","max-image-preview":"max-image-preview:large","max-video-preview":"max-video-preview:-1"},"canonical":"https:\/\/instytutpolski.pl\/leipzig\/ueber-uns\/gedenkorte\/solidarnosc-gedenktafel\/","og_locale":"pl_PL","og_type":"article","og_title":"Solidarno\u015b\u0107-Gedenktafel (2014) - Instytut Polski w Lipsku","og_description":"Im Rahmen der deutsch-polnischen Konferenz mit Zeitzeug*innen \u201e25 Jahre freie Wahlen in Polen und friedliche Revolution in der DDR. Was k\u00f6nnen wir f\u00fcr Gegenwart und Zukunft lernen?\u201c (07.\/08.04.2014) wurde eine zweisprachige Gedenktafel enth\u00fcllt, die seitdem an die wichtige Rolle der St\u00e4dte Gda\u0144sk und Leipzig f\u00fcr die friedlichen Umbr\u00fcche im \u00f6stlichen Mitteleuropa erinnert. Die Initiative zur [&hellip;]","og_url":"https:\/\/instytutpolski.pl\/leipzig\/ueber-uns\/gedenkorte\/solidarnosc-gedenktafel\/","og_site_name":"Instytut Polski w Lipsku","article_modified_time":"2023-01-30T11:33:37+00:00","og_image":[{"width":2000,"height":706,"url":"https:\/\/instytutpolski.pl\/leipzig\/wp-content\/uploads\/sites\/29\/2023\/01\/Solidarnosc-Tafel-2_cut.jpg","type":"image\/jpeg"}],"twitter_card":"summary_large_image","twitter_misc":{"Szacowany czas czytania":"3 minuty"},"schema":{"@context":"https:\/\/schema.org","@graph":[{"@type":"WebPage","@id":"https:\/\/instytutpolski.pl\/leipzig\/ueber-uns\/gedenkorte\/solidarnosc-gedenktafel\/","url":"https:\/\/instytutpolski.pl\/leipzig\/ueber-uns\/gedenkorte\/solidarnosc-gedenktafel\/","name":"Solidarno\u015b\u0107-Gedenktafel (2014) - Instytut Polski w Lipsku","isPartOf":{"@id":"https:\/\/instytutpolski.pl\/leipzig\/#website"},"primaryImageOfPage":{"@id":"https:\/\/instytutpolski.pl\/leipzig\/ueber-uns\/gedenkorte\/solidarnosc-gedenktafel\/#primaryimage"},"image":{"@id":"https:\/\/instytutpolski.pl\/leipzig\/ueber-uns\/gedenkorte\/solidarnosc-gedenktafel\/#primaryimage"},"thumbnailUrl":"https:\/\/instytutpolski.pl\/leipzig\/wp-content\/uploads\/sites\/29\/2023\/01\/Solidarnosc-Tafel-2_cut.jpg","datePublished":"2023-01-30T10:46:39+00:00","dateModified":"2023-01-30T11:33:37+00:00","breadcrumb":{"@id":"https:\/\/instytutpolski.pl\/leipzig\/ueber-uns\/gedenkorte\/solidarnosc-gedenktafel\/#breadcrumb"},"inLanguage":"pl-PL","potentialAction":[{"@type":"ReadAction","target":["https:\/\/instytutpolski.pl\/leipzig\/ueber-uns\/gedenkorte\/solidarnosc-gedenktafel\/"]}]},{"@type":"ImageObject","inLanguage":"pl-PL","@id":"https:\/\/instytutpolski.pl\/leipzig\/ueber-uns\/gedenkorte\/solidarnosc-gedenktafel\/#primaryimage","url":"https:\/\/instytutpolski.pl\/leipzig\/wp-content\/uploads\/sites\/29\/2023\/01\/Solidarnosc-Tafel-2_cut.jpg","contentUrl":"https:\/\/instytutpolski.pl\/leipzig\/wp-content\/uploads\/sites\/29\/2023\/01\/Solidarnosc-Tafel-2_cut.jpg","width":2000,"height":706},{"@type":"BreadcrumbList","@id":"https:\/\/instytutpolski.pl\/leipzig\/ueber-uns\/gedenkorte\/solidarnosc-gedenktafel\/#breadcrumb","itemListElement":[{"@type":"ListItem","position":1,"name":"Home","item":"https:\/\/instytutpolski.pl\/leipzig\/"},{"@type":"ListItem","position":2,"name":"\u00dcber uns","item":"https:\/\/instytutpolski.pl\/leipzig\/ueber-uns\/"},{"@type":"ListItem","position":3,"name":"Gedenkorte","item":"https:\/\/instytutpolski.pl\/leipzig\/ueber-uns\/gedenkorte\/"},{"@type":"ListItem","position":4,"name":"Solidarno\u015b\u0107-Gedenktafel (2014)"}]},{"@type":"WebSite","@id":"https:\/\/instytutpolski.pl\/leipzig\/#website","url":"https:\/\/instytutpolski.pl\/leipzig\/","name":"Instytut Polski w Lipsku","description":"Kolejna witryna sieci &#8222;Instytuty Polskie&#8221;","potentialAction":[{"@type":"SearchAction","target":{"@type":"EntryPoint","urlTemplate":"https:\/\/instytutpolski.pl\/leipzig\/?s={search_term_string}"},"query-input":{"@type":"PropertyValueSpecification","valueRequired":true,"valueName":"search_term_string"}}],"inLanguage":"pl-PL"}]}},"_links":{"self":[{"href":"https:\/\/instytutpolski.pl\/leipzig\/wp-json\/wp\/v2\/pages\/7935","targetHints":{"allow":["GET"]}}],"collection":[{"href":"https:\/\/instytutpolski.pl\/leipzig\/wp-json\/wp\/v2\/pages"}],"about":[{"href":"https:\/\/instytutpolski.pl\/leipzig\/wp-json\/wp\/v2\/types\/page"}],"author":[{"embeddable":true,"href":"https:\/\/instytutpolski.pl\/leipzig\/wp-json\/wp\/v2\/users\/79"}],"replies":[{"embeddable":true,"href":"https:\/\/instytutpolski.pl\/leipzig\/wp-json\/wp\/v2\/comments?post=7935"}],"version-history":[{"count":13,"href":"https:\/\/instytutpolski.pl\/leipzig\/wp-json\/wp\/v2\/pages\/7935\/revisions"}],"predecessor-version":[{"id":7964,"href":"https:\/\/instytutpolski.pl\/leipzig\/wp-json\/wp\/v2\/pages\/7935\/revisions\/7964"}],"up":[{"embeddable":true,"href":"https:\/\/instytutpolski.pl\/leipzig\/wp-json\/wp\/v2\/pages\/2818"}],"wp:featuredmedia":[{"embeddable":true,"href":"https:\/\/instytutpolski.pl\/leipzig\/wp-json\/wp\/v2\/media\/7936"}],"wp:attachment":[{"href":"https:\/\/instytutpolski.pl\/leipzig\/wp-json\/wp\/v2\/media?parent=7935"}],"curies":[{"name":"wp","href":"https:\/\/api.w.org\/{rel}","templated":true}]}}