{"id":11,"date":"2019-06-04T13:56:07","date_gmt":"2019-06-04T11:56:07","guid":{"rendered":"https:\/\/instytutpolski.pl\/londyn\/?page_id=11"},"modified":"2019-06-04T13:56:08","modified_gmt":"2019-06-04T11:56:08","slug":"links","status":"publish","type":"page","link":"https:\/\/instytutpolski.pl\/london\/links\/","title":{"rendered":"Links"},"content":{"rendered":"\n<div id=\"c469\">\n<h2>Foreign Affairs and Diplomatic Offices<\/h2>\n<div class=\"ce-textpic ce-center ce-above\">\n<div class=\"ce-bodytext\">\n<h3>Ministry of Foreign Affairs of the Republic of Poland<\/h3>\n<p>Al. J. Szucha 23 <br \/>Warszawa 00-580 <br \/>Poland <br \/>T: 0048 22 523 900<br \/><a href=\"http:\/\/www.msz.gov.pl\/index.php?document=2\" target=\"_blank\" rel=\"noopener noreferrer\">www.msz.gov.pl<\/a><\/p>\n<h3>Embassy of the Republic of Poland<\/h3>\n<p>47 Portland Place<br \/>London W1B 1JH <br \/>T: 0207 2913 520 <br \/>Email: <a href=\"mailto:london@msz.gov.pl\">london@msz.gov.pl<\/a><br \/><a href=\"http:\/\/www.london.polemb.net\/index.php?\" target=\"_blank\" rel=\"noopener noreferrer\">www.london.polemb.net<\/a><\/p>\n<h3>Polish Institutes in the world:<\/h3>\n<p>Polish Institute in Berlin: <a href=\"http:\/\/www.polnischekultur.de\" target=\"_blank\" rel=\"noopener noreferrer\">www.polnischekultur.de <\/a><br \/>Polish Institute in Berlin &#8211; branch in Leipzig <a href=\"http:\/\/www.leipzig.polnischekultur.de\/\" target=\"_blank\" rel=\"noopener noreferrer\">www.leipzig.polnischekultur.de<\/a><br \/>Polish Institute in Bratislava: <a href=\"http:\/\/www.polinst.sk\" target=\"_blank\" rel=\"noopener noreferrer\">www.polinst.sk <\/a><br \/>Polish Institute in Brussels: <a href=\"http:\/\/www.culturepolonaise.eu\" target=\"_blank\" rel=\"noopener noreferrer\">www.culturepolonaise.eu<\/a> <br \/>Polish Institute in Bucharest <a href=\"http:\/\/www.culturapoloneza.ro\/\" target=\"_blank\" rel=\"noopener noreferrer\">www.culturapoloneza.ro<\/a><br \/>Polish Institute in Budapest: <a href=\"http:\/\/www.polinst.hu\" target=\"_blank\" rel=\"noopener noreferrer\">www.polinst.hu <\/a><br \/>Polish Institute in Dusseldorf: <a href=\"http:\/\/www.pol-institut.de\" target=\"_blank\" rel=\"noopener noreferrer\">www.polnisches-institut.de <\/a><br \/>Polish Institute in Kiev: <a href=\"http:\/\/www.polinst.kiev.ua\" target=\"_blank\" rel=\"noopener noreferrer\">www.polinst.kiev.ua <\/a><br \/>Polish Institute in Madrid: <a href=\"http:\/\/www.culturapolaca.es\" target=\"_blank\" rel=\"noopener noreferrer\">www.culturapolaca.es<\/a> <br \/>Polish Institute in Minsk: <a href=\"http:\/\/instpol.by\" target=\"_blank\" rel=\"noopener noreferrer\">instpol.by <\/a><br \/>Polish Institute in Moscow: <a href=\"http:\/\/www.ipol.ru\" target=\"_blank\" rel=\"noopener noreferrer\">www.ipol.ru <\/a><br \/>Polish Cultural Institute in New York: <a href=\"http:\/\/www.polishculture-nyc.org\" target=\"_blank\" rel=\"noopener noreferrer\">www.polishculture-nyc.org<\/a> <br \/>Polish Institute in Paris: <a href=\"http:\/\/www.institut.pologne.net\" target=\"_blank\" rel=\"noopener noreferrer\">www.institut.pologne.net <\/a><br \/>Polish Institute in Prague: <a href=\"http:\/\/www.polskyinstitut.cz\" target=\"_blank\" rel=\"noopener noreferrer\">www.polskyinstitut.cz <\/a><br \/>Polish Institute in Rome: <a href=\"http:\/\/www.istitutopolacco.it\" target=\"_blank\" rel=\"noopener noreferrer\">www.istitutopolacco.it <\/a><br \/>Polish Institute in Sankt Petersburg: <a href=\"http:\/\/www.polinst.ru\" target=\"_blank\" rel=\"noopener noreferrer\">www.polinst.ru <\/a><br \/>Polish Institute in Sofia: <a href=\"http:\/\/www.polinst-bg.org\" target=\"_blank\" rel=\"noopener noreferrer\">www.polinst-bg.org <\/a><br \/>Polish Institute in Stockholm: <a href=\"http:\/\/www.polskainstitutet.se\" target=\"_blank\" rel=\"noopener noreferrer\">www.polskainstitutet.se<\/a> <br \/>Polish Institute in Tel Aviv: <a href=\"http:\/\/www.polishinstitute.org.il\" target=\"_blank\" rel=\"noopener noreferrer\">www.polishinstitute.org.il <\/a><br \/>Polish Institute in Vienna: <a href=\"http:\/\/www.polnisches-institut.at\" target=\"_blank\" rel=\"noopener noreferrer\">www.polnisches-institut.at <\/a><br \/>Polish Institute in Vilnius: <a href=\"http:\/\/www.lenkukultura.lt\" target=\"_blank\" rel=\"noopener noreferrer\">www.lenkukultura.lt\u00a0<\/a><\/p>\n<p>\u00a0<\/p>\n<\/div>\n<\/div>\n<\/div>\n<div id=\"c470\">\n<h2>About Poland and Visting Poland<\/h2>\n<div class=\"ce-textpic ce-center ce-above\">\n<div class=\"ce-bodytext\">\n<h3>Official Promotional Website of the Republic of Poland<\/h3>\n<p><a href=\"http:\/\/www.poland.gov.pl\/index.php?document=2\" target=\"_blank\" rel=\"noopener noreferrer\">www.poland.gov.pl<\/a><\/p>\n<h3>Polish National Tourist Office in the UK<\/h3>\n<p>Westgate House <br \/>West Gate<br \/>London W5 1YY <br \/>T: 0870 067 5010 <br \/><a href=\"http:\/\/www.poland.travel\/en-gb\/\" target=\"_blank\" rel=\"noopener noreferrer\">www.poland.travel\/en-gb\/<br \/><\/a><\/p>\n<h3>Culture.pl<\/h3>\n<p><a href=\"http:\/\/culture.pl\/en\" target=\"_blank\" rel=\"noopener noreferrer\">http:\/\/culture.pl\/en<\/a><\/p>\n<\/div>\n<\/div>\n<\/div>\n<div id=\"c471\">\n<div class=\"ce-textpic ce-center ce-above\">\n<div class=\"ce-bodytext\">\u00a0<\/div>\n<\/div>\n<\/div>\n<div id=\"c93\">\n<div class=\"ce-textpic ce-center ce-below\">\n<div class=\"ce-bodytext\">\n<h1>Learn Polish in the UK<\/h1>\n<h3>University Courses:<\/h3>\n<h3>SEES UCL:<\/h3>\n<p>BA Degrees in Polish Language:\u00a0<\/p>\n<ul>\n<li>Polish and Easter European Studies<\/li>\n<li>Modern Languages (Polish and another language)<\/li>\n<\/ul>\n<p>find out more\u00a0 at\u00a0<a href=\"http:\/\/www.ssees.ucl.ac.uk\/bapolees.htm\" target=\"_blank\" rel=\"noopener noreferrer\">www.ssees.ucl.ac.uk\/bapolees.htm\u00a0<br \/><\/a><\/p>\n<h3>University of Glasgow, School of Modern Languages and Cultures:<\/h3>\n<p>BA Degree in Polish Language\u00a0<\/p>\n<ul>\n<li>Polish Language: find out more at\u00a0<a href=\"http:\/\/www.gla.ac.uk\/departments\/slavonic\/undergraduatestudy\/polish\/\" target=\"_blank\" rel=\"noopener noreferrer\">www.gla.ac.uk\/departments\/slavonic\/undergraduatestudy\/polish\/<\/a><\/li>\n<li>Slavonic Studies: find out more at\u00a0<a href=\"http:\/\/www.gla.ac.uk\/departments\/slavonic\/undergraduatestudy\/slavonicstudies\/\" target=\"_blank\" rel=\"noopener noreferrer\">www.gla.ac.uk\/departments\/slavonic\/undergraduatestudy\/slavonicstudies\/<\/a>\u00a0<\/li>\n<li>Slavonic and East European Studies: find out more at\u00a0<a href=\"http:\/\/www.gla.ac.uk\/departments\/slavonic\/undergraduatestudy\/slavoniceasteuropeanstudies\/\" target=\"_blank\" rel=\"noopener noreferrer\">www.gla.ac.uk\/departments\/slavonic\/undergraduatestudy\/slavoniceasteuropeanstudies\/<\/a><\/li>\n<\/ul>\n<p>Postgraduate Studies in Polish Language:<\/p>\n<ul>\n<li>PG Diploma in Polish Language: find out more at\u00a0<a href=\"http:\/\/www.gla.ac.uk\/departments\/slavonic\/postgraduatestudy\/pgdiplomainpolishlanguage\/\" target=\"_blank\" rel=\"noopener noreferrer\">www.gla.ac.uk\/departments\/slavonic\/postgraduatestudy\/pgdiplomainpolishlanguage\/<\/a><\/li>\n<\/ul>\n<p>\u00a0<\/p>\n<h3>University of Sheffield:<\/h3>\n<p>BA Degrees with Polish Language:<\/p>\n<ul>\n<li>Russian with Polish\u00a0<\/li>\n<li>French with Polish<\/li>\n<li>German with Polish<\/li>\n<li>Hispanic Studies with Polish<\/li>\n<li>Archeology and Slavonic Studies<\/li>\n<li>Modern Languages<\/li>\n<\/ul>\n<p>Fina out more at\u00a0<a href=\"http:\/\/www.sheffield.ac.uk\/russian\/undergraduate\/withczechpolish.html\" target=\"_blank\" rel=\"noopener noreferrer\">www.sheffield.ac.uk\/russian\/undergraduate\/withczechpolish.html<\/a><\/p>\n<h3>\u00a0<\/h3>\n<h3>Language Schools in the UK<\/h3>\n<h3>The Jagiellonian University Polish Research Centre in London<\/h3>\n<p>Polish Hearth Club <br \/>55 Exhibition Road <br \/>London SW7 2PN<br \/>T: 020 758 98 701 <br \/>Email:<a href=\"mailto:pon.office@uj.edu\"> pon.office@uj.edu.p<\/a><br \/><a href=\"http:\/\/www.pon.uj.edu.pl\/\" target=\"_blank\" rel=\"noopener noreferrer\">www.pon.uj.edu.pl<\/a><br \/><br \/><\/p>\n<h3>King&#8217;s College London &#8211; Modern Language Centre\u00a0<\/h3>\n<p>Strand Campus\u00a0<br \/>170 Strand\u00a0<br \/>London WC2R 2LS\u00a0<br \/>T: 0207 848 2890\u00a0<br \/>Email:\u00a0<a href=\"mailto:modern.language@kcl.ac.uk\">modern.language@kcl.ac.uk<\/a>\u00a0<br \/><a href=\"http:\/\/www.kcl.ac.uk\/mlc\/evening\" target=\"_blank\" rel=\"noopener noreferrer\">www.kcl.ac.uk\/mlc\/evening<\/a><\/p>\n<h3>\u00a0<\/h3>\n<h3>SSEES UCL &#8211; Evening Courses Programme<\/h3>\n<p>16 Taviton Street\u00a0<br \/>London WC1H 0BW\u00a0<br \/>T: 0207 679 8738\u00a0<br \/>Email:\u00a0<a href=\"mailto:eveningcourses@ssees.ucl.ac.uk\">eveningcourses@ssees.ucl.ac.uk<\/a>\u00a0<br \/><a href=\"http:\/\/www.ssees.ucl.ac.uk\/\" target=\"_blank\" rel=\"noopener noreferrer\">www.ssees.ucl.ac.uk<\/a><\/p>\n<h3><br \/>Polilang &#8211; Polish language training<\/h3>\n<p>Great Guildford Business Square<br \/>30 Great Guildford Street<br \/>London SE1 0HS\u00a0\u00a0<br \/>T: 0208 676 1263\u00a0<br \/>M. 0759 050 7878<br \/><a href=\"http:\/\/polilang.co.uk\/home\" target=\"_blank\" rel=\"noopener noreferrer\">www.polilang.co.uk<\/a><\/p>\n<h3>Polword &#8211; Polish Language Centre<\/h3>\n<p>64 Great Titchfield St<br \/>London W1W 7QH<br \/>T: 020 7631 0613\u00a0<br \/>Email:<a href=\"mailto:info@polword.co.uk\">info@polword.co.uk<\/a><br \/><a href=\"http:\/\/www.polword.co.uk\/\" target=\"_blank\" rel=\"noopener noreferrer\">www.polword.co.uk<\/a><\/p>\n<h3>Cactus Language School &#8211; Polish courses in Poland, Londo<span class=\"t3-form-field-container\"><img decoding=\"async\" class=\"t3-TCEforms-reqImg\" src=\"http:\/\/www.polishculture.org.uk\/typo3\/clear.gif\" alt=\"\" name=\"req_tt_content_93_bodytext\" \/><\/span>n &amp; across the UK\u00a0<\/h3>\n<p>4 Clarence House<br \/>30-31 North Street<br \/>Brighton, BN1 1EB<br \/>T: 0845 130 4775\u00a0<br \/><a href=\"http:\/\/www.cactuslanguagetraining.com\/\" target=\"_blank\" rel=\"noopener noreferrer\">www.cactuslanguagetraining.com<\/a><\/p>\n<h3>Union Language Centre (ULC) &#8211; Intensive Residential Language Courses<\/h3>\n<p>9 North Lane<br \/>Seahouses NE68 7UQ<br \/>Northumberland<br \/>T: 01665 720521<br \/>Email: <a href=\"mailto:beata@ulclanguage.co.uk\">beata@ulclanguage.co.uk<\/a><br \/><a href=\"http:\/\/www.ulclanguage.co.uk\/\" target=\"_blank\" rel=\"noopener noreferrer\">www.ulclanguage.co.uk <\/a><\/p>\n<h3>2ndLanguage &#8211; Polish Language Centre in London<\/h3>\n<p>14 Leather Lane<br \/>London EC1N 7SU<br \/>T: 020 7193 5997 <br \/>M: 79620 56 737<br \/>Email: <a href=\"mailto:info@2ndlanguage.co.uk\">info@2ndlanguage.co.uk<\/a><br \/><a href=\"http:\/\/www.2ndlanguage.co.uk\/\" target=\"_blank\" rel=\"noopener noreferrer\">www.2ndlanguage.co.uk<\/a><\/p>\n<h3>Bookshops with Polish Books and Self-Study Polish Language Books in the UK:<\/h3>\n<h3>The European Book Shop<\/h3>\n<p>5 Warwick Street<br \/>London, W1B 5LU<br \/>T: 020 7734 5259<br \/><a href=\"http:\/\/www.europeanbookshop.com\/\" target=\"_blank\" rel=\"noopener noreferrer\">www.europeanbookshop.com<\/a><\/p>\n<h3>\u00a0<\/h3>\n<h1>Learn Polish in Poland<\/h1>\n<h3>\u00a0<\/h3>\n<h3>The Centre for Polish Studies\u00a0<\/h3>\n<p>Ul. Swietokrzyska 20\u00a0<br \/>00-002 Warszawa, Poland\u00a0<br \/>T: 0048 22 826 19 04\u00a0<br \/>Mobile: 0048 605 205 882\u00a0<br \/>Email:\u00a0<a href=\"mailto:biuro@learnpolish.edu.pl\">biuro@learnpolish.edu.pl<\/a>\u00a0<br \/><a href=\"http:\/\/www.learnpolish.edu.pl\/\" target=\"_blank\" rel=\"noopener noreferrer\">www.learnpolish.edu.pl<\/a><\/p>\n<h3>International School of Polish Language and Culture in Krakow\u00a0<\/h3>\n<p>Ul. Bronowicka 58\/5\u00a0<br \/>30-091 Krakow, Poland\u00a0<br \/>T: 0048 12 661 40 30\u00a0\u00a0<br \/>Email:\u00a0<a href=\"mailto:info@polishcourse.org\">info@polishcourse.org<\/a>\u00a0<br \/><a href=\"http:\/\/www.polishcourse.org\/\" target=\"_blank\" rel=\"noopener noreferrer\">www.polishcourse.org<\/a>\u00a0<\/p>\n<h3>\u00a0<\/h3>\n<h3>Klub Dialogu Polish Language School\u00a0<\/h3>\n<p>Krakowskie Przedmiescie 13\/155\u00a0<br \/>00-071 Warszawa, Poland\u00a0<br \/>T: 0048 22 498 10 10\u00a0<br \/>Email:\u00a0<a href=\"mailto:info@klubdialogu.pl\">info@klubdialogu.pl<\/a>\u00a0<br \/><a href=\"http:\/\/www.klubdialogu.pl\/\" target=\"_blank\" rel=\"noopener noreferrer\">www.klubdialogu.pl<\/a><\/p>\n<h3>Varia Centre of Polish Language\u00a0<\/h3>\n<p>Ul. Michalowskiego 2\/3\u00a0<br \/>31-126 Krakow, Poland\u00a0<br \/>T: 0048 12 633 58 71\u00a0<br \/><a href=\"http:\/\/www.varia-course.com\/\" target=\"_blank\" rel=\"noopener noreferrer\">www.varia-course.com<br \/><\/a><\/p>\n<h3>O\u015brodek J\u0119zyka Polskiego\/ Center of Polish Language \u00a0<\/h3>\n<p>J.C. Municipal Library.<br \/>office nr 421,\u00a04th floor. \u00a0<br \/>ul. Targ Rakowy 5 \/ 6 \u00a0<br \/>80-806 Gdansk<br \/>Poland<br \/>T: 0048 58 301 97 35<br \/>Mobile: 0048 501 572 320<br \/>Email :\u00a0<a href=\"mailto:ojp.office@ojp.edu.pl\">ojp.office@ojp.edu.pl\u00a0<\/a>\u00a0<br \/><a href=\"http:\/\/www.ojp.edu.pl\/\" target=\"_blank\" rel=\"noopener noreferrer\">www.ojp.edu.pl<\/a><\/p>\n<h3>Instytut dla Zjdenoczenia Europy<\/h3>\n<p>offers Polish Vaccataion, Polish language course for adults in Bryzgiel<br \/>More information:\u00a0<a href=\"http:\/\/www.idze.pl\/polishvacation\" target=\"_blank\" rel=\"noopener noreferrer\">www.idze.pl\/polishvacation\u00a0<\/a><br \/>email:<a href=\"mailto:idze@idze.pl\">\u00a0idze@idze.pl<\/a><br \/>T: +48 607 633 154;\u00a0+48 22 627 21 31<\/p>\n<p class=\"p1\">\u00a0<\/p>\n<h3>Polonus \u0141\u00f3dzka Szko\u0142a J\u0119zyka\u00a0Polskiego dla Cudzoziemc\u00f3w<\/h3>\n<p>Plac Wolno\u015bci 12<br \/>91-415\u00a0\u0141\u00f3d\u017a<br \/>Polska<br \/>More information:\u00a0<a href=\"http:\/\/www.polonus-lodz.com\/\" target=\"_blank\" rel=\"noopener noreferrer\">www.polonus-lodz.com<\/a><br \/>Email:\u00a0<a href=\"mailto:biuro@polonus-lodz.com\">biuro@polonus-lodz.com<\/a><br \/><span class=\"s1\">T:\u00a0<\/span>+48-607-459-480; +48 795-097-30<\/p>\n<p class=\"p3\">\u00a0<\/p>\n<h1>Polish Language Textbooks<\/h1>\n<h3>Universitas Bookshop<\/h3>\n<p><a href=\"http:\/\/www.universitas.com.pl\/\" target=\"_blank\" rel=\"noopener noreferrer\">www.universitas.com.pl<\/a><\/p>\n<\/div>\n<\/div>\n<\/div>\n<div id=\"c1075\">\n<h2>Polish media in the UK<\/h2>\n<div class=\"ce-textpic ce-center ce-above\">\n<div class=\"ce-bodytext\">\n<h3>Radio:<\/h3>\n<p>Orla.fm\u00a0 <a href=\"http:\/\/www.orla.fm\" target=\"_blank\" rel=\"noopener noreferrer\">www.orla.fm<\/a><\/p>\n<p>Polskie Radio Bristol\u00a0 <a href=\"http:\/\/www.prb24.co.uk%20\/\" target=\"_blank\" rel=\"noopener noreferrer\">www.prb24.co.uk <\/a><\/p>\n<p>Polskie Radio dla Zagranicy <a href=\"http:\/\/www.thenews.pl\/\" target=\"_blank\" rel=\"noopener noreferrer\">www.thenews.pl<\/a><\/p>\n<p>Polish Radio London\u00a0 <a href=\"http:\/\/www.prl24.net\" target=\"_blank\" rel=\"noopener noreferrer\">www.prl24.net<\/a><\/p>\n<p>Polish Waves on Cambridge 105\u00a0 <a href=\"http:\/\/www.cambridge105.fm\/\" target=\"_blank\" rel=\"noopener noreferrer\">www.cambridge105.fm<\/a><\/p>\n<p>Radio Hey now <a href=\"http:\/\/www.radioheynow.com\" target=\"_blank\" rel=\"noopener noreferrer\">www.radioheynow.com<\/a><\/p>\n<h3>Print:<\/h3>\n<p>Cooltura\u00a0 <a href=\"http:\/\/www.cooltura.co.uk\" target=\"_blank\" rel=\"noopener noreferrer\">www.cooltura.co.uk<\/a><\/p>\n<p>Dziennik Polski\u00a0 <a href=\"http:\/\/www.dziennikpolski.co.uk\" target=\"_blank\" rel=\"noopener noreferrer\">www.dziennikpolski.co.uk<\/a><\/p>\n<p>Goniec Polski\u00a0 <a href=\"http:\/\/www.goniec.com\" target=\"_blank\" rel=\"noopener noreferrer\">www.goniec.com<\/a><\/p>\n<p>The Polish Observer\u00a0 <a href=\"http:\/\/www.thepolishobserver.co.uk\" target=\"_blank\" rel=\"noopener noreferrer\">www.thepolishobserver.co.uk<\/a><\/p>\n<p>Nowy Czas\u00a0 <a href=\"http:\/\/www.nowyczas.co.uk\" target=\"_blank\" rel=\"noopener noreferrer\">www.nowyczas.co.uk<\/a><\/p>\n<p>Scotsbarszcz\u00a0 <a href=\"http:\/\/www.scotsbarszcz.com\" target=\"_blank\" rel=\"noopener noreferrer\">www.scotsbarszcz.com<\/a><\/p>\n<h3>Online:<\/h3>\n<p><a href=\"http:\/\/www.elondyn.co.uk\" target=\"_blank\" rel=\"noopener noreferrer\">www.Elondyn.co.uk<\/a><\/p>\n<p><a href=\"http:\/\/www.Emito.net\" target=\"_blank\" rel=\"noopener noreferrer\">www.Emito.net<\/a><\/p>\n<p><a href=\"http:\/\/www.londynek.net\" target=\"_blank\" rel=\"noopener noreferrer\">www.Londynek.net<\/a><\/p>\n<p><a href=\"http:\/\/www.MojaWyspa.co.uk\" target=\"_blank\" rel=\"noopener noreferrer\">www.MojaWyspa.co.uk<\/a><\/p>\n<p><a href=\"http:\/\/www.polka.dot\" target=\"_blank\" rel=\"noopener noreferrer\">www.Polka.dot<\/a><\/p>\n<p><a href=\"http:\/\/www.tvpl.tv\" target=\"_blank\" rel=\"noopener noreferrer\">www.TVPL.tv<\/a><\/p>\n<p><a href=\"https:\/\/contemporarylynx.co.uk\/\" target=\"_blank\" rel=\"noopener noreferrer\">www.contemporarylynx.co.uk<\/a><\/p>\n<p><a href=\"http:\/\/www.informacje.co.uk\/\" target=\"_blank\" rel=\"noopener noreferrer\">www.informacje.co.uk<\/a><\/p>\n<\/div>\n<\/div>\n<\/div>\n","protected":false},"excerpt":{"rendered":"<p>Foreign Affairs and Diplomatic Offices Ministry of Foreign Affairs of the Republic of Poland Al. J. Szucha 23 Warszawa 00-580 Poland T: 0048 22 523 900www.msz.gov.pl Embassy of the Republic of Poland 47 Portland PlaceLondon W1B 1JH T: 0207 2913 520 Email: london@msz.gov.plwww.london.polemb.net Polish Institutes in the world: Polish Institute in Berlin: www.polnischekultur.de Polish Institute [&hellip;]<\/p>\n","protected":false},"author":1,"featured_media":0,"parent":0,"menu_order":0,"comment_status":"closed","ping_status":"closed","template":"","meta":{"inline_featured_image":false,"_monsterinsights_skip_tracking":false,"_monsterinsights_sitenote_active":false,"_monsterinsights_sitenote_note":"","_monsterinsights_sitenote_category":0,"footnotes":""},"class_list":["post-11","page","type-page","status-publish","hentry"],"yoast_head":"<!-- This site is optimized with the Yoast SEO plugin v24.6 - https:\/\/yoast.com\/wordpress\/plugins\/seo\/ -->\n<title>Links - Instytut Polski w Londynie<\/title>\n<meta name=\"robots\" content=\"index, follow, max-snippet:-1, max-image-preview:large, max-video-preview:-1\" \/>\n<link rel=\"canonical\" href=\"https:\/\/instytutpolski.pl\/london\/links\/\" \/>\n<meta property=\"og:locale\" content=\"pl_PL\" \/>\n<meta property=\"og:type\" content=\"article\" \/>\n<meta property=\"og:title\" content=\"Links - Instytut Polski w Londynie\" \/>\n<meta property=\"og:description\" content=\"Foreign Affairs and Diplomatic Offices Ministry of Foreign Affairs of the Republic of Poland Al. J. Szucha 23 Warszawa 00-580 Poland T: 0048 22 523 900www.msz.gov.pl Embassy of the Republic of Poland 47 Portland PlaceLondon W1B 1JH T: 0207 2913 520 Email: london@msz.gov.plwww.london.polemb.net Polish Institutes in the world: Polish Institute in Berlin: www.polnischekultur.de Polish Institute [&hellip;]\" \/>\n<meta property=\"og:url\" content=\"https:\/\/instytutpolski.pl\/london\/links\/\" \/>\n<meta property=\"og:site_name\" content=\"Instytut Polski w Londynie\" \/>\n<meta property=\"article:modified_time\" content=\"2019-06-04T11:56:08+00:00\" \/>\n<meta property=\"og:image\" content=\"http:\/\/www.polishculture.org.uk\/typo3\/clear.gif\" \/>\n<meta name=\"twitter:card\" content=\"summary_large_image\" \/>\n<meta name=\"twitter:label1\" content=\"Szacowany czas czytania\" \/>\n\t<meta name=\"twitter:data1\" content=\"4 minuty\" \/>\n<script type=\"application\/ld+json\" class=\"yoast-schema-graph\">{\"@context\":\"https:\/\/schema.org\",\"@graph\":[{\"@type\":\"WebPage\",\"@id\":\"https:\/\/instytutpolski.pl\/london\/links\/\",\"url\":\"https:\/\/instytutpolski.pl\/london\/links\/\",\"name\":\"Links - Instytut Polski w Londynie\",\"isPartOf\":{\"@id\":\"https:\/\/instytutpolski.pl\/london\/#website\"},\"primaryImageOfPage\":{\"@id\":\"https:\/\/instytutpolski.pl\/london\/links\/#primaryimage\"},\"image\":{\"@id\":\"https:\/\/instytutpolski.pl\/london\/links\/#primaryimage\"},\"thumbnailUrl\":\"http:\/\/www.polishculture.org.uk\/typo3\/clear.gif\",\"datePublished\":\"2019-06-04T11:56:07+00:00\",\"dateModified\":\"2019-06-04T11:56:08+00:00\",\"breadcrumb\":{\"@id\":\"https:\/\/instytutpolski.pl\/london\/links\/#breadcrumb\"},\"inLanguage\":\"pl-PL\",\"potentialAction\":[{\"@type\":\"ReadAction\",\"target\":[\"https:\/\/instytutpolski.pl\/london\/links\/\"]}]},{\"@type\":\"ImageObject\",\"inLanguage\":\"pl-PL\",\"@id\":\"https:\/\/instytutpolski.pl\/london\/links\/#primaryimage\",\"url\":\"http:\/\/www.polishculture.org.uk\/typo3\/clear.gif\",\"contentUrl\":\"http:\/\/www.polishculture.org.uk\/typo3\/clear.gif\"},{\"@type\":\"BreadcrumbList\",\"@id\":\"https:\/\/instytutpolski.pl\/london\/links\/#breadcrumb\",\"itemListElement\":[{\"@type\":\"ListItem\",\"position\":1,\"name\":\"Home\",\"item\":\"https:\/\/instytutpolski.pl\/london\/\"},{\"@type\":\"ListItem\",\"position\":2,\"name\":\"Links\"}]},{\"@type\":\"WebSite\",\"@id\":\"https:\/\/instytutpolski.pl\/london\/#website\",\"url\":\"https:\/\/instytutpolski.pl\/london\/\",\"name\":\"Instytut Polski w Londynie\",\"description\":\"Instytuty Polskie\",\"potentialAction\":[{\"@type\":\"SearchAction\",\"target\":{\"@type\":\"EntryPoint\",\"urlTemplate\":\"https:\/\/instytutpolski.pl\/london\/?s={search_term_string}\"},\"query-input\":{\"@type\":\"PropertyValueSpecification\",\"valueRequired\":true,\"valueName\":\"search_term_string\"}}],\"inLanguage\":\"pl-PL\"}]}<\/script>\n<!-- \/ Yoast SEO plugin. -->","yoast_head_json":{"title":"Links - Instytut Polski w Londynie","robots":{"index":"index","follow":"follow","max-snippet":"max-snippet:-1","max-image-preview":"max-image-preview:large","max-video-preview":"max-video-preview:-1"},"canonical":"https:\/\/instytutpolski.pl\/london\/links\/","og_locale":"pl_PL","og_type":"article","og_title":"Links - Instytut Polski w Londynie","og_description":"Foreign Affairs and Diplomatic Offices Ministry of Foreign Affairs of the Republic of Poland Al. J. Szucha 23 Warszawa 00-580 Poland T: 0048 22 523 900www.msz.gov.pl Embassy of the Republic of Poland 47 Portland PlaceLondon W1B 1JH T: 0207 2913 520 Email: london@msz.gov.plwww.london.polemb.net Polish Institutes in the world: Polish Institute in Berlin: www.polnischekultur.de Polish Institute [&hellip;]","og_url":"https:\/\/instytutpolski.pl\/london\/links\/","og_site_name":"Instytut Polski w Londynie","article_modified_time":"2019-06-04T11:56:08+00:00","og_image":[{"url":"http:\/\/www.polishculture.org.uk\/typo3\/clear.gif","type":"","width":"","height":""}],"twitter_card":"summary_large_image","twitter_misc":{"Szacowany czas czytania":"4 minuty"},"schema":{"@context":"https:\/\/schema.org","@graph":[{"@type":"WebPage","@id":"https:\/\/instytutpolski.pl\/london\/links\/","url":"https:\/\/instytutpolski.pl\/london\/links\/","name":"Links - Instytut Polski w Londynie","isPartOf":{"@id":"https:\/\/instytutpolski.pl\/london\/#website"},"primaryImageOfPage":{"@id":"https:\/\/instytutpolski.pl\/london\/links\/#primaryimage"},"image":{"@id":"https:\/\/instytutpolski.pl\/london\/links\/#primaryimage"},"thumbnailUrl":"http:\/\/www.polishculture.org.uk\/typo3\/clear.gif","datePublished":"2019-06-04T11:56:07+00:00","dateModified":"2019-06-04T11:56:08+00:00","breadcrumb":{"@id":"https:\/\/instytutpolski.pl\/london\/links\/#breadcrumb"},"inLanguage":"pl-PL","potentialAction":[{"@type":"ReadAction","target":["https:\/\/instytutpolski.pl\/london\/links\/"]}]},{"@type":"ImageObject","inLanguage":"pl-PL","@id":"https:\/\/instytutpolski.pl\/london\/links\/#primaryimage","url":"http:\/\/www.polishculture.org.uk\/typo3\/clear.gif","contentUrl":"http:\/\/www.polishculture.org.uk\/typo3\/clear.gif"},{"@type":"BreadcrumbList","@id":"https:\/\/instytutpolski.pl\/london\/links\/#breadcrumb","itemListElement":[{"@type":"ListItem","position":1,"name":"Home","item":"https:\/\/instytutpolski.pl\/london\/"},{"@type":"ListItem","position":2,"name":"Links"}]},{"@type":"WebSite","@id":"https:\/\/instytutpolski.pl\/london\/#website","url":"https:\/\/instytutpolski.pl\/london\/","name":"Instytut Polski w Londynie","description":"Instytuty Polskie","potentialAction":[{"@type":"SearchAction","target":{"@type":"EntryPoint","urlTemplate":"https:\/\/instytutpolski.pl\/london\/?s={search_term_string}"},"query-input":{"@type":"PropertyValueSpecification","valueRequired":true,"valueName":"search_term_string"}}],"inLanguage":"pl-PL"}]}},"_links":{"self":[{"href":"https:\/\/instytutpolski.pl\/london\/wp-json\/wp\/v2\/pages\/11","targetHints":{"allow":["GET"]}}],"collection":[{"href":"https:\/\/instytutpolski.pl\/london\/wp-json\/wp\/v2\/pages"}],"about":[{"href":"https:\/\/instytutpolski.pl\/london\/wp-json\/wp\/v2\/types\/page"}],"author":[{"embeddable":true,"href":"https:\/\/instytutpolski.pl\/london\/wp-json\/wp\/v2\/users\/1"}],"replies":[{"embeddable":true,"href":"https:\/\/instytutpolski.pl\/london\/wp-json\/wp\/v2\/comments?post=11"}],"version-history":[{"count":1,"href":"https:\/\/instytutpolski.pl\/london\/wp-json\/wp\/v2\/pages\/11\/revisions"}],"predecessor-version":[{"id":12,"href":"https:\/\/instytutpolski.pl\/london\/wp-json\/wp\/v2\/pages\/11\/revisions\/12"}],"wp:attachment":[{"href":"https:\/\/instytutpolski.pl\/london\/wp-json\/wp\/v2\/media?parent=11"}],"curies":[{"name":"wp","href":"https:\/\/api.w.org\/{rel}","templated":true}]}}