{"version":"1.0","provider_name":"Instytut Polski w Madrycie","provider_url":"https:\/\/instytutpolski.pl\/madrid","author_name":"kowalczyke","author_url":"https:\/\/instytutpolski.pl\/madrid\/author\/kowalczyke\/","title":"Desnivel reedita \"Mi mundo vertical\" de Jerzy Kukuczka - Instytut Polski w Madrycie","type":"rich","width":600,"height":338,"html":"<blockquote class=\"wp-embedded-content\" data-secret=\"apfScILC1Q\"><a href=\"https:\/\/instytutpolski.pl\/madrid\/2018\/02\/01\/desnivel-reedita-mi-mundo-vertical-de-jerzy-kukuczka\/\">Desnivel reedita &#8222;Mi mundo vertical&#8221; de Jerzy Kukuczka<\/a><\/blockquote><iframe sandbox=\"allow-scripts\" security=\"restricted\" src=\"https:\/\/instytutpolski.pl\/madrid\/2018\/02\/01\/desnivel-reedita-mi-mundo-vertical-de-jerzy-kukuczka\/embed\/#?secret=apfScILC1Q\" width=\"600\" height=\"338\" title=\"&#8222;Desnivel reedita &#8222;Mi mundo vertical&#8221; de Jerzy Kukuczka&#8221; &#8212; Instytut Polski w Madrycie\" data-secret=\"apfScILC1Q\" frameborder=\"0\" marginwidth=\"0\" marginheight=\"0\" scrolling=\"no\" class=\"wp-embedded-content\"><\/iframe><script type=\"text\/javascript\">\n\/* <![CDATA[ *\/\n\/*! This file is auto-generated *\/\n!function(d,l){\"use strict\";l.querySelector&&d.addEventListener&&\"undefined\"!=typeof URL&&(d.wp=d.wp||{},d.wp.receiveEmbedMessage||(d.wp.receiveEmbedMessage=function(e){var t=e.data;if((t||t.secret||t.message||t.value)&&!\/[^a-zA-Z0-9]\/.test(t.secret)){for(var s,r,n,a=l.querySelectorAll('iframe[data-secret=\"'+t.secret+'\"]'),o=l.querySelectorAll('blockquote[data-secret=\"'+t.secret+'\"]'),c=new RegExp(\"^https?:$\",\"i\"),i=0;i<o.length;i++)o[i].style.display=\"none\";for(i=0;i<a.length;i++)s=a[i],e.source===s.contentWindow&&(s.removeAttribute(\"style\"),\"height\"===t.message?(1e3<(r=parseInt(t.value,10))?r=1e3:~~r<200&&(r=200),s.height=r):\"link\"===t.message&&(r=new URL(s.getAttribute(\"src\")),n=new URL(t.value),c.test(n.protocol))&&n.host===r.host&&l.activeElement===s&&(d.top.location.href=t.value))}},d.addEventListener(\"message\",d.wp.receiveEmbedMessage,!1),l.addEventListener(\"DOMContentLoaded\",function(){for(var e,t,s=l.querySelectorAll(\"iframe.wp-embedded-content\"),r=0;r<s.length;r++)(t=(e=s[r]).getAttribute(\"data-secret\"))||(t=Math.random().toString(36).substring(2,12),e.src+=\"#?secret=\"+t,e.setAttribute(\"data-secret\",t)),e.contentWindow.postMessage({message:\"ready\",secret:t},\"*\")},!1)))}(window,document);\n\/* ]]> *\/\n<\/script>\n","thumbnail_url":"https:\/\/instytutpolski.pl\/madrid\/wp-content\/uploads\/sites\/16\/2020\/02\/kukuczka.jpg","thumbnail_width":361,"thumbnail_height":553,"description":"Jerzy Kukuczka, el gran escalador polaco conocido familiarmente como Jurek, fue un hombre con apetito voraz de las altas monta\u00f1as: escal\u00f3 todos los catorce ochomiles en ocho a\u00f1os, completando su proyecto tan s\u00f3lo unos meses despu\u00e9s de que lo consiguiera, como primero, Reinhold Messner. Pero el m\u00e9rito de Kukuczka, tal vez uno de los alpinistas [&hellip;]"}

Jerzy Kukuczka, el gran escalador polaco conocido familiarmente como Jurek, fue un hombre con apetito voraz de las altas montañas: escaló todos los catorce ochomiles en ocho años, completando su proyecto tan sólo unos meses después de que lo consiguiera, como primero, Reinhold Messner. Pero el mérito de Kukuczka, tal vez uno de los alpinistas [&hellip;]
