{"version":"1.0","provider_name":"Instytut Polski w Madrycie","provider_url":"https:\/\/instytutpolski.pl\/madrid","author_name":"kowalczyke","author_url":"https:\/\/instytutpolski.pl\/madrid\/author\/kowalczyke\/","title":"XXX Seminario sobre Europa en Madrid - Instytut Polski w Madrycie","type":"rich","width":600,"height":338,"html":"<blockquote class=\"wp-embedded-content\" data-secret=\"kr2jh94cdu\"><a href=\"https:\/\/instytutpolski.pl\/madrid\/2018\/07\/17\/xxx-seminario-sobre-europa-en-madrid\/\">XXX Seminario sobre Europa en Madrid<\/a><\/blockquote><iframe sandbox=\"allow-scripts\" security=\"restricted\" src=\"https:\/\/instytutpolski.pl\/madrid\/2018\/07\/17\/xxx-seminario-sobre-europa-en-madrid\/embed\/#?secret=kr2jh94cdu\" width=\"600\" height=\"338\" title=\"&#8222;XXX Seminario sobre Europa en Madrid&#8221; &#8212; Instytut Polski w Madrycie\" data-secret=\"kr2jh94cdu\" frameborder=\"0\" marginwidth=\"0\" marginheight=\"0\" scrolling=\"no\" class=\"wp-embedded-content\"><\/iframe><script type=\"text\/javascript\">\n\/* <![CDATA[ *\/\n\/*! This file is auto-generated *\/\n!function(d,l){\"use strict\";l.querySelector&&d.addEventListener&&\"undefined\"!=typeof URL&&(d.wp=d.wp||{},d.wp.receiveEmbedMessage||(d.wp.receiveEmbedMessage=function(e){var t=e.data;if((t||t.secret||t.message||t.value)&&!\/[^a-zA-Z0-9]\/.test(t.secret)){for(var s,r,n,a=l.querySelectorAll('iframe[data-secret=\"'+t.secret+'\"]'),o=l.querySelectorAll('blockquote[data-secret=\"'+t.secret+'\"]'),c=new RegExp(\"^https?:$\",\"i\"),i=0;i<o.length;i++)o[i].style.display=\"none\";for(i=0;i<a.length;i++)s=a[i],e.source===s.contentWindow&&(s.removeAttribute(\"style\"),\"height\"===t.message?(1e3<(r=parseInt(t.value,10))?r=1e3:~~r<200&&(r=200),s.height=r):\"link\"===t.message&&(r=new URL(s.getAttribute(\"src\")),n=new URL(t.value),c.test(n.protocol))&&n.host===r.host&&l.activeElement===s&&(d.top.location.href=t.value))}},d.addEventListener(\"message\",d.wp.receiveEmbedMessage,!1),l.addEventListener(\"DOMContentLoaded\",function(){for(var e,t,s=l.querySelectorAll(\"iframe.wp-embedded-content\"),r=0;r<s.length;r++)(t=(e=s[r]).getAttribute(\"data-secret\"))||(t=Math.random().toString(36).substring(2,12),e.src+=\"#?secret=\"+t,e.setAttribute(\"data-secret\",t)),e.contentWindow.postMessage({message:\"ready\",secret:t},\"*\")},!1)))}(window,document);\n\/* ]]> *\/\n<\/script>\n","thumbnail_url":"https:\/\/instytutpolski.pl\/madrid\/wp-content\/uploads\/sites\/16\/2020\/02\/seminario4.jpg","thumbnail_width":361,"thumbnail_height":241,"description":"Los d\u00edas 17-18 de julio la Asociaci\u00f3n Europea de Periodistas organiza en la sede de la Fundaci\u00f3n Carlos de Amberes en Madrid el XXX Seminario sobre Europa en el que participar\u00e1 Igor Janke, presidente del think tank Instituto de la Libertad en Varsovia.&nbsp;El XXX Seminario sobre Europa da continuidad a una serie iniciada en julio [&hellip;]"}

Los días 17-18 de julio la Asociación Europea de Periodistas organiza en la sede de la Fundación Carlos de Amberes en Madrid el XXX Seminario sobre Europa en el que participará Igor Janke, presidente del think tank Instituto de la Libertad en Varsovia.&nbsp;El XXX Seminario sobre Europa da continuidad a una serie iniciada en julio [&hellip;]
