{"version":"1.0","provider_name":"Instytut Polski w Madrycie","provider_url":"https:\/\/instytutpolski.pl\/madrid","author_name":"sienkiewiczl.disabled","author_url":"https:\/\/instytutpolski.pl\/madrid\/author\/msz\/","title":"Krakow Photomonth 2016 - Crisis? What Crisis?! - Instytut Polski w Madrycie","type":"rich","width":600,"height":338,"html":"<blockquote class=\"wp-embedded-content\" data-secret=\"XlriDWl7uj\"><a href=\"https:\/\/instytutpolski.pl\/madrid\/2019\/06\/07\/krakow-photomonth-2016-crisis-what-crisis\/\">Krakow Photomonth 2016 &#8211; Crisis? What Crisis?!<\/a><\/blockquote><iframe sandbox=\"allow-scripts\" security=\"restricted\" src=\"https:\/\/instytutpolski.pl\/madrid\/2019\/06\/07\/krakow-photomonth-2016-crisis-what-crisis\/embed\/#?secret=XlriDWl7uj\" width=\"600\" height=\"338\" title=\"&#8222;Krakow Photomonth 2016 &#8211; Crisis? What Crisis?!&#8221; &#8212; Instytut Polski w Madrycie\" data-secret=\"XlriDWl7uj\" frameborder=\"0\" marginwidth=\"0\" marginheight=\"0\" scrolling=\"no\" class=\"wp-embedded-content\"><\/iframe><script type=\"text\/javascript\">\n\/* <![CDATA[ *\/\n\/*! This file is auto-generated *\/\n!function(d,l){\"use strict\";l.querySelector&&d.addEventListener&&\"undefined\"!=typeof URL&&(d.wp=d.wp||{},d.wp.receiveEmbedMessage||(d.wp.receiveEmbedMessage=function(e){var t=e.data;if((t||t.secret||t.message||t.value)&&!\/[^a-zA-Z0-9]\/.test(t.secret)){for(var s,r,n,a=l.querySelectorAll('iframe[data-secret=\"'+t.secret+'\"]'),o=l.querySelectorAll('blockquote[data-secret=\"'+t.secret+'\"]'),c=new RegExp(\"^https?:$\",\"i\"),i=0;i<o.length;i++)o[i].style.display=\"none\";for(i=0;i<a.length;i++)s=a[i],e.source===s.contentWindow&&(s.removeAttribute(\"style\"),\"height\"===t.message?(1e3<(r=parseInt(t.value,10))?r=1e3:~~r<200&&(r=200),s.height=r):\"link\"===t.message&&(r=new URL(s.getAttribute(\"src\")),n=new URL(t.value),c.test(n.protocol))&&n.host===r.host&&l.activeElement===s&&(d.top.location.href=t.value))}},d.addEventListener(\"message\",d.wp.receiveEmbedMessage,!1),l.addEventListener(\"DOMContentLoaded\",function(){for(var e,t,s=l.querySelectorAll(\"iframe.wp-embedded-content\"),r=0;r<s.length;r++)(t=(e=s[r]).getAttribute(\"data-secret\"))||(t=Math.random().toString(36).substring(2,12),e.src+=\"#?secret=\"+t,e.setAttribute(\"data-secret\",t)),e.contentWindow.postMessage({message:\"ready\",secret:t},\"*\")},!1)))}(window,document);\n\/* ]]> *\/\n<\/script>\n","thumbnail_url":"https:\/\/instytutpolski.pl\/madrid\/wp-content\/uploads\/sites\/16\/2019\/06\/th_yann-mingard_02-1.jpg","thumbnail_width":361,"thumbnail_height":361,"description":"\u201c\u00bfCrisis? \u00bf\u00a1Qu\u00e9 crisis!?\u201d&nbsp;es el tema principal de la&nbsp;14\u00aa edici\u00f3n del Krakow Photomonth, festival l\u00edder en fotograf\u00eda de Europa. El Programa Principal est\u00e1 comisariado por Lars Willumeit, comisario y antrop\u00f3logo cultural alem\u00e1n. Photomonth presentar\u00e1 la Secci\u00f3n ShowOFF, secci\u00f3n muy conocida entre el p\u00fablico, una Cr\u00edtica al Porfolio con premio de la Fundaci\u00f3n Griffin Art Space, y [&hellip;]"}

“¿Crisis? ¿¡Qué crisis!?”&nbsp;es el tema principal de la&nbsp;14ª edición del Krakow Photomonth, festival líder en fotografía de Europa. El Programa Principal está comisariado por Lars Willumeit, comisario y antropólogo cultural alemán. Photomonth presentará la Sección ShowOFF, sección muy conocida entre el público, una Crítica al Porfolio con premio de la Fundación Griffin Art Space, y [&hellip;]
