{"version":"1.0","provider_name":"Instytut Polski w Madrycie","provider_url":"https:\/\/instytutpolski.pl\/madrid","author_name":"sienkiewiczl.disabled","author_url":"https:\/\/instytutpolski.pl\/madrid\/author\/msz\/","title":"Wystawa #Dziedzictwo w Muzeum Narodowym w Krakowie - Instytut Polski w Madrycie","type":"rich","width":600,"height":338,"html":"<blockquote class=\"wp-embedded-content\" data-secret=\"YlSQ3fDhvL\"><a href=\"https:\/\/instytutpolski.pl\/madrid\/pl\/2019\/06\/07\/wystawa-dziedzictwo-w-muzeum-narodowym-w-krakowie\/\">Wystawa #Dziedzictwo w Muzeum Narodowym w Krakowie<\/a><\/blockquote><iframe sandbox=\"allow-scripts\" security=\"restricted\" src=\"https:\/\/instytutpolski.pl\/madrid\/pl\/2019\/06\/07\/wystawa-dziedzictwo-w-muzeum-narodowym-w-krakowie\/embed\/#?secret=YlSQ3fDhvL\" width=\"600\" height=\"338\" title=\"&#8222;Wystawa #Dziedzictwo w Muzeum Narodowym w Krakowie&#8221; &#8212; Instytut Polski w Madrycie\" data-secret=\"YlSQ3fDhvL\" frameborder=\"0\" marginwidth=\"0\" marginheight=\"0\" scrolling=\"no\" class=\"wp-embedded-content\"><\/iframe><script type=\"text\/javascript\">\n\/* <![CDATA[ *\/\n\/*! This file is auto-generated *\/\n!function(d,l){\"use strict\";l.querySelector&&d.addEventListener&&\"undefined\"!=typeof URL&&(d.wp=d.wp||{},d.wp.receiveEmbedMessage||(d.wp.receiveEmbedMessage=function(e){var t=e.data;if((t||t.secret||t.message||t.value)&&!\/[^a-zA-Z0-9]\/.test(t.secret)){for(var s,r,n,a=l.querySelectorAll('iframe[data-secret=\"'+t.secret+'\"]'),o=l.querySelectorAll('blockquote[data-secret=\"'+t.secret+'\"]'),c=new RegExp(\"^https?:$\",\"i\"),i=0;i<o.length;i++)o[i].style.display=\"none\";for(i=0;i<a.length;i++)s=a[i],e.source===s.contentWindow&&(s.removeAttribute(\"style\"),\"height\"===t.message?(1e3<(r=parseInt(t.value,10))?r=1e3:~~r<200&&(r=200),s.height=r):\"link\"===t.message&&(r=new URL(s.getAttribute(\"src\")),n=new URL(t.value),c.test(n.protocol))&&n.host===r.host&&l.activeElement===s&&(d.top.location.href=t.value))}},d.addEventListener(\"message\",d.wp.receiveEmbedMessage,!1),l.addEventListener(\"DOMContentLoaded\",function(){for(var e,t,s=l.querySelectorAll(\"iframe.wp-embedded-content\"),r=0;r<s.length;r++)(t=(e=s[r]).getAttribute(\"data-secret\"))||(t=Math.random().toString(36).substring(2,12),e.src+=\"#?secret=\"+t,e.setAttribute(\"data-secret\",t)),e.contentWindow.postMessage({message:\"ready\",secret:t},\"*\")},!1)))}(window,document);\n\/* ]]> *\/\n<\/script>\n","thumbnail_url":"https:\/\/instytutpolski.pl\/madrid\/wp-content\/uploads\/sites\/16\/2019\/06\/search_art_fb_img_15485803049710-3.jpg","thumbnail_width":361,"thumbnail_height":528,"description":"Od 23 czerwca 2017 do 7 stycznia 2018 roku w Muzeum Narodowym w Krakowie mo\u017cna ogl\u0105da\u0107 wystaw\u0119 #Dziedzictwo. Wystawa podejmuj\u0119 pr\u00f3b\u0119 nowoczesnej definicji to\u017csamo\u015bci i dziedzictwa polskiego poprzez dzie\u0142a uznanych malarzy pokroju Jana Matejki, Stanis\u0142awa Wyspia\u0144skiego oraz Jacka Malczewskiego, jak r\u00f3wnie\u017c czo\u0142owych przedstawicieli awangardy artystycznej Polski mi\u0119dzywojennej (W\u0142adys\u0142aw Strzemi\u0144ski), tw\u00f3rc\u00f3w aktywnych w czasach PRL oraz [&hellip;]"}

Od 23 czerwca 2017 do 7 stycznia 2018 roku w Muzeum Narodowym w Krakowie można oglądać wystawę #Dziedzictwo. Wystawa podejmuję próbę nowoczesnej definicji tożsamości i dziedzictwa polskiego poprzez dzieła uznanych malarzy pokroju Jana Matejki, Stanisława Wyspiańskiego oraz Jacka Malczewskiego, jak również czołowych przedstawicieli awangardy artystycznej Polski międzywojennej (Władysław Strzemiński), twórców aktywnych w czasach PRL oraz [&hellip;]
