{"version":"1.0","provider_name":"Instytut Polski w Madrycie","provider_url":"https:\/\/instytutpolski.pl\/madrid","author_name":"kowalczyke","author_url":"https:\/\/instytutpolski.pl\/madrid\/author\/kowalczyke\/","title":"Drugi odcinek POLSKA PODCAST - Instytut Polski w Madrycie","type":"rich","width":600,"height":338,"html":"<blockquote class=\"wp-embedded-content\" data-secret=\"AY6ipS0LnM\"><a href=\"https:\/\/instytutpolski.pl\/madrid\/pl\/2026\/04\/24\/drugi-odcinek-polska-podcast\/\">Drugi odcinek POLSKA PODCAST<\/a><\/blockquote><iframe sandbox=\"allow-scripts\" security=\"restricted\" src=\"https:\/\/instytutpolski.pl\/madrid\/pl\/2026\/04\/24\/drugi-odcinek-polska-podcast\/embed\/#?secret=AY6ipS0LnM\" width=\"600\" height=\"338\" title=\"&#8222;Drugi odcinek POLSKA PODCAST&#8221; &#8212; Instytut Polski w Madrycie\" data-secret=\"AY6ipS0LnM\" frameborder=\"0\" marginwidth=\"0\" marginheight=\"0\" scrolling=\"no\" class=\"wp-embedded-content\"><\/iframe><script type=\"text\/javascript\">\n\/* <![CDATA[ *\/\n\/*! This file is auto-generated *\/\n!function(d,l){\"use strict\";l.querySelector&&d.addEventListener&&\"undefined\"!=typeof URL&&(d.wp=d.wp||{},d.wp.receiveEmbedMessage||(d.wp.receiveEmbedMessage=function(e){var t=e.data;if((t||t.secret||t.message||t.value)&&!\/[^a-zA-Z0-9]\/.test(t.secret)){for(var s,r,n,a=l.querySelectorAll('iframe[data-secret=\"'+t.secret+'\"]'),o=l.querySelectorAll('blockquote[data-secret=\"'+t.secret+'\"]'),c=new RegExp(\"^https?:$\",\"i\"),i=0;i<o.length;i++)o[i].style.display=\"none\";for(i=0;i<a.length;i++)s=a[i],e.source===s.contentWindow&&(s.removeAttribute(\"style\"),\"height\"===t.message?(1e3<(r=parseInt(t.value,10))?r=1e3:~~r<200&&(r=200),s.height=r):\"link\"===t.message&&(r=new URL(s.getAttribute(\"src\")),n=new URL(t.value),c.test(n.protocol))&&n.host===r.host&&l.activeElement===s&&(d.top.location.href=t.value))}},d.addEventListener(\"message\",d.wp.receiveEmbedMessage,!1),l.addEventListener(\"DOMContentLoaded\",function(){for(var e,t,s=l.querySelectorAll(\"iframe.wp-embedded-content\"),r=0;r<s.length;r++)(t=(e=s[r]).getAttribute(\"data-secret\"))||(t=Math.random().toString(36).substring(2,12),e.src+=\"#?secret=\"+t,e.setAttribute(\"data-secret\",t)),e.contentWindow.postMessage({message:\"ready\",secret:t},\"*\")},!1)))}(window,document);\n\/* ]]> *\/\n<\/script>\n","thumbnail_url":"https:\/\/instytutpolski.pl\/madrid\/wp-content\/uploads\/sites\/16\/2026\/03\/Polska-Podcast_estudio.png","thumbnail_width":960,"thumbnail_height":960,"description":"NASI GO\u015aCIE Odkrywamy podobie\u0144stwa mi\u0119dzy transformacj\u0105 hiszpa\u0144sk\u0105 a polsk\u0105 wraz z dziennikarzem Miguelem \u00c1ngelem Aguilarem, prezesem Fundacji Carlos de Amberes. Zag\u0142\u0119biamy si\u0119 w \u015bwiat ta\u0144ca wsp\u00f3\u0142czesnego Ewy Dziarnowskiej wraz z Miko\u0142ajem Bielskim, dyrektorem artystycznym R\u00e9plika Teatro. \u00a0Skupiamy si\u0119 na roli kobiet w g\u00f3rnictwie w\u0119glowym wraz z badaczk\u0105 i pisark\u0105 Monik\u0105 Glosowitz. W sekcji \u201eAnegdoty\u201d, dzi\u0119ki [&hellip;]"}

NASI GOŚCIE Odkrywamy podobieństwa między transformacją hiszpańską a polską wraz z dziennikarzem Miguelem Ángelem Aguilarem, prezesem Fundacji Carlos de Amberes. Zagłębiamy się w świat tańca współczesnego Ewy Dziarnowskiej wraz z Mikołajem Bielskim, dyrektorem artystycznym Réplika Teatro.  Skupiamy się na roli kobiet w górnictwie węglowym wraz z badaczką i pisarką Moniką Glosowitz. W sekcji „Anegdoty”, dzięki [&hellip;]
