{"id":4300,"date":"2020-06-07T23:38:20","date_gmt":"2020-06-07T21:38:20","guid":{"rendered":"https:\/\/instytutpolski.pl\/madrid\/?page_id=4300"},"modified":"2022-08-19T13:48:21","modified_gmt":"2022-08-19T11:48:21","slug":"declaracion-de-accesibilidad","status":"publish","type":"page","link":"https:\/\/instytutpolski.pl\/madrid\/declaracion-de-accesibilidad\/","title":{"rendered":"Declaraci\u00f3n de accesibilidad"},"content":{"rendered":"\n<h3><b>Declaraci\u00f3n de disponibilidad del servicio del Ministerio de Relaciones Exteriores: instytutpolski.pl\/madrid<\/b><\/h3>\n<p id=\"a11y-wstep\"><span id=\"\u201ea11y-podmiot\u201d\">El Ministerio de Relaciones Exteriores<\/span> se compromete a garantizar la accesibilidad de su sitio web de conformidad con las disposiciones de la Ley de 4 de abril de 2019 sobre la accesibilidad digital de los sitios web y las aplicaciones m\u00f3viles de las entidades p\u00fablicas. La declaraci\u00f3n sobre la accesibilidad se aplica al <a id=\"\u201da11y-url\u201d\" href=\"https:\/\/instytutpolski.pl\/madrid\"> sitio web del Ministerio de Relaciones Exteriores <\/a>.<\/p>\n<p id=\"\u201da11y-data-publikacja\u201d\">Fecha de la publicaci\u00f3n del sitio web: 2020-06-01<\/p>\n<p id=\"\u201da11y-data-aktualizacja\u201d\">Fecha de la \u00faltima actualizaci\u00f3n cr\u00edtica: 2020-06-01<\/p>\n<p>El sitio web cumple parcialmente con la Ley de Accesibilidad Digital para los sitios web y aplicaciones m\u00f3viles de las entidades p\u00fablicas debido a las incompatibilidades o exclusiones que se enumeran a continuaci\u00f3n.<\/p>\n<p><br \/>El sitio web puede contener videos a los que no se han a\u00f1adido subt\u00edtulos para personas sordas. Si necesita comunicarse en una de las tres formas: Lenguaje de Se\u00f1as Polaco (PJM), Sistema de Signos Polaco (SJM), Sistema de Comunicaci\u00f3n de Personas Sordociegas (SKOGN), por favor env\u00ede un mensaje a <a href=\"mailto:bazi.tlumaczenia@msz.gov.pl\">bazi.tlumaczenia@msz.gov.pl<\/a>.<\/p>\n<p>La declaraci\u00f3n se hizo el d\u00eda <span id=\"\u201da11y-data-sporzadzenie\u201d\">2020-05-29.<\/span><\/p>\n<p id=\"\u201da11y-audytor\u201d\">La declaraci\u00f3n se hizo sobre la base de una autoevaluaci\u00f3n de un organismo p\u00fablico.<\/p>\n<p>El sitio web permite el uso de los m\u00e9todos abreviados est\u00e1ndar del teclado. En caso de problemas con la accesibilidad del sitio web, p\u00f3ngase en contacto con nosotros en <a href=\"http:\/\/redakcja@msz.gov.pl\">redakcja@msz.gov.pl<\/a>. Tambi\u00e9n puede ponerse en contacto con nosotros llamando al <span id=\"\u201da11y-telefon\u201d\">48 22 523 93 56<\/span>. De la misma manera puede solicitar informaci\u00f3n no disponible y presentar quejas sobre la falta de accesibilidad.<\/p>\n<p id=\"\u201da11y-procedura\u201d\">Toda persona tiene derecho a solicitar la accesibilidad a un sitio web digital, una aplicaci\u00f3n m\u00f3vil o cualquiera de sus elementos. Tambi\u00e9n puede solicitar informaci\u00f3n a trav\u00e9s de un medio de acceso alternativo, por ejemplo, a trav\u00e9s de la lectura un documento digitalmente no disponible, descripci\u00f3n del contenido de una pel\u00edcula sin audiodescripci\u00f3n, etc. En la solicitud debe figurar la identidad de la persona que hace la solicitud, una indicaci\u00f3n del sitio web o aplicaci\u00f3n m\u00f3vil de la que se trate y la forma de ponerse en contacto con ella. Si la persona que hace la solicitud pide informaci\u00f3n por medio de un medio de acceso alternativo, tambi\u00e9n debe especificar una forma conveniente de presentar la informaci\u00f3n. La entidad p\u00fablica debe cumplir con la solicitud lo antes posible y a m\u00e1s tardar en un plazo de 7 d\u00edas a partir de la fecha de la solicitud. Si no es posible cumplir ese plazo, la entidad p\u00fablica informar\u00e1 sin demora a la persona que hace la solicitud de cu\u00e1ndo ser\u00e1 posible cumplirla, que no ser\u00e1 m\u00e1s de dos meses a partir de la fecha de la solicitud. Cuando no se pueda proporcionar accesibilidad digital, la entidad p\u00fablica podr\u00e1 proponer un medio alternativo para acceder a la informaci\u00f3n. Cuando la entidad p\u00fablica se niegue a atender una solicitud de accesibilidad o de un medio alternativo de acceso a la informaci\u00f3n, la entidad solicitante puede presentar una queja de la provisi\u00f3n de accesibilidad digital de un sitio web, una aplicaci\u00f3n m\u00f3vil o un elemento de un sitio web o una aplicaci\u00f3n m\u00f3vil. Una vez agotado el procedimiento anterior, tambi\u00e9n se puede presentar una solicitud al Defensor del Pueblo. Una vez agotadas todas las posibilidades, tambi\u00e9n se puede presentar una queja al <a href=\"https:\/\/www.rpo.gov.pl\/content\/jak-zglosic-sie-do-rzecznika-praw-obywatelskich\"> Defensor del Pueblo <\/a>.<\/p>\n<h3 id=\"\u201da11y-architektura\u201d\"><b>Accesibilidad arquitect\u00f3nica<\/b><\/h3>\n<p>El Instituto Polaco de Cultura en Madrid informa de que, en el marco de la accesibilidad arquitect\u00f3nica, se garantiza el acceso de las personas discapacitadas a la sala de conferencias situada a nivel de la calle. La parte de la oficina y los ba\u00f1os est\u00e1n situados en un nivel m\u00e1s alto sin ascensor y, por lo tanto, no cumplen los requisitos de accesibilidad para los discapacitados. El Instituto no tiene sus propias plazas de aparcamiento. No hay plazas de aparcamiento para veh\u00edculos discapacitados en las inmediaciones del Instituto.<\/p>\n","protected":false},"excerpt":{"rendered":"<p>Declaraci\u00f3n de disponibilidad del servicio del Ministerio de Relaciones Exteriores: instytutpolski.pl\/madrid El Ministerio de Relaciones Exteriores se compromete a garantizar la accesibilidad de su sitio web de conformidad con las disposiciones de la Ley de 4 de abril de 2019 sobre la accesibilidad digital de los sitios web y las aplicaciones m\u00f3viles de las entidades [&hellip;]<\/p>\n","protected":false},"author":26,"featured_media":4301,"parent":0,"menu_order":0,"comment_status":"closed","ping_status":"closed","template":"","meta":{"inline_featured_image":false,"_monsterinsights_skip_tracking":false,"_monsterinsights_sitenote_active":false,"_monsterinsights_sitenote_note":"","_monsterinsights_sitenote_category":0,"footnotes":""},"class_list":["post-4300","page","type-page","status-publish","has-post-thumbnail","hentry"],"yoast_head":"<!-- This site is optimized with the Yoast SEO plugin v24.6 - https:\/\/yoast.com\/wordpress\/plugins\/seo\/ -->\n<title>Declaraci\u00f3n de accesibilidad - Instytut Polski w Madrycie<\/title>\n<meta name=\"robots\" content=\"index, follow, max-snippet:-1, max-image-preview:large, max-video-preview:-1\" \/>\n<link rel=\"canonical\" href=\"https:\/\/instytutpolski.pl\/madrid\/declaracion-de-accesibilidad\/\" \/>\n<meta property=\"og:locale\" content=\"pl_PL\" \/>\n<meta property=\"og:type\" content=\"article\" \/>\n<meta property=\"og:title\" content=\"Declaraci\u00f3n de accesibilidad - Instytut Polski w Madrycie\" \/>\n<meta property=\"og:description\" content=\"Declaraci\u00f3n de disponibilidad del servicio del Ministerio de Relaciones Exteriores: instytutpolski.pl\/madrid El Ministerio de Relaciones Exteriores se compromete a garantizar la accesibilidad de su sitio web de conformidad con las disposiciones de la Ley de 4 de abril de 2019 sobre la accesibilidad digital de los sitios web y las aplicaciones m\u00f3viles de las entidades [&hellip;]\" \/>\n<meta property=\"og:url\" content=\"https:\/\/instytutpolski.pl\/madrid\/declaracion-de-accesibilidad\/\" \/>\n<meta property=\"og:site_name\" content=\"Instytut Polski w Madrycie\" \/>\n<meta property=\"article:modified_time\" content=\"2022-08-19T11:48:21+00:00\" \/>\n<meta property=\"og:image\" content=\"https:\/\/instytutpolski.pl\/madrid\/wp-content\/uploads\/sites\/16\/2020\/06\/49730644737_2411e77127_k.jpg\" \/>\n\t<meta property=\"og:image:width\" content=\"2048\" \/>\n\t<meta property=\"og:image:height\" content=\"1365\" \/>\n\t<meta property=\"og:image:type\" content=\"image\/jpeg\" \/>\n<meta name=\"twitter:card\" content=\"summary_large_image\" \/>\n<meta name=\"twitter:label1\" content=\"Szacowany czas czytania\" \/>\n\t<meta name=\"twitter:data1\" content=\"4 minuty\" \/>\n<script type=\"application\/ld+json\" class=\"yoast-schema-graph\">{\"@context\":\"https:\/\/schema.org\",\"@graph\":[{\"@type\":\"WebPage\",\"@id\":\"https:\/\/instytutpolski.pl\/madrid\/declaracion-de-accesibilidad\/\",\"url\":\"https:\/\/instytutpolski.pl\/madrid\/declaracion-de-accesibilidad\/\",\"name\":\"Declaraci\u00f3n de accesibilidad - Instytut Polski w Madrycie\",\"isPartOf\":{\"@id\":\"https:\/\/instytutpolski.pl\/madrid\/#website\"},\"primaryImageOfPage\":{\"@id\":\"https:\/\/instytutpolski.pl\/madrid\/declaracion-de-accesibilidad\/#primaryimage\"},\"image\":{\"@id\":\"https:\/\/instytutpolski.pl\/madrid\/declaracion-de-accesibilidad\/#primaryimage\"},\"thumbnailUrl\":\"https:\/\/instytutpolski.pl\/madrid\/wp-content\/uploads\/sites\/16\/2020\/06\/49730644737_2411e77127_k.jpg\",\"datePublished\":\"2020-06-07T21:38:20+00:00\",\"dateModified\":\"2022-08-19T11:48:21+00:00\",\"breadcrumb\":{\"@id\":\"https:\/\/instytutpolski.pl\/madrid\/declaracion-de-accesibilidad\/#breadcrumb\"},\"inLanguage\":\"pl-PL\",\"potentialAction\":[{\"@type\":\"ReadAction\",\"target\":[\"https:\/\/instytutpolski.pl\/madrid\/declaracion-de-accesibilidad\/\"]}]},{\"@type\":\"ImageObject\",\"inLanguage\":\"pl-PL\",\"@id\":\"https:\/\/instytutpolski.pl\/madrid\/declaracion-de-accesibilidad\/#primaryimage\",\"url\":\"https:\/\/instytutpolski.pl\/madrid\/wp-content\/uploads\/sites\/16\/2020\/06\/49730644737_2411e77127_k.jpg\",\"contentUrl\":\"https:\/\/instytutpolski.pl\/madrid\/wp-content\/uploads\/sites\/16\/2020\/06\/49730644737_2411e77127_k.jpg\",\"width\":2048,\"height\":1365},{\"@type\":\"BreadcrumbList\",\"@id\":\"https:\/\/instytutpolski.pl\/madrid\/declaracion-de-accesibilidad\/#breadcrumb\",\"itemListElement\":[{\"@type\":\"ListItem\",\"position\":1,\"name\":\"Home\",\"item\":\"https:\/\/instytutpolski.pl\/madrid\/\"},{\"@type\":\"ListItem\",\"position\":2,\"name\":\"Declaraci\u00f3n de accesibilidad\"}]},{\"@type\":\"WebSite\",\"@id\":\"https:\/\/instytutpolski.pl\/madrid\/#website\",\"url\":\"https:\/\/instytutpolski.pl\/madrid\/\",\"name\":\"Instytut Polski w Madrycie\",\"description\":\"Instytuty Polskie\",\"potentialAction\":[{\"@type\":\"SearchAction\",\"target\":{\"@type\":\"EntryPoint\",\"urlTemplate\":\"https:\/\/instytutpolski.pl\/madrid\/?s={search_term_string}\"},\"query-input\":{\"@type\":\"PropertyValueSpecification\",\"valueRequired\":true,\"valueName\":\"search_term_string\"}}],\"inLanguage\":\"pl-PL\"}]}<\/script>\n<!-- \/ Yoast SEO plugin. -->","yoast_head_json":{"title":"Declaraci\u00f3n de accesibilidad - Instytut Polski w Madrycie","robots":{"index":"index","follow":"follow","max-snippet":"max-snippet:-1","max-image-preview":"max-image-preview:large","max-video-preview":"max-video-preview:-1"},"canonical":"https:\/\/instytutpolski.pl\/madrid\/declaracion-de-accesibilidad\/","og_locale":"pl_PL","og_type":"article","og_title":"Declaraci\u00f3n de accesibilidad - Instytut Polski w Madrycie","og_description":"Declaraci\u00f3n de disponibilidad del servicio del Ministerio de Relaciones Exteriores: instytutpolski.pl\/madrid El Ministerio de Relaciones Exteriores se compromete a garantizar la accesibilidad de su sitio web de conformidad con las disposiciones de la Ley de 4 de abril de 2019 sobre la accesibilidad digital de los sitios web y las aplicaciones m\u00f3viles de las entidades [&hellip;]","og_url":"https:\/\/instytutpolski.pl\/madrid\/declaracion-de-accesibilidad\/","og_site_name":"Instytut Polski w Madrycie","article_modified_time":"2022-08-19T11:48:21+00:00","og_image":[{"width":2048,"height":1365,"url":"https:\/\/instytutpolski.pl\/madrid\/wp-content\/uploads\/sites\/16\/2020\/06\/49730644737_2411e77127_k.jpg","type":"image\/jpeg"}],"twitter_card":"summary_large_image","twitter_misc":{"Szacowany czas czytania":"4 minuty"},"schema":{"@context":"https:\/\/schema.org","@graph":[{"@type":"WebPage","@id":"https:\/\/instytutpolski.pl\/madrid\/declaracion-de-accesibilidad\/","url":"https:\/\/instytutpolski.pl\/madrid\/declaracion-de-accesibilidad\/","name":"Declaraci\u00f3n de accesibilidad - Instytut Polski w Madrycie","isPartOf":{"@id":"https:\/\/instytutpolski.pl\/madrid\/#website"},"primaryImageOfPage":{"@id":"https:\/\/instytutpolski.pl\/madrid\/declaracion-de-accesibilidad\/#primaryimage"},"image":{"@id":"https:\/\/instytutpolski.pl\/madrid\/declaracion-de-accesibilidad\/#primaryimage"},"thumbnailUrl":"https:\/\/instytutpolski.pl\/madrid\/wp-content\/uploads\/sites\/16\/2020\/06\/49730644737_2411e77127_k.jpg","datePublished":"2020-06-07T21:38:20+00:00","dateModified":"2022-08-19T11:48:21+00:00","breadcrumb":{"@id":"https:\/\/instytutpolski.pl\/madrid\/declaracion-de-accesibilidad\/#breadcrumb"},"inLanguage":"pl-PL","potentialAction":[{"@type":"ReadAction","target":["https:\/\/instytutpolski.pl\/madrid\/declaracion-de-accesibilidad\/"]}]},{"@type":"ImageObject","inLanguage":"pl-PL","@id":"https:\/\/instytutpolski.pl\/madrid\/declaracion-de-accesibilidad\/#primaryimage","url":"https:\/\/instytutpolski.pl\/madrid\/wp-content\/uploads\/sites\/16\/2020\/06\/49730644737_2411e77127_k.jpg","contentUrl":"https:\/\/instytutpolski.pl\/madrid\/wp-content\/uploads\/sites\/16\/2020\/06\/49730644737_2411e77127_k.jpg","width":2048,"height":1365},{"@type":"BreadcrumbList","@id":"https:\/\/instytutpolski.pl\/madrid\/declaracion-de-accesibilidad\/#breadcrumb","itemListElement":[{"@type":"ListItem","position":1,"name":"Home","item":"https:\/\/instytutpolski.pl\/madrid\/"},{"@type":"ListItem","position":2,"name":"Declaraci\u00f3n de accesibilidad"}]},{"@type":"WebSite","@id":"https:\/\/instytutpolski.pl\/madrid\/#website","url":"https:\/\/instytutpolski.pl\/madrid\/","name":"Instytut Polski w Madrycie","description":"Instytuty Polskie","potentialAction":[{"@type":"SearchAction","target":{"@type":"EntryPoint","urlTemplate":"https:\/\/instytutpolski.pl\/madrid\/?s={search_term_string}"},"query-input":{"@type":"PropertyValueSpecification","valueRequired":true,"valueName":"search_term_string"}}],"inLanguage":"pl-PL"}]}},"_links":{"self":[{"href":"https:\/\/instytutpolski.pl\/madrid\/wp-json\/wp\/v2\/pages\/4300","targetHints":{"allow":["GET"]}}],"collection":[{"href":"https:\/\/instytutpolski.pl\/madrid\/wp-json\/wp\/v2\/pages"}],"about":[{"href":"https:\/\/instytutpolski.pl\/madrid\/wp-json\/wp\/v2\/types\/page"}],"author":[{"embeddable":true,"href":"https:\/\/instytutpolski.pl\/madrid\/wp-json\/wp\/v2\/users\/26"}],"replies":[{"embeddable":true,"href":"https:\/\/instytutpolski.pl\/madrid\/wp-json\/wp\/v2\/comments?post=4300"}],"version-history":[{"count":3,"href":"https:\/\/instytutpolski.pl\/madrid\/wp-json\/wp\/v2\/pages\/4300\/revisions"}],"predecessor-version":[{"id":6873,"href":"https:\/\/instytutpolski.pl\/madrid\/wp-json\/wp\/v2\/pages\/4300\/revisions\/6873"}],"wp:featuredmedia":[{"embeddable":true,"href":"https:\/\/instytutpolski.pl\/madrid\/wp-json\/wp\/v2\/media\/4301"}],"wp:attachment":[{"href":"https:\/\/instytutpolski.pl\/madrid\/wp-json\/wp\/v2\/media?parent=4300"}],"curies":[{"name":"wp","href":"https:\/\/api.w.org\/{rel}","templated":true}]}}