{"id":467,"date":"2019-06-25T10:45:57","date_gmt":"2019-06-25T08:45:57","guid":{"rendered":"https:\/\/instytutpolski.pl\/madryt\/?page_id=467"},"modified":"2020-06-12T15:16:11","modified_gmt":"2020-06-12T13:16:11","slug":"lengua-polaca","status":"publish","type":"page","link":"https:\/\/instytutpolski.pl\/madrid\/lengua-polaca\/","title":{"rendered":"Lengua polaca"},"content":{"rendered":"\n<p>El polaco es el segundo idioma eslavo m\u00e1s grande del mundo en cuanto a n\u00famero de usuarios. Alrededor de 50 millones de personas lo usan activamente, y al menos 10 millones tienen un conocimiento pasivo de \u00e9l. As\u00ed pues, el polaco es el mayor idioma eslavo de la Uni\u00f3n Europea,&nbsp;el quinto ex aequo con el castellano, despu\u00e9s del alem\u00e1n, el ingl\u00e9s, el franc\u00e9s y el italiano.<\/p>\n\n\n\n<p>El polaco pertenece al grupo de las lenguas indoeuropeas y a un subgrupo de lenguas eslavas occidentales (junto con el checo, el eslovaco, el casubio, el sorbio inferior, el sorbio superior y -extinguido- el polabo).<\/p>\n\n\n\n<p>Se estima que el polaco medio conoce activamente unas 30.000 palabras, y pasivamente&nbsp;entiende unas 100 mil, pero no las utiliza. Seg\u00fan algunos polonistas universitarios, basta con conocer las 1200 palabras m\u00e1s utilizadas para poder hablar polaco.<\/p>\n\n\n\n<p>El alfabeto polaco se basa en el alfabeto latino y consta de 32 letras. Hay nueve letras creadas con signos diacr\u00edticos (\u0105, \u0107, \u0119, \u0142, \u0144, \u00f3, \u015b, \u017a, \u017c). Adem\u00e1s, la notaci\u00f3n del lenguaje tiene siete digr\u00e1ficos m\u00e1s (sz, rz, cz, ch, dz, d\u017a, d\u017c) y un trigr\u00e1fo (dzi).<\/p>\n\n\n\n<p>Los sustantivos, adjetivos, participios adjetivales, pronombres y los numerales se declinan y tienen siete casos diferentes. Los verbos, a su vez, se conjugan con personas, tiempos, modos y n\u00fameros, as\u00ed como con&nbsp;aspectos.<\/p>\n\n\n\n<p>La frase m\u00e1s antigua en polaco: &#8222;Day, ut ia pobrusa, a ti poziwai&#8221; (&#8222;D\u00e9jame moler y t\u00fa descansa&#8221;) fue escrita en el alfabeto latino en 1270 en Wroc\u0142aw (en el Libro de Henryk\u00f3w, hoy en la Lista Mundial de Conmemoraci\u00f3n de la UNESCO). En 1285 en el congreso de \u0141\u0119czyca, se decidi\u00f3 que el polaco se usar\u00eda junto al lat\u00edn en las escuelas de los monasterios y catedrales.<\/p>\n\n\n\n<p>El polaco fue influenciado por el lat\u00edn, el griego, el alem\u00e1n, el checo, el rutenio, el turco, el franc\u00e9s, el italiano, el ruso, el h\u00fangaro y el yiddish. Actualmente, la mayor influencia sobre&nbsp;nuestro idioma&nbsp;es la&nbsp;lengua&nbsp;franca de nuestro tiempo: el ingl\u00e9s.<\/p>\n\n\n\n<p>Los principales dialectos del idioma polaco son los de la Gran Polonia, de&nbsp;\u200bla&nbsp;Peque\u00f1a Polonia, de Silesia, de Mazovia, de la regi\u00f3n de Che\u0142mno-Kociewie-Warmia, y de las Fronteras Norte y Sur.<\/p>\n\n\n\n<p>M\u00c1S INFORMACI\u00d3N<\/p>\n\n\n\n<p>Gu\u00eda multimedia del idioma polaco:<\/p>\n\n\n\n<p><a href=\"http:\/\/multimediaguides.culture.pl\/multimediaguides\/alphabet\/the-polish-alphabet\/0\">http:\/\/multimediaguides.culture.pl\/multimediaguides\/alphabet\/the-polish-alphabet\/0<\/a><\/p>\n\n\n\n<p>Poland.pl: <a href=\"https:\/\/poland.pl\/social-issues\/social\/polish-language-simple-language\/\">https:\/\/poland.pl\/social-issues\/social\/polish-language-simple-language\/<\/a><\/p>\n\n\n\n<p>Informaci\u00f3n sobre d\u00f3nde se puede aprender polaco\u00a0en el mundo\u00a0y sobre las colecciones de libros polacos en el mapa interactivo de Polonia fuera de Polonia:<a href=\"https:\/\/polski.msz.gov.pl\/\"> https:\/\/polski.msz.gov.pl\/<\/a><\/p>\n\n\n\n<p>Promoci\u00f3n\u00a0de la lengua polaca en el extranjero: <a href=\"https:\/\/nawa.gov.pl\/jezyk-polski\">https:\/\/nawa.gov.pl\/jezyk-polski<\/a><\/p>\n","protected":false},"excerpt":{"rendered":"<p>El polaco es el segundo idioma eslavo m\u00e1s grande del mundo en cuanto a n\u00famero de usuarios. Alrededor de 50 millones de personas lo usan activamente, y al menos 10 millones tienen un conocimiento pasivo de \u00e9l. As\u00ed pues, el polaco es el mayor idioma eslavo de la Uni\u00f3n Europea,&nbsp;el quinto ex aequo con el [&hellip;]<\/p>\n","protected":false},"author":1,"featured_media":469,"parent":0,"menu_order":0,"comment_status":"closed","ping_status":"closed","template":"","meta":{"inline_featured_image":false,"_monsterinsights_skip_tracking":false,"_monsterinsights_sitenote_active":false,"_monsterinsights_sitenote_note":"","_monsterinsights_sitenote_category":0,"footnotes":""},"class_list":["post-467","page","type-page","status-publish","has-post-thumbnail","hentry"],"yoast_head":"<!-- This site is optimized with the Yoast SEO plugin v24.6 - https:\/\/yoast.com\/wordpress\/plugins\/seo\/ -->\n<title>Lengua polaca - Instytut Polski w Madrycie<\/title>\n<meta name=\"robots\" content=\"index, follow, max-snippet:-1, max-image-preview:large, max-video-preview:-1\" \/>\n<link rel=\"canonical\" href=\"https:\/\/instytutpolski.pl\/madrid\/lengua-polaca\/\" \/>\n<meta property=\"og:locale\" content=\"pl_PL\" \/>\n<meta property=\"og:type\" content=\"article\" \/>\n<meta property=\"og:title\" content=\"Lengua polaca - Instytut Polski w Madrycie\" \/>\n<meta property=\"og:description\" content=\"El polaco es el segundo idioma eslavo m\u00e1s grande del mundo en cuanto a n\u00famero de usuarios. Alrededor de 50 millones de personas lo usan activamente, y al menos 10 millones tienen un conocimiento pasivo de \u00e9l. As\u00ed pues, el polaco es el mayor idioma eslavo de la Uni\u00f3n Europea,&nbsp;el quinto ex aequo con el [&hellip;]\" \/>\n<meta property=\"og:url\" content=\"https:\/\/instytutpolski.pl\/madrid\/lengua-polaca\/\" \/>\n<meta property=\"og:site_name\" content=\"Instytut Polski w Madrycie\" \/>\n<meta property=\"article:modified_time\" content=\"2020-06-12T13:16:11+00:00\" \/>\n<meta property=\"og:image\" content=\"https:\/\/instytutpolski.pl\/madrid\/wp-content\/uploads\/sites\/16\/2019\/06\/jezyk-polski.jpg\" \/>\n\t<meta property=\"og:image:width\" content=\"1920\" \/>\n\t<meta property=\"og:image:height\" content=\"700\" \/>\n\t<meta property=\"og:image:type\" content=\"image\/jpeg\" \/>\n<meta name=\"twitter:card\" content=\"summary_large_image\" \/>\n<meta name=\"twitter:label1\" content=\"Szacowany czas czytania\" \/>\n\t<meta name=\"twitter:data1\" content=\"2 minuty\" \/>\n<script type=\"application\/ld+json\" class=\"yoast-schema-graph\">{\"@context\":\"https:\/\/schema.org\",\"@graph\":[{\"@type\":\"WebPage\",\"@id\":\"https:\/\/instytutpolski.pl\/madrid\/lengua-polaca\/\",\"url\":\"https:\/\/instytutpolski.pl\/madrid\/lengua-polaca\/\",\"name\":\"Lengua polaca - Instytut Polski w Madrycie\",\"isPartOf\":{\"@id\":\"https:\/\/instytutpolski.pl\/madrid\/#website\"},\"primaryImageOfPage\":{\"@id\":\"https:\/\/instytutpolski.pl\/madrid\/lengua-polaca\/#primaryimage\"},\"image\":{\"@id\":\"https:\/\/instytutpolski.pl\/madrid\/lengua-polaca\/#primaryimage\"},\"thumbnailUrl\":\"https:\/\/instytutpolski.pl\/madrid\/wp-content\/uploads\/sites\/16\/2019\/06\/jezyk-polski.jpg\",\"datePublished\":\"2019-06-25T08:45:57+00:00\",\"dateModified\":\"2020-06-12T13:16:11+00:00\",\"breadcrumb\":{\"@id\":\"https:\/\/instytutpolski.pl\/madrid\/lengua-polaca\/#breadcrumb\"},\"inLanguage\":\"pl-PL\",\"potentialAction\":[{\"@type\":\"ReadAction\",\"target\":[\"https:\/\/instytutpolski.pl\/madrid\/lengua-polaca\/\"]}]},{\"@type\":\"ImageObject\",\"inLanguage\":\"pl-PL\",\"@id\":\"https:\/\/instytutpolski.pl\/madrid\/lengua-polaca\/#primaryimage\",\"url\":\"https:\/\/instytutpolski.pl\/madrid\/wp-content\/uploads\/sites\/16\/2019\/06\/jezyk-polski.jpg\",\"contentUrl\":\"https:\/\/instytutpolski.pl\/madrid\/wp-content\/uploads\/sites\/16\/2019\/06\/jezyk-polski.jpg\",\"width\":1920,\"height\":700},{\"@type\":\"BreadcrumbList\",\"@id\":\"https:\/\/instytutpolski.pl\/madrid\/lengua-polaca\/#breadcrumb\",\"itemListElement\":[{\"@type\":\"ListItem\",\"position\":1,\"name\":\"Home\",\"item\":\"https:\/\/instytutpolski.pl\/madrid\/\"},{\"@type\":\"ListItem\",\"position\":2,\"name\":\"Lengua polaca\"}]},{\"@type\":\"WebSite\",\"@id\":\"https:\/\/instytutpolski.pl\/madrid\/#website\",\"url\":\"https:\/\/instytutpolski.pl\/madrid\/\",\"name\":\"Instytut Polski w Madrycie\",\"description\":\"Instytuty Polskie\",\"potentialAction\":[{\"@type\":\"SearchAction\",\"target\":{\"@type\":\"EntryPoint\",\"urlTemplate\":\"https:\/\/instytutpolski.pl\/madrid\/?s={search_term_string}\"},\"query-input\":{\"@type\":\"PropertyValueSpecification\",\"valueRequired\":true,\"valueName\":\"search_term_string\"}}],\"inLanguage\":\"pl-PL\"}]}<\/script>\n<!-- \/ Yoast SEO plugin. -->","yoast_head_json":{"title":"Lengua polaca - Instytut Polski w Madrycie","robots":{"index":"index","follow":"follow","max-snippet":"max-snippet:-1","max-image-preview":"max-image-preview:large","max-video-preview":"max-video-preview:-1"},"canonical":"https:\/\/instytutpolski.pl\/madrid\/lengua-polaca\/","og_locale":"pl_PL","og_type":"article","og_title":"Lengua polaca - Instytut Polski w Madrycie","og_description":"El polaco es el segundo idioma eslavo m\u00e1s grande del mundo en cuanto a n\u00famero de usuarios. Alrededor de 50 millones de personas lo usan activamente, y al menos 10 millones tienen un conocimiento pasivo de \u00e9l. As\u00ed pues, el polaco es el mayor idioma eslavo de la Uni\u00f3n Europea,&nbsp;el quinto ex aequo con el [&hellip;]","og_url":"https:\/\/instytutpolski.pl\/madrid\/lengua-polaca\/","og_site_name":"Instytut Polski w Madrycie","article_modified_time":"2020-06-12T13:16:11+00:00","og_image":[{"width":1920,"height":700,"url":"https:\/\/instytutpolski.pl\/madrid\/wp-content\/uploads\/sites\/16\/2019\/06\/jezyk-polski.jpg","type":"image\/jpeg"}],"twitter_card":"summary_large_image","twitter_misc":{"Szacowany czas czytania":"2 minuty"},"schema":{"@context":"https:\/\/schema.org","@graph":[{"@type":"WebPage","@id":"https:\/\/instytutpolski.pl\/madrid\/lengua-polaca\/","url":"https:\/\/instytutpolski.pl\/madrid\/lengua-polaca\/","name":"Lengua polaca - Instytut Polski w Madrycie","isPartOf":{"@id":"https:\/\/instytutpolski.pl\/madrid\/#website"},"primaryImageOfPage":{"@id":"https:\/\/instytutpolski.pl\/madrid\/lengua-polaca\/#primaryimage"},"image":{"@id":"https:\/\/instytutpolski.pl\/madrid\/lengua-polaca\/#primaryimage"},"thumbnailUrl":"https:\/\/instytutpolski.pl\/madrid\/wp-content\/uploads\/sites\/16\/2019\/06\/jezyk-polski.jpg","datePublished":"2019-06-25T08:45:57+00:00","dateModified":"2020-06-12T13:16:11+00:00","breadcrumb":{"@id":"https:\/\/instytutpolski.pl\/madrid\/lengua-polaca\/#breadcrumb"},"inLanguage":"pl-PL","potentialAction":[{"@type":"ReadAction","target":["https:\/\/instytutpolski.pl\/madrid\/lengua-polaca\/"]}]},{"@type":"ImageObject","inLanguage":"pl-PL","@id":"https:\/\/instytutpolski.pl\/madrid\/lengua-polaca\/#primaryimage","url":"https:\/\/instytutpolski.pl\/madrid\/wp-content\/uploads\/sites\/16\/2019\/06\/jezyk-polski.jpg","contentUrl":"https:\/\/instytutpolski.pl\/madrid\/wp-content\/uploads\/sites\/16\/2019\/06\/jezyk-polski.jpg","width":1920,"height":700},{"@type":"BreadcrumbList","@id":"https:\/\/instytutpolski.pl\/madrid\/lengua-polaca\/#breadcrumb","itemListElement":[{"@type":"ListItem","position":1,"name":"Home","item":"https:\/\/instytutpolski.pl\/madrid\/"},{"@type":"ListItem","position":2,"name":"Lengua polaca"}]},{"@type":"WebSite","@id":"https:\/\/instytutpolski.pl\/madrid\/#website","url":"https:\/\/instytutpolski.pl\/madrid\/","name":"Instytut Polski w Madrycie","description":"Instytuty Polskie","potentialAction":[{"@type":"SearchAction","target":{"@type":"EntryPoint","urlTemplate":"https:\/\/instytutpolski.pl\/madrid\/?s={search_term_string}"},"query-input":{"@type":"PropertyValueSpecification","valueRequired":true,"valueName":"search_term_string"}}],"inLanguage":"pl-PL"}]}},"_links":{"self":[{"href":"https:\/\/instytutpolski.pl\/madrid\/wp-json\/wp\/v2\/pages\/467","targetHints":{"allow":["GET"]}}],"collection":[{"href":"https:\/\/instytutpolski.pl\/madrid\/wp-json\/wp\/v2\/pages"}],"about":[{"href":"https:\/\/instytutpolski.pl\/madrid\/wp-json\/wp\/v2\/types\/page"}],"author":[{"embeddable":true,"href":"https:\/\/instytutpolski.pl\/madrid\/wp-json\/wp\/v2\/users\/1"}],"replies":[{"embeddable":true,"href":"https:\/\/instytutpolski.pl\/madrid\/wp-json\/wp\/v2\/comments?post=467"}],"version-history":[{"count":3,"href":"https:\/\/instytutpolski.pl\/madrid\/wp-json\/wp\/v2\/pages\/467\/revisions"}],"predecessor-version":[{"id":4326,"href":"https:\/\/instytutpolski.pl\/madrid\/wp-json\/wp\/v2\/pages\/467\/revisions\/4326"}],"wp:featuredmedia":[{"embeddable":true,"href":"https:\/\/instytutpolski.pl\/madrid\/wp-json\/wp\/v2\/media\/469"}],"wp:attachment":[{"href":"https:\/\/instytutpolski.pl\/madrid\/wp-json\/wp\/v2\/media?parent=467"}],"curies":[{"name":"wp","href":"https:\/\/api.w.org\/{rel}","templated":true}]}}