{"id":515,"date":"2019-06-25T11:32:25","date_gmt":"2019-06-25T09:32:25","guid":{"rendered":"https:\/\/instytutpolski.pl\/madryt\/?page_id=515"},"modified":"2020-01-21T17:08:29","modified_gmt":"2020-01-21T16:08:29","slug":"practicas","status":"publish","type":"page","link":"https:\/\/instytutpolski.pl\/madrid\/sobre-el-instituto-polaco-de-cultura\/practicas\/","title":{"rendered":"Pr\u00e1cticas"},"content":{"rendered":"\n<p>Les informamos que debido al cambio de las directivas con respecto a la organizaci\u00f3n de las pr\u00e1cticas en el Ministerio de los Asuntos Exteriores o en las instituciones extranjeras, a partir del 30 de mayo de 2011 es posible solicitar: &#8211; las pr\u00e1cticas estudiantiles desde tercer a\u00f1o de la carrera, &#8211; las pr\u00e1cticas para los graduados (graduado en magisterio o graduado escolar, despu\u00e9s de terminar el instituto), &#8211; el voluntariado.<br><br>Se pide a todos los solicitantes (de las pr\u00e1cticas\/&nbsp; la formaci\u00f3n\/ el voluntariado en el Ministerio de los Asuntos Exteriores o en las instituciones extranjeras) leer el acto jur\u00eddico siguiente:<br><br><a href=\"http:\/\/www.rekrutacja.msz.gov.pl\/Orden,no,13,1878.html\" target=\"_blank\" rel=\"noreferrer noopener\">La ordenanza nr 13 del Director General del Servicio Exterior<\/a>&nbsp;(de 30 de mayo de 2011) acerca de las reglas de las pr\u00e1cticas\/ la formaci\u00f3n\/ el voluntariado en el Ministerio de los Asuntos Exteriores o en las instituciones extranjeras<\/p>\n\n\n\n<p><br>Las solicitudes hay que presentar como m\u00ednimo 45 d\u00edas antes de empezar las pr\u00e1cticas\/ la formaci\u00f3n\/ el voluntariado:<\/p>\n\n\n\n<p><br>En caso de las instituciones extranjeras por correos o por correo el\u00e9ctronico a la instituci\u00f3n extranjera elegida<\/p>\n\n\n\n<p><br>En caso de haber enviado los documentos, las personas clasificadas estan obligadas a mostrar las&nbsp; originales solicitudes m\u00ednimo el mismo d\u00eda de comenzar las pr\u00e1cticas\/ la formaci\u00f3n\/ el voluntariado.<\/p>\n\n\n\n<p>Consultar m\u00e1s informaci\u00f3n:<\/p>\n\n\n\n<figure class=\"wp-block-embed\"><div class=\"wp-block-embed__wrapper\">\nhttp:\/\/www.msz.gov.pl\/pl\/ministerstwo\/praca_i_kariera\/praktyki\/praktyki__wolontariat_i_staz\n<\/div><\/figure>\n","protected":false},"excerpt":{"rendered":"<p>Les informamos que debido al cambio de las directivas con respecto a la organizaci\u00f3n de las pr\u00e1cticas en el Ministerio de los Asuntos Exteriores o en las instituciones extranjeras, a partir del 30 de mayo de 2011 es posible solicitar: &#8211; las pr\u00e1cticas estudiantiles desde tercer a\u00f1o de la carrera, &#8211; las pr\u00e1cticas para los [&hellip;]<\/p>\n","protected":false},"author":1,"featured_media":0,"parent":504,"menu_order":0,"comment_status":"closed","ping_status":"closed","template":"","meta":{"inline_featured_image":false,"_monsterinsights_skip_tracking":false,"_monsterinsights_sitenote_active":false,"_monsterinsights_sitenote_note":"","_monsterinsights_sitenote_category":0,"footnotes":""},"class_list":["post-515","page","type-page","status-publish","hentry"],"yoast_head":"<!-- This site is optimized with the Yoast SEO plugin v24.6 - https:\/\/yoast.com\/wordpress\/plugins\/seo\/ -->\n<title>Pr\u00e1cticas - Instytut Polski w Madrycie<\/title>\n<meta name=\"robots\" content=\"index, follow, max-snippet:-1, max-image-preview:large, max-video-preview:-1\" \/>\n<link rel=\"canonical\" href=\"https:\/\/instytutpolski.pl\/madrid\/sobre-el-instituto-polaco-de-cultura\/practicas\/\" \/>\n<meta property=\"og:locale\" content=\"pl_PL\" \/>\n<meta property=\"og:type\" content=\"article\" \/>\n<meta property=\"og:title\" content=\"Pr\u00e1cticas - Instytut Polski w Madrycie\" \/>\n<meta property=\"og:description\" content=\"Les informamos que debido al cambio de las directivas con respecto a la organizaci\u00f3n de las pr\u00e1cticas en el Ministerio de los Asuntos Exteriores o en las instituciones extranjeras, a partir del 30 de mayo de 2011 es posible solicitar: &#8211; las pr\u00e1cticas estudiantiles desde tercer a\u00f1o de la carrera, &#8211; las pr\u00e1cticas para los [&hellip;]\" \/>\n<meta property=\"og:url\" content=\"https:\/\/instytutpolski.pl\/madrid\/sobre-el-instituto-polaco-de-cultura\/practicas\/\" \/>\n<meta property=\"og:site_name\" content=\"Instytut Polski w Madrycie\" \/>\n<meta property=\"article:modified_time\" content=\"2020-01-21T16:08:29+00:00\" \/>\n<meta name=\"twitter:card\" content=\"summary_large_image\" \/>\n<meta name=\"twitter:label1\" content=\"Szacowany czas czytania\" \/>\n\t<meta name=\"twitter:data1\" content=\"1 minuta\" \/>\n<script type=\"application\/ld+json\" class=\"yoast-schema-graph\">{\"@context\":\"https:\/\/schema.org\",\"@graph\":[{\"@type\":\"WebPage\",\"@id\":\"https:\/\/instytutpolski.pl\/madrid\/sobre-el-instituto-polaco-de-cultura\/practicas\/\",\"url\":\"https:\/\/instytutpolski.pl\/madrid\/sobre-el-instituto-polaco-de-cultura\/practicas\/\",\"name\":\"Pr\u00e1cticas - Instytut Polski w Madrycie\",\"isPartOf\":{\"@id\":\"https:\/\/instytutpolski.pl\/madrid\/#website\"},\"datePublished\":\"2019-06-25T09:32:25+00:00\",\"dateModified\":\"2020-01-21T16:08:29+00:00\",\"breadcrumb\":{\"@id\":\"https:\/\/instytutpolski.pl\/madrid\/sobre-el-instituto-polaco-de-cultura\/practicas\/#breadcrumb\"},\"inLanguage\":\"pl-PL\",\"potentialAction\":[{\"@type\":\"ReadAction\",\"target\":[\"https:\/\/instytutpolski.pl\/madrid\/sobre-el-instituto-polaco-de-cultura\/practicas\/\"]}]},{\"@type\":\"BreadcrumbList\",\"@id\":\"https:\/\/instytutpolski.pl\/madrid\/sobre-el-instituto-polaco-de-cultura\/practicas\/#breadcrumb\",\"itemListElement\":[{\"@type\":\"ListItem\",\"position\":1,\"name\":\"Home\",\"item\":\"https:\/\/instytutpolski.pl\/madrid\/\"},{\"@type\":\"ListItem\",\"position\":2,\"name\":\"Sobre el Instituto Polaco de Cultura\",\"item\":\"https:\/\/instytutpolski.pl\/madrid\/sobre-el-instituto-polaco-de-cultura\/\"},{\"@type\":\"ListItem\",\"position\":3,\"name\":\"Pr\u00e1cticas\"}]},{\"@type\":\"WebSite\",\"@id\":\"https:\/\/instytutpolski.pl\/madrid\/#website\",\"url\":\"https:\/\/instytutpolski.pl\/madrid\/\",\"name\":\"Instytut Polski w Madrycie\",\"description\":\"Instytuty Polskie\",\"potentialAction\":[{\"@type\":\"SearchAction\",\"target\":{\"@type\":\"EntryPoint\",\"urlTemplate\":\"https:\/\/instytutpolski.pl\/madrid\/?s={search_term_string}\"},\"query-input\":{\"@type\":\"PropertyValueSpecification\",\"valueRequired\":true,\"valueName\":\"search_term_string\"}}],\"inLanguage\":\"pl-PL\"}]}<\/script>\n<!-- \/ Yoast SEO plugin. -->","yoast_head_json":{"title":"Pr\u00e1cticas - Instytut Polski w Madrycie","robots":{"index":"index","follow":"follow","max-snippet":"max-snippet:-1","max-image-preview":"max-image-preview:large","max-video-preview":"max-video-preview:-1"},"canonical":"https:\/\/instytutpolski.pl\/madrid\/sobre-el-instituto-polaco-de-cultura\/practicas\/","og_locale":"pl_PL","og_type":"article","og_title":"Pr\u00e1cticas - Instytut Polski w Madrycie","og_description":"Les informamos que debido al cambio de las directivas con respecto a la organizaci\u00f3n de las pr\u00e1cticas en el Ministerio de los Asuntos Exteriores o en las instituciones extranjeras, a partir del 30 de mayo de 2011 es posible solicitar: &#8211; las pr\u00e1cticas estudiantiles desde tercer a\u00f1o de la carrera, &#8211; las pr\u00e1cticas para los [&hellip;]","og_url":"https:\/\/instytutpolski.pl\/madrid\/sobre-el-instituto-polaco-de-cultura\/practicas\/","og_site_name":"Instytut Polski w Madrycie","article_modified_time":"2020-01-21T16:08:29+00:00","twitter_card":"summary_large_image","twitter_misc":{"Szacowany czas czytania":"1 minuta"},"schema":{"@context":"https:\/\/schema.org","@graph":[{"@type":"WebPage","@id":"https:\/\/instytutpolski.pl\/madrid\/sobre-el-instituto-polaco-de-cultura\/practicas\/","url":"https:\/\/instytutpolski.pl\/madrid\/sobre-el-instituto-polaco-de-cultura\/practicas\/","name":"Pr\u00e1cticas - Instytut Polski w Madrycie","isPartOf":{"@id":"https:\/\/instytutpolski.pl\/madrid\/#website"},"datePublished":"2019-06-25T09:32:25+00:00","dateModified":"2020-01-21T16:08:29+00:00","breadcrumb":{"@id":"https:\/\/instytutpolski.pl\/madrid\/sobre-el-instituto-polaco-de-cultura\/practicas\/#breadcrumb"},"inLanguage":"pl-PL","potentialAction":[{"@type":"ReadAction","target":["https:\/\/instytutpolski.pl\/madrid\/sobre-el-instituto-polaco-de-cultura\/practicas\/"]}]},{"@type":"BreadcrumbList","@id":"https:\/\/instytutpolski.pl\/madrid\/sobre-el-instituto-polaco-de-cultura\/practicas\/#breadcrumb","itemListElement":[{"@type":"ListItem","position":1,"name":"Home","item":"https:\/\/instytutpolski.pl\/madrid\/"},{"@type":"ListItem","position":2,"name":"Sobre el Instituto Polaco de Cultura","item":"https:\/\/instytutpolski.pl\/madrid\/sobre-el-instituto-polaco-de-cultura\/"},{"@type":"ListItem","position":3,"name":"Pr\u00e1cticas"}]},{"@type":"WebSite","@id":"https:\/\/instytutpolski.pl\/madrid\/#website","url":"https:\/\/instytutpolski.pl\/madrid\/","name":"Instytut Polski w Madrycie","description":"Instytuty Polskie","potentialAction":[{"@type":"SearchAction","target":{"@type":"EntryPoint","urlTemplate":"https:\/\/instytutpolski.pl\/madrid\/?s={search_term_string}"},"query-input":{"@type":"PropertyValueSpecification","valueRequired":true,"valueName":"search_term_string"}}],"inLanguage":"pl-PL"}]}},"_links":{"self":[{"href":"https:\/\/instytutpolski.pl\/madrid\/wp-json\/wp\/v2\/pages\/515","targetHints":{"allow":["GET"]}}],"collection":[{"href":"https:\/\/instytutpolski.pl\/madrid\/wp-json\/wp\/v2\/pages"}],"about":[{"href":"https:\/\/instytutpolski.pl\/madrid\/wp-json\/wp\/v2\/types\/page"}],"author":[{"embeddable":true,"href":"https:\/\/instytutpolski.pl\/madrid\/wp-json\/wp\/v2\/users\/1"}],"replies":[{"embeddable":true,"href":"https:\/\/instytutpolski.pl\/madrid\/wp-json\/wp\/v2\/comments?post=515"}],"version-history":[{"count":2,"href":"https:\/\/instytutpolski.pl\/madrid\/wp-json\/wp\/v2\/pages\/515\/revisions"}],"predecessor-version":[{"id":851,"href":"https:\/\/instytutpolski.pl\/madrid\/wp-json\/wp\/v2\/pages\/515\/revisions\/851"}],"up":[{"embeddable":true,"href":"https:\/\/instytutpolski.pl\/madrid\/wp-json\/wp\/v2\/pages\/504"}],"wp:attachment":[{"href":"https:\/\/instytutpolski.pl\/madrid\/wp-json\/wp\/v2\/media?parent=515"}],"curies":[{"name":"wp","href":"https:\/\/api.w.org\/{rel}","templated":true}]}}