{"id":521,"date":"2019-06-25T11:33:37","date_gmt":"2019-06-25T09:33:37","guid":{"rendered":"https:\/\/instytutpolski.pl\/madryt\/?page_id=521"},"modified":"2025-12-02T14:48:08","modified_gmt":"2025-12-02T13:48:08","slug":"zespol","status":"publish","type":"page","link":"https:\/\/instytutpolski.pl\/madrid\/pl\/o-instytucie-polskim\/zespol\/","title":{"rendered":"Zesp\u00f3\u0142"},"content":{"rendered":"\n<figure class=\"wp-block-image size-large\"><img loading=\"lazy\" decoding=\"async\" width=\"1024\" height=\"683\" src=\"https:\/\/instytutpolski.pl\/madrid\/wp-content\/uploads\/sites\/16\/2025\/11\/IPC-740067-1024x683.jpg\" alt=\"\" class=\"wp-image-9516\" srcset=\"https:\/\/instytutpolski.pl\/madrid\/wp-content\/uploads\/sites\/16\/2025\/11\/IPC-740067-1024x683.jpg 1024w, https:\/\/instytutpolski.pl\/madrid\/wp-content\/uploads\/sites\/16\/2025\/11\/IPC-740067-300x200.jpg 300w, https:\/\/instytutpolski.pl\/madrid\/wp-content\/uploads\/sites\/16\/2025\/11\/IPC-740067-768x512.jpg 768w, https:\/\/instytutpolski.pl\/madrid\/wp-content\/uploads\/sites\/16\/2025\/11\/IPC-740067-1536x1024.jpg 1536w, https:\/\/instytutpolski.pl\/madrid\/wp-content\/uploads\/sites\/16\/2025\/11\/IPC-740067-2048x1365.jpg 2048w\" sizes=\"auto, (max-width: 1024px) 100vw, 1024px\" \/><\/figure>\n\n\n\n<p><strong><strong>Dyrektor<\/strong><br><\/strong>Maria \u015alebioda \/&nbsp;<a href=\"mailto:maria.slebioda@msz.gov.pl\" target=\"_blank\" rel=\"noreferrer noopener\">maria.slebioda@msz.gov.pl<\/a><\/p>\n\n\n\n<p><strong>Wicedyrektor <\/strong><br>Katarzyna \u015amigielska \/&nbsp;<a href=\"mailto:magdalena.majda@msz.gov.pl\">katarzyna.smigielska@msz.gov.pl<\/a><\/p>\n\n\n\n<p><strong>Koordynacja projekt<\/strong><strong>\u00f3w<\/strong><br>Ernest Kowalczyk \/&nbsp;<a href=\"mailto:ernest.kowalczyk@instytutpolski.pl\">ernest.kowalczyk@instytutpolski.pl<\/a><\/p>\n\n\n\n<p>Joanna Gdowska Bomfim \/&nbsp;<a href=\"mailto:joanna.gdowska@instytutpolski.pl\">joanna.gdowska@instytutpolski.pl<\/a><\/p>\n\n\n\n<p>Klaudia Tenoudji \/ <a href=\"mailto:klaudia.tenoudji@instytutpolski.pl\">klaudia.tenoudji@instytutpolski.pl<\/a><\/p>\n\n\n\n<p>Joanna Furman \/ <a href=\"mailto:Joanna.furman@instytutpolski.pl\">Joanna.furman@instytutpolski.pl<\/a><\/p>\n\n\n\n<p><strong>Komunikacja i relacje instytucjonalne<\/strong><br>Inma Flor \/&nbsp;<a href=\"mailto:inma.flor@instytutpolski.pl\">inma.flor@instytutpolski.pl<\/a><\/p>\n\n\n\n<p><strong>Sekretariat<\/strong><br>Ewelina Idziak-Garcia \/&nbsp;<a href=\"mailto:ewelina.idziak-garcia@msz.gov.pl\">ewelina.idziak-garcia@msz.gov.pl<\/a><\/p>\n\n\n\n<p><strong>Logistyka<\/strong><br>Tomasz Janikowski \/&nbsp;<a href=\"mailto:tomasz.janikowski@instytutpolski.pl\">tomasz.janikowski@instytutpolski.pl<\/a><\/p>\n","protected":false},"excerpt":{"rendered":"<p>DyrektorMaria \u015alebioda \/&nbsp;maria.slebioda@msz.gov.pl Wicedyrektor Katarzyna \u015amigielska \/&nbsp;katarzyna.smigielska@msz.gov.pl Koordynacja projekt\u00f3wErnest Kowalczyk \/&nbsp;ernest.kowalczyk@instytutpolski.pl Joanna Gdowska Bomfim \/&nbsp;joanna.gdowska@instytutpolski.pl Klaudia Tenoudji \/ klaudia.tenoudji@instytutpolski.pl Joanna Furman \/ Joanna.furman@instytutpolski.pl Komunikacja i relacje instytucjonalneInma Flor \/&nbsp;inma.flor@instytutpolski.pl SekretariatEwelina Idziak-Garcia \/&nbsp;ewelina.idziak-garcia@msz.gov.pl LogistykaTomasz Janikowski \/&nbsp;tomasz.janikowski@instytutpolski.pl<\/p>\n","protected":false},"author":1,"featured_media":0,"parent":506,"menu_order":0,"comment_status":"closed","ping_status":"closed","template":"","meta":{"inline_featured_image":false,"_monsterinsights_skip_tracking":false,"_monsterinsights_sitenote_active":false,"_monsterinsights_sitenote_note":"","_monsterinsights_sitenote_category":0,"footnotes":""},"class_list":["post-521","page","type-page","status-publish","hentry"],"yoast_head":"<!-- This site is optimized with the Yoast SEO plugin v24.6 - https:\/\/yoast.com\/wordpress\/plugins\/seo\/ -->\n<title>Zesp\u00f3\u0142 - Instytut Polski w Madrycie<\/title>\n<meta name=\"robots\" content=\"index, follow, max-snippet:-1, max-image-preview:large, max-video-preview:-1\" \/>\n<link rel=\"canonical\" href=\"https:\/\/instytutpolski.pl\/madrid\/pl\/o-instytucie-polskim\/zespol\/\" \/>\n<meta property=\"og:locale\" content=\"pl_PL\" \/>\n<meta property=\"og:type\" content=\"article\" \/>\n<meta property=\"og:title\" content=\"Zesp\u00f3\u0142 - Instytut Polski w Madrycie\" \/>\n<meta property=\"og:description\" content=\"DyrektorMaria \u015alebioda \/&nbsp;maria.slebioda@msz.gov.pl Wicedyrektor Katarzyna \u015amigielska \/&nbsp;katarzyna.smigielska@msz.gov.pl Koordynacja projekt\u00f3wErnest Kowalczyk \/&nbsp;ernest.kowalczyk@instytutpolski.pl Joanna Gdowska Bomfim \/&nbsp;joanna.gdowska@instytutpolski.pl Klaudia Tenoudji \/ klaudia.tenoudji@instytutpolski.pl Joanna Furman \/ Joanna.furman@instytutpolski.pl Komunikacja i relacje instytucjonalneInma Flor \/&nbsp;inma.flor@instytutpolski.pl SekretariatEwelina Idziak-Garcia \/&nbsp;ewelina.idziak-garcia@msz.gov.pl LogistykaTomasz Janikowski \/&nbsp;tomasz.janikowski@instytutpolski.pl\" \/>\n<meta property=\"og:url\" content=\"https:\/\/instytutpolski.pl\/madrid\/pl\/o-instytucie-polskim\/zespol\/\" \/>\n<meta property=\"og:site_name\" content=\"Instytut Polski w Madrycie\" \/>\n<meta property=\"article:modified_time\" content=\"2025-12-02T13:48:08+00:00\" \/>\n<meta property=\"og:image\" content=\"https:\/\/instytutpolski.pl\/madrid\/wp-content\/uploads\/sites\/16\/2025\/11\/IPC-740067-scaled.jpg\" \/>\n\t<meta property=\"og:image:width\" content=\"2560\" \/>\n\t<meta property=\"og:image:height\" content=\"1707\" \/>\n\t<meta property=\"og:image:type\" content=\"image\/jpeg\" \/>\n<meta name=\"twitter:card\" content=\"summary_large_image\" \/>\n<meta name=\"twitter:label1\" content=\"Szacowany czas czytania\" \/>\n\t<meta name=\"twitter:data1\" content=\"1 minuta\" \/>\n<script type=\"application\/ld+json\" class=\"yoast-schema-graph\">{\"@context\":\"https:\/\/schema.org\",\"@graph\":[{\"@type\":\"WebPage\",\"@id\":\"https:\/\/instytutpolski.pl\/madrid\/pl\/o-instytucie-polskim\/zespol\/\",\"url\":\"https:\/\/instytutpolski.pl\/madrid\/pl\/o-instytucie-polskim\/zespol\/\",\"name\":\"Zesp\u00f3\u0142 - Instytut Polski w Madrycie\",\"isPartOf\":{\"@id\":\"https:\/\/instytutpolski.pl\/madrid\/#website\"},\"primaryImageOfPage\":{\"@id\":\"https:\/\/instytutpolski.pl\/madrid\/pl\/o-instytucie-polskim\/zespol\/#primaryimage\"},\"image\":{\"@id\":\"https:\/\/instytutpolski.pl\/madrid\/pl\/o-instytucie-polskim\/zespol\/#primaryimage\"},\"thumbnailUrl\":\"https:\/\/instytutpolski.pl\/madrid\/wp-content\/uploads\/sites\/16\/2025\/11\/IPC-740067-1024x683.jpg\",\"datePublished\":\"2019-06-25T09:33:37+00:00\",\"dateModified\":\"2025-12-02T13:48:08+00:00\",\"breadcrumb\":{\"@id\":\"https:\/\/instytutpolski.pl\/madrid\/pl\/o-instytucie-polskim\/zespol\/#breadcrumb\"},\"inLanguage\":\"pl-PL\",\"potentialAction\":[{\"@type\":\"ReadAction\",\"target\":[\"https:\/\/instytutpolski.pl\/madrid\/pl\/o-instytucie-polskim\/zespol\/\"]}]},{\"@type\":\"ImageObject\",\"inLanguage\":\"pl-PL\",\"@id\":\"https:\/\/instytutpolski.pl\/madrid\/pl\/o-instytucie-polskim\/zespol\/#primaryimage\",\"url\":\"https:\/\/instytutpolski.pl\/madrid\/wp-content\/uploads\/sites\/16\/2025\/11\/IPC-740067-scaled.jpg\",\"contentUrl\":\"https:\/\/instytutpolski.pl\/madrid\/wp-content\/uploads\/sites\/16\/2025\/11\/IPC-740067-scaled.jpg\",\"width\":2560,\"height\":1707},{\"@type\":\"BreadcrumbList\",\"@id\":\"https:\/\/instytutpolski.pl\/madrid\/pl\/o-instytucie-polskim\/zespol\/#breadcrumb\",\"itemListElement\":[{\"@type\":\"ListItem\",\"position\":1,\"name\":\"Home\",\"item\":\"https:\/\/instytutpolski.pl\/madrid\/\"},{\"@type\":\"ListItem\",\"position\":2,\"name\":\"O Instytucie Polskim\",\"item\":\"https:\/\/instytutpolski.pl\/madrid\/pl\/o-instytucie-polskim\/\"},{\"@type\":\"ListItem\",\"position\":3,\"name\":\"Zesp\u00f3\u0142\"}]},{\"@type\":\"WebSite\",\"@id\":\"https:\/\/instytutpolski.pl\/madrid\/#website\",\"url\":\"https:\/\/instytutpolski.pl\/madrid\/\",\"name\":\"Instytut Polski w Madrycie\",\"description\":\"Instytuty Polskie\",\"potentialAction\":[{\"@type\":\"SearchAction\",\"target\":{\"@type\":\"EntryPoint\",\"urlTemplate\":\"https:\/\/instytutpolski.pl\/madrid\/?s={search_term_string}\"},\"query-input\":{\"@type\":\"PropertyValueSpecification\",\"valueRequired\":true,\"valueName\":\"search_term_string\"}}],\"inLanguage\":\"pl-PL\"}]}<\/script>\n<!-- \/ Yoast SEO plugin. -->","yoast_head_json":{"title":"Zesp\u00f3\u0142 - Instytut Polski w Madrycie","robots":{"index":"index","follow":"follow","max-snippet":"max-snippet:-1","max-image-preview":"max-image-preview:large","max-video-preview":"max-video-preview:-1"},"canonical":"https:\/\/instytutpolski.pl\/madrid\/pl\/o-instytucie-polskim\/zespol\/","og_locale":"pl_PL","og_type":"article","og_title":"Zesp\u00f3\u0142 - Instytut Polski w Madrycie","og_description":"DyrektorMaria \u015alebioda \/&nbsp;maria.slebioda@msz.gov.pl Wicedyrektor Katarzyna \u015amigielska \/&nbsp;katarzyna.smigielska@msz.gov.pl Koordynacja projekt\u00f3wErnest Kowalczyk \/&nbsp;ernest.kowalczyk@instytutpolski.pl Joanna Gdowska Bomfim \/&nbsp;joanna.gdowska@instytutpolski.pl Klaudia Tenoudji \/ klaudia.tenoudji@instytutpolski.pl Joanna Furman \/ Joanna.furman@instytutpolski.pl Komunikacja i relacje instytucjonalneInma Flor \/&nbsp;inma.flor@instytutpolski.pl SekretariatEwelina Idziak-Garcia \/&nbsp;ewelina.idziak-garcia@msz.gov.pl LogistykaTomasz Janikowski \/&nbsp;tomasz.janikowski@instytutpolski.pl","og_url":"https:\/\/instytutpolski.pl\/madrid\/pl\/o-instytucie-polskim\/zespol\/","og_site_name":"Instytut Polski w Madrycie","article_modified_time":"2025-12-02T13:48:08+00:00","og_image":[{"width":2560,"height":1707,"url":"https:\/\/instytutpolski.pl\/madrid\/wp-content\/uploads\/sites\/16\/2025\/11\/IPC-740067-scaled.jpg","type":"image\/jpeg"}],"twitter_card":"summary_large_image","twitter_misc":{"Szacowany czas czytania":"1 minuta"},"schema":{"@context":"https:\/\/schema.org","@graph":[{"@type":"WebPage","@id":"https:\/\/instytutpolski.pl\/madrid\/pl\/o-instytucie-polskim\/zespol\/","url":"https:\/\/instytutpolski.pl\/madrid\/pl\/o-instytucie-polskim\/zespol\/","name":"Zesp\u00f3\u0142 - Instytut Polski w Madrycie","isPartOf":{"@id":"https:\/\/instytutpolski.pl\/madrid\/#website"},"primaryImageOfPage":{"@id":"https:\/\/instytutpolski.pl\/madrid\/pl\/o-instytucie-polskim\/zespol\/#primaryimage"},"image":{"@id":"https:\/\/instytutpolski.pl\/madrid\/pl\/o-instytucie-polskim\/zespol\/#primaryimage"},"thumbnailUrl":"https:\/\/instytutpolski.pl\/madrid\/wp-content\/uploads\/sites\/16\/2025\/11\/IPC-740067-1024x683.jpg","datePublished":"2019-06-25T09:33:37+00:00","dateModified":"2025-12-02T13:48:08+00:00","breadcrumb":{"@id":"https:\/\/instytutpolski.pl\/madrid\/pl\/o-instytucie-polskim\/zespol\/#breadcrumb"},"inLanguage":"pl-PL","potentialAction":[{"@type":"ReadAction","target":["https:\/\/instytutpolski.pl\/madrid\/pl\/o-instytucie-polskim\/zespol\/"]}]},{"@type":"ImageObject","inLanguage":"pl-PL","@id":"https:\/\/instytutpolski.pl\/madrid\/pl\/o-instytucie-polskim\/zespol\/#primaryimage","url":"https:\/\/instytutpolski.pl\/madrid\/wp-content\/uploads\/sites\/16\/2025\/11\/IPC-740067-scaled.jpg","contentUrl":"https:\/\/instytutpolski.pl\/madrid\/wp-content\/uploads\/sites\/16\/2025\/11\/IPC-740067-scaled.jpg","width":2560,"height":1707},{"@type":"BreadcrumbList","@id":"https:\/\/instytutpolski.pl\/madrid\/pl\/o-instytucie-polskim\/zespol\/#breadcrumb","itemListElement":[{"@type":"ListItem","position":1,"name":"Home","item":"https:\/\/instytutpolski.pl\/madrid\/"},{"@type":"ListItem","position":2,"name":"O Instytucie Polskim","item":"https:\/\/instytutpolski.pl\/madrid\/pl\/o-instytucie-polskim\/"},{"@type":"ListItem","position":3,"name":"Zesp\u00f3\u0142"}]},{"@type":"WebSite","@id":"https:\/\/instytutpolski.pl\/madrid\/#website","url":"https:\/\/instytutpolski.pl\/madrid\/","name":"Instytut Polski w Madrycie","description":"Instytuty Polskie","potentialAction":[{"@type":"SearchAction","target":{"@type":"EntryPoint","urlTemplate":"https:\/\/instytutpolski.pl\/madrid\/?s={search_term_string}"},"query-input":{"@type":"PropertyValueSpecification","valueRequired":true,"valueName":"search_term_string"}}],"inLanguage":"pl-PL"}]}},"_links":{"self":[{"href":"https:\/\/instytutpolski.pl\/madrid\/wp-json\/wp\/v2\/pages\/521","targetHints":{"allow":["GET"]}}],"collection":[{"href":"https:\/\/instytutpolski.pl\/madrid\/wp-json\/wp\/v2\/pages"}],"about":[{"href":"https:\/\/instytutpolski.pl\/madrid\/wp-json\/wp\/v2\/types\/page"}],"author":[{"embeddable":true,"href":"https:\/\/instytutpolski.pl\/madrid\/wp-json\/wp\/v2\/users\/1"}],"replies":[{"embeddable":true,"href":"https:\/\/instytutpolski.pl\/madrid\/wp-json\/wp\/v2\/comments?post=521"}],"version-history":[{"count":28,"href":"https:\/\/instytutpolski.pl\/madrid\/wp-json\/wp\/v2\/pages\/521\/revisions"}],"predecessor-version":[{"id":9545,"href":"https:\/\/instytutpolski.pl\/madrid\/wp-json\/wp\/v2\/pages\/521\/revisions\/9545"}],"up":[{"embeddable":true,"href":"https:\/\/instytutpolski.pl\/madrid\/wp-json\/wp\/v2\/pages\/506"}],"wp:attachment":[{"href":"https:\/\/instytutpolski.pl\/madrid\/wp-json\/wp\/v2\/media?parent=521"}],"curies":[{"name":"wp","href":"https:\/\/api.w.org\/{rel}","templated":true}]}}