{"id":11887,"date":"2021-06-04T11:00:55","date_gmt":"2021-06-04T08:00:55","guid":{"rendered":"https:\/\/instytutpolski.pl\/minsk\/?page_id=11887"},"modified":"2021-06-16T09:40:20","modified_gmt":"2021-06-16T06:40:20","slug":"regulamin-rekrutacji-2","status":"publish","type":"page","link":"https:\/\/instytutpolski.pl\/minsk\/pl\/regulamin-rekrutacji-2\/","title":{"rendered":"Regulamin rekrutacji"},"content":{"rendered":"\n<p style=\"text-align: center\"><strong>REGULAMIN REKRUTACJI\u00a0<br \/>na nieodp\u0142atny 2-letni kurs j\u0119zyka polskiego\u00a0<\/strong><span data-ccp-props=\"{&quot;201341983&quot;:0,&quot;335559740&quot;:259}\">\u00a0<\/span><\/p>\n<ol>\n<li><span data-contrast=\"auto\"> Zg\u0142oszenia udzia\u0142u w kursie s\u0105 przyjmowane jeden raz w roku \u2013 <\/span><b><span data-contrast=\"auto\">w czerwcu<\/span><\/b><span data-contrast=\"auto\">.<\/span><\/li>\n<li><span data-contrast=\"auto\"> Rekrutacja odbywa si\u0119 drog\u0105 konkursow\u0105 na podstawie nades\u0142anych zg\u0142osze\u0144, wed\u0142ug odpowiedniego formularza.<\/span><\/li>\n<li><span data-contrast=\"auto\"> Formularz zg\u0142oszeniowy dost\u0119pny jest <span style=\"text-decoration: underline\">online<\/span> na stronie Instytutu Polskiego w Mi\u0144sku <\/span><b><span data-contrast=\"auto\">tylko podczas rekrutacji.<\/span><\/b><\/li>\n<li><span data-contrast=\"auto\"> Na kursy przyjmowane s\u0105 zg\u0142oszenia kandydat\u00f3w bez znajomo\u015bci j\u0119zyka polskiego lub znaj\u0105cych j\u0119zyk na poziomie podstawowym. W wyj\u0105tkowych przypadkach osoby ze znajomo\u015bci\u0105 j\u0119zyka polskiego na poziomie \u015brednim lub wy\u017cszym mog\u0105 zosta\u0107 przyj\u0119te na drugi rok nauczania.\u00a0<\/span><\/li>\n<li><span data-contrast=\"auto\"> Do udzia\u0142u w kursie zg\u0142asza\u0107 si\u0119 mo\u017ce ka\u017cdy obywatel Republiki Bia\u0142oru\u015b oraz obywatele innych pa\u0144stw, zamieszkuj\u0105cy na sta\u0142e na terytorium Bia\u0142orusi, maj\u0105cy uko\u0144czone 18 lat.<\/span><\/li>\n<li><span data-contrast=\"auto\"> Osoby, kt\u00f3re uko\u0144czy\u0142y kurs w poprzednich latach lub zosta\u0142y skre\u015blone z listy uczestnik\u00f3w zaj\u0119\u0107, nie mog\u0105 po raz kolejny zg\u0142asza\u0107 si\u0119 do udzia\u0142u w kursie.<\/span><\/li>\n<li><span data-contrast=\"auto\">Osoby zakwalifikowane na kurs zostan\u0105 poinformowane o tym fakcie drog\u0105 mailow\u0105 do <strong>25 wrze\u015bnia,<\/strong> bezpo\u015brednio przez wyk\u0142adowc\u00f3w. <\/span><span data-ccp-props=\"{&quot;201341983&quot;:0,&quot;335559740&quot;:259}\">\u00a0<\/span><\/li>\n<li><span data-contrast=\"auto\">W zwi\u0105zku z bardzo du\u017c\u0105 liczb\u0105 kandydat\u00f3w Instytut Polski w Mi\u0144sku zastrzega sobie prawo do decyzji o kryteriach naboru.<\/span><\/li>\n<\/ol>\n<p style=\"text-align: center\"><span data-ccp-props=\"{&quot;201341983&quot;:0,&quot;335559740&quot;:259}\">\u00a0<\/span><b><span data-contrast=\"auto\">Regu\u0142y PROWADZENIA ZAJ\u0118\u0106 na kursach<\/span><\/b><span data-ccp-props=\"{&quot;201341983&quot;:0,&quot;335559740&quot;:259}\">\u00a0<\/span><span data-ccp-props=\"{&quot;201341983&quot;:0,&quot;335559740&quot;:259}\">\u00a0<\/span><\/p>\n<ol>\n<li><span data-contrast=\"auto\">Miejscowo\u015bci, w kt\u00f3rych s\u0105 prowadzone zaj\u0119cia:<br \/><\/span><span data-contrast=\"auto\">a) <strong>stacjonarnie<\/strong>: Mo\u0142odeczno, <\/span><span data-contrast=\"auto\">b) o<strong>nline<\/strong>: pozosta\u0142e (Bia\u0142oru\u015b).<\/span><\/li>\n<li><span data-contrast=\"auto\">Nauka na kursach rozpoczyna si\u0119 w <\/span><b><span data-contrast=\"auto\">pa\u017adzierniku<\/span><\/b><span data-contrast=\"auto\">\u00a0bie\u017c\u0105cego roku i ko\u0144czy si\u0119 w\u00a0<\/span><b><span data-contrast=\"auto\">maju<\/span><\/b><span data-contrast=\"auto\">\u00a0nast\u0119pnego roku.<\/span><span data-ccp-props=\"{&quot;201341983&quot;:0,&quot;335559740&quot;:259}\">\u00a0<\/span><\/li>\n<li><span data-contrast=\"auto\"> Pe\u0142ny kurs trwa <\/span><b><span data-contrast=\"auto\">2 lata<\/span><\/b><span data-contrast=\"auto\">.<\/span><\/li>\n<li><span data-contrast=\"auto\"> Zaj\u0119cia odbywaj\u0105 si\u0119 2 razy w tygodniu, w godzinach wieczornych (zwykle od godz. 18\/19), w dni powszednie.<\/span><\/li>\n<li><span data-contrast=\"auto\"> Rozk\u0142ad i miejsce prowadzenia zaj\u0119\u0107 zostanie ustalony bezpo\u015brednio przed ich rozpocz\u0119ciem.\u00a0<\/span><\/li>\n<li><span data-contrast=\"auto\"> Informacja o rozpocz\u0119ciu zaj\u0119\u0107 zostanie wys\u0142ana w <\/span><b><span data-contrast=\"auto\">ostatnim tygodniu wrze\u015bnia <\/span><\/b><span data-contrast=\"auto\">na adres e-mailowy do wszystkich zakwalifikowanych na kurs.<\/span><span data-ccp-props=\"{&quot;201341983&quot;:0,&quot;335559740&quot;:259}\">\u00a0<\/span><\/li>\n<li><span data-contrast=\"auto\"> Czas trwania zaj\u0119\u0107 \u2014<\/span><b><span data-contrast=\"auto\">2 godziny akademickie \/ 90 minut<\/span><\/b><span data-contrast=\"auto\">.<\/span><\/li>\n<li><span data-contrast=\"auto\"> Kursy odbywaj\u0105 si\u0119 w grupach 20-25-osobowych.<\/span><\/li>\n<li><span data-contrast=\"auto\"> Ka\u017cdy uczestnik kursu bierze udzia\u0142 w zaj\u0119ciach zgodnie z ustalonym planem.\u00a0<\/span><\/li>\n<li><span data-contrast=\"auto\"> W przypadku usprawiedliwionej nieobecno\u015bci na zaj\u0119ciach uczestnik jest zobowi\u0105zany do niezw\u0142ocznego poinformowania wyk\u0142adowcy.<\/span><\/li>\n<li><span data-contrast=\"auto\"> W przypadku opuszczenia 30% nieusprawiedliwionych zaj\u0119\u0107 w miesi\u0105cu, uczestnik zostanie wykre\u015blony z kursu.<\/span><\/li>\n<li><span data-contrast=\"auto\"> Udzia\u0142 w kursach jest NIEODP\u0141ATNY.<\/span><\/li>\n<li><span data-contrast=\"auto\"> Program nauczania j\u0119zyka polskiego oparty jest o podr\u0119czniki z serii <a href=\"http:\/\/polskikrokpokroku.pl\/\">\u201ePOLSKI krok po kroku\u201d<\/a>.<\/span><\/li>\n<li><span data-contrast=\"auto\"> Ka\u017cdy uczestnik kursu jest zobowi\u0105zany do zakupu podr\u0119cznik\u00f3w na w\u0142asny koszt oraz za\u0142o\u017cenia platformy ZOOM (Za\u0142o\u017cenie platformy ZOOM nie dotyczy kursant\u00f3w stacjonarnych).<\/span><\/li>\n<li><span data-contrast=\"auto\"> Kurs ko\u0144czy si\u0119 egzaminem wewn\u0119trznym.<\/span><\/li>\n<\/ol>\n","protected":false},"excerpt":{"rendered":"<p>REGULAMIN REKRUTACJI\u00a0na nieodp\u0142atny 2-letni kurs j\u0119zyka polskiego\u00a0\u00a0 Zg\u0142oszenia udzia\u0142u w kursie s\u0105 przyjmowane jeden raz w roku \u2013 w czerwcu. Rekrutacja odbywa si\u0119 drog\u0105 konkursow\u0105 na podstawie nades\u0142anych zg\u0142osze\u0144, wed\u0142ug odpowiedniego formularza. Formularz zg\u0142oszeniowy dost\u0119pny jest online na stronie Instytutu Polskiego w Mi\u0144sku tylko podczas rekrutacji. Na kursy przyjmowane s\u0105 zg\u0142oszenia kandydat\u00f3w bez znajomo\u015bci j\u0119zyka [&hellip;]<\/p>\n","protected":false},"author":65,"featured_media":0,"parent":0,"menu_order":0,"comment_status":"closed","ping_status":"closed","template":"","meta":{"inline_featured_image":false,"_monsterinsights_skip_tracking":false,"_monsterinsights_sitenote_active":false,"_monsterinsights_sitenote_note":"","_monsterinsights_sitenote_category":0,"footnotes":""},"class_list":["post-11887","page","type-page","status-publish","hentry"],"yoast_head":"<!-- This site is optimized with the Yoast SEO plugin v24.6 - https:\/\/yoast.com\/wordpress\/plugins\/seo\/ -->\n<title>Regulamin rekrutacji - Instytut Polski w Mi\u0144sku<\/title>\n<meta name=\"robots\" content=\"index, follow, max-snippet:-1, max-image-preview:large, max-video-preview:-1\" \/>\n<link rel=\"canonical\" href=\"https:\/\/instytutpolski.pl\/minsk\/pl\/regulamin-rekrutacji-2\/\" \/>\n<meta property=\"og:locale\" content=\"pl_PL\" \/>\n<meta property=\"og:type\" content=\"article\" \/>\n<meta property=\"og:title\" content=\"Regulamin rekrutacji - Instytut Polski w Mi\u0144sku\" \/>\n<meta property=\"og:description\" content=\"REGULAMIN REKRUTACJI\u00a0na nieodp\u0142atny 2-letni kurs j\u0119zyka polskiego\u00a0\u00a0 Zg\u0142oszenia udzia\u0142u w kursie s\u0105 przyjmowane jeden raz w roku \u2013 w czerwcu. Rekrutacja odbywa si\u0119 drog\u0105 konkursow\u0105 na podstawie nades\u0142anych zg\u0142osze\u0144, wed\u0142ug odpowiedniego formularza. Formularz zg\u0142oszeniowy dost\u0119pny jest online na stronie Instytutu Polskiego w Mi\u0144sku tylko podczas rekrutacji. Na kursy przyjmowane s\u0105 zg\u0142oszenia kandydat\u00f3w bez znajomo\u015bci j\u0119zyka [&hellip;]\" \/>\n<meta property=\"og:url\" content=\"https:\/\/instytutpolski.pl\/minsk\/pl\/regulamin-rekrutacji-2\/\" \/>\n<meta property=\"og:site_name\" content=\"Instytut Polski w Mi\u0144sku\" \/>\n<meta property=\"article:modified_time\" content=\"2021-06-16T06:40:20+00:00\" \/>\n<meta name=\"twitter:card\" content=\"summary_large_image\" \/>\n<meta name=\"twitter:label1\" content=\"Szacowany czas czytania\" \/>\n\t<meta name=\"twitter:data1\" content=\"2 minuty\" \/>\n<script type=\"application\/ld+json\" class=\"yoast-schema-graph\">{\"@context\":\"https:\/\/schema.org\",\"@graph\":[{\"@type\":\"WebPage\",\"@id\":\"https:\/\/instytutpolski.pl\/minsk\/pl\/regulamin-rekrutacji-2\/\",\"url\":\"https:\/\/instytutpolski.pl\/minsk\/pl\/regulamin-rekrutacji-2\/\",\"name\":\"Regulamin rekrutacji - Instytut Polski w Mi\u0144sku\",\"isPartOf\":{\"@id\":\"https:\/\/instytutpolski.pl\/minsk\/#website\"},\"datePublished\":\"2021-06-04T08:00:55+00:00\",\"dateModified\":\"2021-06-16T06:40:20+00:00\",\"breadcrumb\":{\"@id\":\"https:\/\/instytutpolski.pl\/minsk\/pl\/regulamin-rekrutacji-2\/#breadcrumb\"},\"inLanguage\":\"pl-PL\",\"potentialAction\":[{\"@type\":\"ReadAction\",\"target\":[\"https:\/\/instytutpolski.pl\/minsk\/pl\/regulamin-rekrutacji-2\/\"]}]},{\"@type\":\"BreadcrumbList\",\"@id\":\"https:\/\/instytutpolski.pl\/minsk\/pl\/regulamin-rekrutacji-2\/#breadcrumb\",\"itemListElement\":[{\"@type\":\"ListItem\",\"position\":1,\"name\":\"Home\",\"item\":\"https:\/\/instytutpolski.pl\/minsk\/\"},{\"@type\":\"ListItem\",\"position\":2,\"name\":\"Regulamin rekrutacji\"}]},{\"@type\":\"WebSite\",\"@id\":\"https:\/\/instytutpolski.pl\/minsk\/#website\",\"url\":\"https:\/\/instytutpolski.pl\/minsk\/\",\"name\":\"Instytut Polski w Mi\u0144sku\",\"description\":\"Instytuty Polskie\",\"potentialAction\":[{\"@type\":\"SearchAction\",\"target\":{\"@type\":\"EntryPoint\",\"urlTemplate\":\"https:\/\/instytutpolski.pl\/minsk\/?s={search_term_string}\"},\"query-input\":{\"@type\":\"PropertyValueSpecification\",\"valueRequired\":true,\"valueName\":\"search_term_string\"}}],\"inLanguage\":\"pl-PL\"}]}<\/script>\n<!-- \/ Yoast SEO plugin. -->","yoast_head_json":{"title":"Regulamin rekrutacji - Instytut Polski w Mi\u0144sku","robots":{"index":"index","follow":"follow","max-snippet":"max-snippet:-1","max-image-preview":"max-image-preview:large","max-video-preview":"max-video-preview:-1"},"canonical":"https:\/\/instytutpolski.pl\/minsk\/pl\/regulamin-rekrutacji-2\/","og_locale":"pl_PL","og_type":"article","og_title":"Regulamin rekrutacji - Instytut Polski w Mi\u0144sku","og_description":"REGULAMIN REKRUTACJI\u00a0na nieodp\u0142atny 2-letni kurs j\u0119zyka polskiego\u00a0\u00a0 Zg\u0142oszenia udzia\u0142u w kursie s\u0105 przyjmowane jeden raz w roku \u2013 w czerwcu. Rekrutacja odbywa si\u0119 drog\u0105 konkursow\u0105 na podstawie nades\u0142anych zg\u0142osze\u0144, wed\u0142ug odpowiedniego formularza. Formularz zg\u0142oszeniowy dost\u0119pny jest online na stronie Instytutu Polskiego w Mi\u0144sku tylko podczas rekrutacji. Na kursy przyjmowane s\u0105 zg\u0142oszenia kandydat\u00f3w bez znajomo\u015bci j\u0119zyka [&hellip;]","og_url":"https:\/\/instytutpolski.pl\/minsk\/pl\/regulamin-rekrutacji-2\/","og_site_name":"Instytut Polski w Mi\u0144sku","article_modified_time":"2021-06-16T06:40:20+00:00","twitter_card":"summary_large_image","twitter_misc":{"Szacowany czas czytania":"2 minuty"},"schema":{"@context":"https:\/\/schema.org","@graph":[{"@type":"WebPage","@id":"https:\/\/instytutpolski.pl\/minsk\/pl\/regulamin-rekrutacji-2\/","url":"https:\/\/instytutpolski.pl\/minsk\/pl\/regulamin-rekrutacji-2\/","name":"Regulamin rekrutacji - Instytut Polski w Mi\u0144sku","isPartOf":{"@id":"https:\/\/instytutpolski.pl\/minsk\/#website"},"datePublished":"2021-06-04T08:00:55+00:00","dateModified":"2021-06-16T06:40:20+00:00","breadcrumb":{"@id":"https:\/\/instytutpolski.pl\/minsk\/pl\/regulamin-rekrutacji-2\/#breadcrumb"},"inLanguage":"pl-PL","potentialAction":[{"@type":"ReadAction","target":["https:\/\/instytutpolski.pl\/minsk\/pl\/regulamin-rekrutacji-2\/"]}]},{"@type":"BreadcrumbList","@id":"https:\/\/instytutpolski.pl\/minsk\/pl\/regulamin-rekrutacji-2\/#breadcrumb","itemListElement":[{"@type":"ListItem","position":1,"name":"Home","item":"https:\/\/instytutpolski.pl\/minsk\/"},{"@type":"ListItem","position":2,"name":"Regulamin rekrutacji"}]},{"@type":"WebSite","@id":"https:\/\/instytutpolski.pl\/minsk\/#website","url":"https:\/\/instytutpolski.pl\/minsk\/","name":"Instytut Polski w Mi\u0144sku","description":"Instytuty Polskie","potentialAction":[{"@type":"SearchAction","target":{"@type":"EntryPoint","urlTemplate":"https:\/\/instytutpolski.pl\/minsk\/?s={search_term_string}"},"query-input":{"@type":"PropertyValueSpecification","valueRequired":true,"valueName":"search_term_string"}}],"inLanguage":"pl-PL"}]}},"_links":{"self":[{"href":"https:\/\/instytutpolski.pl\/minsk\/wp-json\/wp\/v2\/pages\/11887","targetHints":{"allow":["GET"]}}],"collection":[{"href":"https:\/\/instytutpolski.pl\/minsk\/wp-json\/wp\/v2\/pages"}],"about":[{"href":"https:\/\/instytutpolski.pl\/minsk\/wp-json\/wp\/v2\/types\/page"}],"author":[{"embeddable":true,"href":"https:\/\/instytutpolski.pl\/minsk\/wp-json\/wp\/v2\/users\/65"}],"replies":[{"embeddable":true,"href":"https:\/\/instytutpolski.pl\/minsk\/wp-json\/wp\/v2\/comments?post=11887"}],"version-history":[{"count":4,"href":"https:\/\/instytutpolski.pl\/minsk\/wp-json\/wp\/v2\/pages\/11887\/revisions"}],"predecessor-version":[{"id":12622,"href":"https:\/\/instytutpolski.pl\/minsk\/wp-json\/wp\/v2\/pages\/11887\/revisions\/12622"}],"wp:attachment":[{"href":"https:\/\/instytutpolski.pl\/minsk\/wp-json\/wp\/v2\/media?parent=11887"}],"curies":[{"name":"wp","href":"https:\/\/api.w.org\/{rel}","templated":true}]}}