{"id":690,"date":"2019-06-28T08:53:13","date_gmt":"2019-06-28T06:53:13","guid":{"rendered":"https:\/\/instytutpolski.pl\/minsk\/?page_id=690"},"modified":"2020-04-16T11:32:19","modified_gmt":"2020-04-16T09:32:19","slug":"jezyk-polski","status":"publish","type":"page","link":"https:\/\/instytutpolski.pl\/minsk\/pl\/jezyk-polski\/","title":{"rendered":"J\u0119zyk polski"},"content":{"rendered":"\n<p style=\"text-align: justify\"><span data-contrast=\"auto\"><strong>Polszczyzna<\/strong> jest drugim co do liczebno\u015bci u\u017cytkownik\u00f3w j\u0119zykiem s\u0142owia\u0144skim na \u015bwiecie. Pos\u0142uguje si\u0119 ni\u0105 aktywnie ok. 50 mln ludzi, a co najmniej 10 mln wykazuje si\u0119 jej pasywn\u0105 znajomo\u015bci\u0105. Tym samym polszczyzna jest najwi\u0119kszym j\u0119zykiem s\u0142owia\u0144skim w Unii Europejskiej, jej pi\u0105tym j\u0119zykiem\u00a0<\/span><span data-contrast=\"auto\">etnicznym<\/span><span data-contrast=\"auto\">\u00a0(ex aequo z hiszpa\u0144skim kastylijskim, po niemieckim, angielskim, francuskim i\u202fw\u0142oskim).\u00a0<\/span><span data-ccp-props=\"{&quot;201341983&quot;:0,&quot;335551550&quot;:6,&quot;335551620&quot;:6,&quot;335559739&quot;:200,&quot;335559740&quot;:276}\">\u00a0<\/span><\/p>\n<p style=\"text-align: justify\"><span data-contrast=\"auto\">P<\/span><span data-contrast=\"auto\">olski nale\u017cy do grupy j\u0119zyk\u00f3w indoeuropejskich i podgrupy j\u0119zyk\u00f3w zachodnios\u0142owia\u0144skich (obok czeskiego, s\u0142owackiego, kaszubskiego, dolno\u0142u\u017cyckiego, g\u00f3rno\u0142u\u017cyckiego i\u00a0<\/span><span data-contrast=\"auto\">&#8211;\u00a0<\/span><span data-contrast=\"auto\">wymar\u0142ego<\/span><span data-contrast=\"auto\">\u00a0&#8211;<\/span><span data-contrast=\"auto\">\u00a0po\u0142abskiego).<\/span><span data-ccp-props=\"{&quot;201341983&quot;:0,&quot;335551550&quot;:6,&quot;335551620&quot;:6,&quot;335559739&quot;:200,&quot;335559740&quot;:276}\">\u00a0<\/span><\/p>\n<p style=\"text-align: justify\"><span data-contrast=\"auto\">Ocenia si\u0119, \u017ce przeci\u0119tny Polak zna czynnie ok. 30 tys. s\u0142\u00f3w, a biernie \u2013 rozumie ok. 100\u00a0<\/span><span data-contrast=\"auto\">tys.<\/span><span data-contrast=\"auto\">, ale nie pos\u0142uguje si\u0119 nimi. Wed\u0142ug\u00a0<\/span><span data-contrast=\"auto\">cz\u0119\u015bci polonist\u00f3w uniwersyteckich<\/span><span data-contrast=\"auto\">, wystarczy zna\u0107 1200 s\u0142\u00f3w<\/span><span data-contrast=\"auto\">,<\/span><span data-contrast=\"auto\">\u00a0najcz\u0119\u015bciej u\u017cywanych, by m\u00f3c pos\u0142ugiwa\u0107 si\u0119 j\u0119zykiem polskim.\u00a0<\/span><span data-ccp-props=\"{&quot;201341983&quot;:0,&quot;335551550&quot;:6,&quot;335551620&quot;:6,&quot;335559739&quot;:200,&quot;335559740&quot;:276}\">\u00a0<\/span><\/p>\n<p style=\"text-align: justify\">\u00a0<\/p>\n\n\n\n<figure class=\"wp-block-image size-large\"><img loading=\"lazy\" decoding=\"async\" width=\"605\" height=\"839\" src=\"https:\/\/instytutpolski.pl\/minsk\/wp-content\/uploads\/sites\/6\/2020\/04\/alfabet.jpg\" alt=\"\" class=\"wp-image-3032\" srcset=\"https:\/\/instytutpolski.pl\/minsk\/wp-content\/uploads\/sites\/6\/2020\/04\/alfabet.jpg 605w, https:\/\/instytutpolski.pl\/minsk\/wp-content\/uploads\/sites\/6\/2020\/04\/alfabet-216x300.jpg 216w\" sizes=\"auto, (max-width: 605px) 100vw, 605px\" \/><figcaption>Alfabet z niespodziankami<\/figcaption><\/figure>\n\n\n\n<p style=\"text-align: justify\"><span data-contrast=\"auto\">Alfabet polski oparty jest na alfabecie \u0142aci\u0144skim i sk\u0142ada si\u0119 z <strong>32 liter<\/strong>. Wyst\u0119puje w nim dziewi\u0119\u0107 liter tworzonych za pomoc\u0105 znak\u00f3w diakrytycznych (\u0105, \u0107, \u0119, \u0142, \u0144, \u00f3, \u015b, \u017a, \u017c).<\/span><span data-contrast=\"auto\">\u00a0Ponadto w zapisie j\u0119zykowym wyr\u00f3\u017cnia si\u0119 jeszcze\u00a0<\/span><span data-contrast=\"auto\">siedem dwuznak<\/span><span data-contrast=\"auto\">\u00f3w (<\/span><span data-contrast=\"auto\">sz<\/span><span data-contrast=\"auto\">,\u00a0<\/span><span data-contrast=\"auto\">rz<\/span><span data-contrast=\"auto\">,\u00a0<\/span><span data-contrast=\"auto\">cz<\/span><span data-contrast=\"auto\">,\u00a0<\/span><span data-contrast=\"auto\">ch<\/span><span data-contrast=\"auto\">,\u00a0<\/span><span data-contrast=\"auto\">dz<\/span><span data-contrast=\"auto\">,\u00a0<\/span><span data-contrast=\"auto\">d\u017c<\/span><span data-contrast=\"auto\">,\u00a0<\/span><span data-contrast=\"auto\">d\u017a<\/span><span data-contrast=\"auto\">) oraz<\/span><span data-contrast=\"auto\">\u00a0jeden\u00a0<\/span><span data-contrast=\"auto\">tr\u00f3jznak<\/span><span data-contrast=\"auto\">\u00a0(<\/span><span data-contrast=\"auto\">dzi<\/span><span data-contrast=\"auto\">)<\/span><span data-contrast=\"auto\">.<\/span><span data-ccp-props=\"{&quot;201341983&quot;:0,&quot;335551550&quot;:6,&quot;335551620&quot;:6,&quot;335559739&quot;:200,&quot;335559740&quot;:276}\">\u00a0<\/span><\/p>\n<p style=\"text-align: justify\"><span data-contrast=\"auto\">W polskim wyst\u0119puje deklinacja<\/span><span data-contrast=\"auto\">. P<\/span><span data-contrast=\"auto\">rzez siedem przypadk\u00f3w\u00a0<\/span><span data-contrast=\"auto\">odmieniaj\u0105 si\u0119\u00a0<\/span><span data-contrast=\"auto\">rzeczowniki, przymiotniki, imies\u0142owy przymiotnikowe, zaimki rzeczowne, przymiotne i liczebne oraz liczebniki.\u00a0<\/span><span data-contrast=\"auto\">Czasowniki z\u202fkolei ulegaj\u0105\u00a0<\/span><span data-contrast=\"auto\">koniugacj<\/span><span data-contrast=\"auto\">i<\/span><span data-contrast=\"auto\">\u00a0przez\u00a0<\/span><span data-contrast=\"auto\">osoby, czasy, tryby, strony i liczby, a tak\u017ce aspekty.<\/span><span data-ccp-props=\"{&quot;201341983&quot;:0,&quot;335551550&quot;:6,&quot;335551620&quot;:6,&quot;335559739&quot;:200,&quot;335559740&quot;:276}\">\u00a0<\/span><\/p>\n<p style=\"text-align: justify\"><span data-contrast=\"auto\">Najstarsze zdanie w j\u0119zyku polskim: <strong>\u201eDay,\u00a0<\/strong><\/span><strong>ut\u00a0ia\u00a0pobrusa, a\u00a0ti\u00a0poziwai\u201d (\u201eDaj,\u00a0a\u0107\u00a0ja\u00a0pobrucz\u0119, a ty\u00a0poczywaj\u201d)\u00a0<\/strong><span data-contrast=\"auto\">zapisano w\u00a0<\/span><span data-contrast=\"auto\">alfabecie \u0142aci\u0144skim w\u00a0<\/span><span data-contrast=\"auto\">1270 r. we<\/span><span data-contrast=\"auto\">\u00a0Wroc\u0142awiu\u00a0<\/span><span data-contrast=\"auto\">(<\/span><span data-contrast=\"auto\">w Ksi\u0119dze Henrykowskiej<\/span><span data-contrast=\"auto\">\u00a0znajduj\u0105cej si\u0119 na li\u015bcie pami\u0119ci \u015bwiata UNESCO). W 1285 roku<\/span><span data-contrast=\"auto\">\u00a0na zje\u017adzie w \u0141\u0119czycy postanowiono, \u017ce j\u0119zyk polski b\u0119dzie u\u017cywany obok \u0142aciny w szko\u0142ach klasztornych i katedralnych.<\/span><span data-ccp-props=\"{&quot;201341983&quot;:0,&quot;335551550&quot;:6,&quot;335551620&quot;:6,&quot;335559739&quot;:200,&quot;335559740&quot;:276}\">\u00a0<\/span><\/p>\n<p style=\"text-align: justify\">\u00a0<\/p>\n\n\n\n<figure class=\"wp-block-image size-large\"><img loading=\"lazy\" decoding=\"async\" width=\"605\" height=\"840\" src=\"https:\/\/instytutpolski.pl\/minsk\/wp-content\/uploads\/sites\/6\/2020\/04\/jezyk_na_jezyku.jpg\" alt=\"\" class=\"wp-image-3034\" srcset=\"https:\/\/instytutpolski.pl\/minsk\/wp-content\/uploads\/sites\/6\/2020\/04\/jezyk_na_jezyku.jpg 605w, https:\/\/instytutpolski.pl\/minsk\/wp-content\/uploads\/sites\/6\/2020\/04\/jezyk_na_jezyku-216x300.jpg 216w\" sizes=\"auto, (max-width: 605px) 100vw, 605px\" \/><\/figure>\n\n\n\n<p style=\"text-align: justify\"><span data-contrast=\"auto\">Na j\u0119zyk polski wp\u0142yw mia\u0142y \u0142acina, greka, j\u0119zyk niemiecki, czeski, ruski, turecki, francuski, w\u0142oski, rosyjski, w\u0119gierski i jidysz. Obecnie najwi\u0119kszy wp\u0142yw ma na niego lingua franca naszych czas\u00f3w &#8211; j\u0119zyk angielski.\u00a0<\/span><span data-ccp-props=\"{&quot;201341983&quot;:0,&quot;335551550&quot;:6,&quot;335551620&quot;:6,&quot;335559739&quot;:200,&quot;335559740&quot;:276}\">\u00a0<\/span><\/p>\n<p style=\"text-align: justify\"><span data-contrast=\"auto\">G\u0142\u00f3wnymi dialektami j\u0119zyka polskiego s\u0105 wielkopolski, ma\u0142opolski, \u015bl\u0105ski, mazowiecki, che\u0142mi\u0144sko-kociewsko-warmi\u0144ski oraz p\u00f3\u0142nocno- i\u00a0<\/span><span data-contrast=\"auto\">po\u0142udniowokresowy<\/span><span data-contrast=\"auto\">.<\/span><span data-ccp-props=\"{&quot;201341983&quot;:0,&quot;335551550&quot;:6,&quot;335551620&quot;:6,&quot;335559739&quot;:200,&quot;335559740&quot;:276}\">\u00a0<\/span><\/p>\n<p style=\"text-align: justify\"><span data-ccp-props=\"{&quot;201341983&quot;:0,&quot;335551550&quot;:6,&quot;335551620&quot;:6,&quot;335559739&quot;:200,&quot;335559740&quot;:276}\">\u00a0<\/span><span data-contrast=\"auto\">Wi\u0119cej<\/span><span data-contrast=\"auto\">:<\/span><span data-ccp-props=\"{&quot;201341983&quot;:0,&quot;335551550&quot;:6,&quot;335551620&quot;:6,&quot;335559739&quot;:200,&quot;335559740&quot;:276}\">\u00a0<\/span><\/p>\n<p style=\"text-align: justify\"><strong><span style=\"color: #ff0000\"><a style=\"color: #ff0000\" href=\"http:\/\/multimediaguides.culture.pl\/multimediaguides\/alphabet\/the-polish-alphabet\/0\">Multimedia Guide to Polish Language<\/a>\u00a0<\/span><\/strong><\/p>\n<p style=\"text-align: justify\"><strong><span style=\"color: #ff0000\"><a style=\"color: #ff0000\" href=\"https:\/\/poland.pl\/social-issues\/social\/polish-language-simple-language\/\">Poland.pl<\/a>\u00a0<\/span><\/strong><\/p>\n<p style=\"text-align: justify\"><span data-contrast=\"auto\">Informacje o\u00a0<\/span><span data-contrast=\"auto\">tym,<\/span><span data-contrast=\"auto\">\u00a0gdzie na \u015bwiecie mo\u017cna uczy\u0107 si\u0119 j\u0119zyka polskiego oraz o polskich ksi\u0119gozbiorach na interaktywnej mapie\u00a0<\/span><strong><span style=\"color: #ff0000\"><a style=\"color: #ff0000\" href=\"https:\/\/polski.msz.gov.pl\/\">Polski poza Polsk\u0105<\/a>\u00a0<\/span>\u00a0<\/strong><\/p>\n<p style=\"text-align: justify\"><strong><span style=\"color: #993300\"><a style=\"color: #993300\" href=\"https:\/\/nawa.gov.pl\/jezyk-polski\">Upowszechnianie j\u0119zyka polskiego za granic\u0105<\/a>\u00a0<\/span><\/strong><\/p>\n","protected":false},"excerpt":{"rendered":"<p>Polszczyzna jest drugim co do liczebno\u015bci u\u017cytkownik\u00f3w j\u0119zykiem s\u0142owia\u0144skim na \u015bwiecie. Pos\u0142uguje si\u0119 ni\u0105 aktywnie ok. 50 mln ludzi, a co najmniej 10 mln wykazuje si\u0119 jej pasywn\u0105 znajomo\u015bci\u0105. Tym samym polszczyzna jest najwi\u0119kszym j\u0119zykiem s\u0142owia\u0144skim w Unii Europejskiej, jej pi\u0105tym j\u0119zykiem\u00a0etnicznym\u00a0(ex aequo z hiszpa\u0144skim kastylijskim, po niemieckim, angielskim, francuskim i\u202fw\u0142oskim).\u00a0\u00a0 Polski nale\u017cy do grupy [&hellip;]<\/p>\n","protected":false},"author":1,"featured_media":691,"parent":0,"menu_order":0,"comment_status":"closed","ping_status":"closed","template":"","meta":{"inline_featured_image":false,"_monsterinsights_skip_tracking":false,"_monsterinsights_sitenote_active":false,"_monsterinsights_sitenote_note":"","_monsterinsights_sitenote_category":0,"footnotes":""},"class_list":["post-690","page","type-page","status-publish","has-post-thumbnail","hentry"],"yoast_head":"<!-- This site is optimized with the Yoast SEO plugin v24.6 - https:\/\/yoast.com\/wordpress\/plugins\/seo\/ -->\n<title>J\u0119zyk polski - Instytut Polski w Mi\u0144sku<\/title>\n<meta name=\"robots\" content=\"index, follow, max-snippet:-1, max-image-preview:large, max-video-preview:-1\" \/>\n<link rel=\"canonical\" href=\"https:\/\/instytutpolski.pl\/minsk\/pl\/jezyk-polski\/\" \/>\n<meta property=\"og:locale\" content=\"pl_PL\" \/>\n<meta property=\"og:type\" content=\"article\" \/>\n<meta property=\"og:title\" content=\"J\u0119zyk polski - Instytut Polski w Mi\u0144sku\" \/>\n<meta property=\"og:description\" content=\"Polszczyzna jest drugim co do liczebno\u015bci u\u017cytkownik\u00f3w j\u0119zykiem s\u0142owia\u0144skim na \u015bwiecie. Pos\u0142uguje si\u0119 ni\u0105 aktywnie ok. 50 mln ludzi, a co najmniej 10 mln wykazuje si\u0119 jej pasywn\u0105 znajomo\u015bci\u0105. Tym samym polszczyzna jest najwi\u0119kszym j\u0119zykiem s\u0142owia\u0144skim w Unii Europejskiej, jej pi\u0105tym j\u0119zykiem\u00a0etnicznym\u00a0(ex aequo z hiszpa\u0144skim kastylijskim, po niemieckim, angielskim, francuskim i\u202fw\u0142oskim).\u00a0\u00a0 Polski nale\u017cy do grupy [&hellip;]\" \/>\n<meta property=\"og:url\" content=\"https:\/\/instytutpolski.pl\/minsk\/pl\/jezyk-polski\/\" \/>\n<meta property=\"og:site_name\" content=\"Instytut Polski w Mi\u0144sku\" \/>\n<meta property=\"article:modified_time\" content=\"2020-04-16T09:32:19+00:00\" \/>\n<meta property=\"og:image\" content=\"https:\/\/instytutpolski.pl\/minsk\/wp-content\/uploads\/sites\/6\/2019\/06\/jezyk-polski.jpg\" \/>\n\t<meta property=\"og:image:width\" content=\"1920\" \/>\n\t<meta property=\"og:image:height\" content=\"700\" \/>\n\t<meta property=\"og:image:type\" content=\"image\/jpeg\" \/>\n<meta name=\"twitter:card\" content=\"summary_large_image\" \/>\n<meta name=\"twitter:label1\" content=\"Szacowany czas czytania\" \/>\n\t<meta name=\"twitter:data1\" content=\"2 minuty\" \/>\n<script type=\"application\/ld+json\" class=\"yoast-schema-graph\">{\"@context\":\"https:\/\/schema.org\",\"@graph\":[{\"@type\":\"WebPage\",\"@id\":\"https:\/\/instytutpolski.pl\/minsk\/pl\/jezyk-polski\/\",\"url\":\"https:\/\/instytutpolski.pl\/minsk\/pl\/jezyk-polski\/\",\"name\":\"J\u0119zyk polski - Instytut Polski w Mi\u0144sku\",\"isPartOf\":{\"@id\":\"https:\/\/instytutpolski.pl\/minsk\/#website\"},\"primaryImageOfPage\":{\"@id\":\"https:\/\/instytutpolski.pl\/minsk\/pl\/jezyk-polski\/#primaryimage\"},\"image\":{\"@id\":\"https:\/\/instytutpolski.pl\/minsk\/pl\/jezyk-polski\/#primaryimage\"},\"thumbnailUrl\":\"https:\/\/instytutpolski.pl\/minsk\/wp-content\/uploads\/sites\/6\/2019\/06\/jezyk-polski.jpg\",\"datePublished\":\"2019-06-28T06:53:13+00:00\",\"dateModified\":\"2020-04-16T09:32:19+00:00\",\"breadcrumb\":{\"@id\":\"https:\/\/instytutpolski.pl\/minsk\/pl\/jezyk-polski\/#breadcrumb\"},\"inLanguage\":\"pl-PL\",\"potentialAction\":[{\"@type\":\"ReadAction\",\"target\":[\"https:\/\/instytutpolski.pl\/minsk\/pl\/jezyk-polski\/\"]}]},{\"@type\":\"ImageObject\",\"inLanguage\":\"pl-PL\",\"@id\":\"https:\/\/instytutpolski.pl\/minsk\/pl\/jezyk-polski\/#primaryimage\",\"url\":\"https:\/\/instytutpolski.pl\/minsk\/wp-content\/uploads\/sites\/6\/2019\/06\/jezyk-polski.jpg\",\"contentUrl\":\"https:\/\/instytutpolski.pl\/minsk\/wp-content\/uploads\/sites\/6\/2019\/06\/jezyk-polski.jpg\",\"width\":1920,\"height\":700},{\"@type\":\"BreadcrumbList\",\"@id\":\"https:\/\/instytutpolski.pl\/minsk\/pl\/jezyk-polski\/#breadcrumb\",\"itemListElement\":[{\"@type\":\"ListItem\",\"position\":1,\"name\":\"Home\",\"item\":\"https:\/\/instytutpolski.pl\/minsk\/\"},{\"@type\":\"ListItem\",\"position\":2,\"name\":\"J\u0119zyk polski\"}]},{\"@type\":\"WebSite\",\"@id\":\"https:\/\/instytutpolski.pl\/minsk\/#website\",\"url\":\"https:\/\/instytutpolski.pl\/minsk\/\",\"name\":\"Instytut Polski w Mi\u0144sku\",\"description\":\"Instytuty Polskie\",\"potentialAction\":[{\"@type\":\"SearchAction\",\"target\":{\"@type\":\"EntryPoint\",\"urlTemplate\":\"https:\/\/instytutpolski.pl\/minsk\/?s={search_term_string}\"},\"query-input\":{\"@type\":\"PropertyValueSpecification\",\"valueRequired\":true,\"valueName\":\"search_term_string\"}}],\"inLanguage\":\"pl-PL\"}]}<\/script>\n<!-- \/ Yoast SEO plugin. -->","yoast_head_json":{"title":"J\u0119zyk polski - Instytut Polski w Mi\u0144sku","robots":{"index":"index","follow":"follow","max-snippet":"max-snippet:-1","max-image-preview":"max-image-preview:large","max-video-preview":"max-video-preview:-1"},"canonical":"https:\/\/instytutpolski.pl\/minsk\/pl\/jezyk-polski\/","og_locale":"pl_PL","og_type":"article","og_title":"J\u0119zyk polski - Instytut Polski w Mi\u0144sku","og_description":"Polszczyzna jest drugim co do liczebno\u015bci u\u017cytkownik\u00f3w j\u0119zykiem s\u0142owia\u0144skim na \u015bwiecie. Pos\u0142uguje si\u0119 ni\u0105 aktywnie ok. 50 mln ludzi, a co najmniej 10 mln wykazuje si\u0119 jej pasywn\u0105 znajomo\u015bci\u0105. Tym samym polszczyzna jest najwi\u0119kszym j\u0119zykiem s\u0142owia\u0144skim w Unii Europejskiej, jej pi\u0105tym j\u0119zykiem\u00a0etnicznym\u00a0(ex aequo z hiszpa\u0144skim kastylijskim, po niemieckim, angielskim, francuskim i\u202fw\u0142oskim).\u00a0\u00a0 Polski nale\u017cy do grupy [&hellip;]","og_url":"https:\/\/instytutpolski.pl\/minsk\/pl\/jezyk-polski\/","og_site_name":"Instytut Polski w Mi\u0144sku","article_modified_time":"2020-04-16T09:32:19+00:00","og_image":[{"width":1920,"height":700,"url":"https:\/\/instytutpolski.pl\/minsk\/wp-content\/uploads\/sites\/6\/2019\/06\/jezyk-polski.jpg","type":"image\/jpeg"}],"twitter_card":"summary_large_image","twitter_misc":{"Szacowany czas czytania":"2 minuty"},"schema":{"@context":"https:\/\/schema.org","@graph":[{"@type":"WebPage","@id":"https:\/\/instytutpolski.pl\/minsk\/pl\/jezyk-polski\/","url":"https:\/\/instytutpolski.pl\/minsk\/pl\/jezyk-polski\/","name":"J\u0119zyk polski - Instytut Polski w Mi\u0144sku","isPartOf":{"@id":"https:\/\/instytutpolski.pl\/minsk\/#website"},"primaryImageOfPage":{"@id":"https:\/\/instytutpolski.pl\/minsk\/pl\/jezyk-polski\/#primaryimage"},"image":{"@id":"https:\/\/instytutpolski.pl\/minsk\/pl\/jezyk-polski\/#primaryimage"},"thumbnailUrl":"https:\/\/instytutpolski.pl\/minsk\/wp-content\/uploads\/sites\/6\/2019\/06\/jezyk-polski.jpg","datePublished":"2019-06-28T06:53:13+00:00","dateModified":"2020-04-16T09:32:19+00:00","breadcrumb":{"@id":"https:\/\/instytutpolski.pl\/minsk\/pl\/jezyk-polski\/#breadcrumb"},"inLanguage":"pl-PL","potentialAction":[{"@type":"ReadAction","target":["https:\/\/instytutpolski.pl\/minsk\/pl\/jezyk-polski\/"]}]},{"@type":"ImageObject","inLanguage":"pl-PL","@id":"https:\/\/instytutpolski.pl\/minsk\/pl\/jezyk-polski\/#primaryimage","url":"https:\/\/instytutpolski.pl\/minsk\/wp-content\/uploads\/sites\/6\/2019\/06\/jezyk-polski.jpg","contentUrl":"https:\/\/instytutpolski.pl\/minsk\/wp-content\/uploads\/sites\/6\/2019\/06\/jezyk-polski.jpg","width":1920,"height":700},{"@type":"BreadcrumbList","@id":"https:\/\/instytutpolski.pl\/minsk\/pl\/jezyk-polski\/#breadcrumb","itemListElement":[{"@type":"ListItem","position":1,"name":"Home","item":"https:\/\/instytutpolski.pl\/minsk\/"},{"@type":"ListItem","position":2,"name":"J\u0119zyk polski"}]},{"@type":"WebSite","@id":"https:\/\/instytutpolski.pl\/minsk\/#website","url":"https:\/\/instytutpolski.pl\/minsk\/","name":"Instytut Polski w Mi\u0144sku","description":"Instytuty Polskie","potentialAction":[{"@type":"SearchAction","target":{"@type":"EntryPoint","urlTemplate":"https:\/\/instytutpolski.pl\/minsk\/?s={search_term_string}"},"query-input":{"@type":"PropertyValueSpecification","valueRequired":true,"valueName":"search_term_string"}}],"inLanguage":"pl-PL"}]}},"_links":{"self":[{"href":"https:\/\/instytutpolski.pl\/minsk\/wp-json\/wp\/v2\/pages\/690","targetHints":{"allow":["GET"]}}],"collection":[{"href":"https:\/\/instytutpolski.pl\/minsk\/wp-json\/wp\/v2\/pages"}],"about":[{"href":"https:\/\/instytutpolski.pl\/minsk\/wp-json\/wp\/v2\/types\/page"}],"author":[{"embeddable":true,"href":"https:\/\/instytutpolski.pl\/minsk\/wp-json\/wp\/v2\/users\/1"}],"replies":[{"embeddable":true,"href":"https:\/\/instytutpolski.pl\/minsk\/wp-json\/wp\/v2\/comments?post=690"}],"version-history":[{"count":5,"href":"https:\/\/instytutpolski.pl\/minsk\/wp-json\/wp\/v2\/pages\/690\/revisions"}],"predecessor-version":[{"id":3035,"href":"https:\/\/instytutpolski.pl\/minsk\/wp-json\/wp\/v2\/pages\/690\/revisions\/3035"}],"wp:featuredmedia":[{"embeddable":true,"href":"https:\/\/instytutpolski.pl\/minsk\/wp-json\/wp\/v2\/media\/691"}],"wp:attachment":[{"href":"https:\/\/instytutpolski.pl\/minsk\/wp-json\/wp\/v2\/media?parent=690"}],"curies":[{"name":"wp","href":"https:\/\/api.w.org\/{rel}","templated":true}]}}