{"id":697,"date":"2019-06-28T08:54:02","date_gmt":"2019-06-28T06:54:02","guid":{"rendered":"https:\/\/instytutpolski.pl\/minsk\/?page_id=697"},"modified":"2021-06-09T13:22:23","modified_gmt":"2021-06-09T10:22:23","slug":"kursy-jezyka-polskiego-organizowane-przez-ip","status":"publish","type":"page","link":"https:\/\/instytutpolski.pl\/minsk\/pl\/jezyk-polski\/kursy-jezyka-polskiego-organizowane-przez-ip\/","title":{"rendered":"Kursy j\u0119zyka polskiego   organizowane przez IP"},"content":{"rendered":"\n<hr class=\"wp-block-separator\" \/>\n\n\n\n<p style=\"text-align: justify\"><em>Szanowni Pa\u0144stwo,<\/em><\/p>\n<p style=\"text-align: justify\">Od dnia <strong><b>12 czerwca do dnia 5 lipca 2021 roku <\/b><\/strong>Instytut Polski w Mi\u0144sku przyjmuje zg\u0142oszenia do udzia\u0142u w bezp\u0142atnym 2-letnim kursie j\u0119zyka i kultury&nbsp; polskiej poprzez <a href=\"https:\/\/instytutpolski.pl\/minsk\/%d0%b7%d0%b0%d0%bf%d1%96%d1%81-%d0%bd%d0%b0-%d0%ba%d1%83%d1%80%d1%81%d1%8b\/\"><strong><b>wype\u0142nienie&nbsp; formularza<\/b><\/strong><\/a> \/dost\u0119pnego&nbsp; tylko w czasie&nbsp; rekrutacji\/.<\/p>\n<p style=\"text-align: justify\">Szczeg\u00f3lnie zapraszamy osoby zamieszka\u0142e&nbsp; w ma\u0142ych miastach i na wsi.<\/p>\n<p style=\"text-align: justify\">Nauka j\u0119zyka polskiego&nbsp; b\u0119dzie prowadzona&nbsp; <strong><b>ONLINE<\/b><\/strong>,&nbsp; mieszka\u0144cy Mo\u0142odeczna b\u0119d\u0105 mogli tak\u017ce skorzysta\u0107&nbsp; z zaj\u0119\u0107 stacjonarnych.<\/p>\n<p style=\"text-align: justify\">Osobom, kt\u00f3re chc\u0105 aplikowa\u0107 od razu na drugi rok nauki proponujemy samodzielne rozwi\u0105zanie testu, kt\u00f3ry zawiera przekrojowe pytania z programu pierwszego roku nauki. Rozwi\u0105zanie testu umo\u017cliwi rzetelne sprawdzenie swojej wiedzy oraz zapoznanie si\u0119 z wymogami do kontynuacji nauki na kursie.<strong style=\"font-size: inherit\"><b><br><\/b><\/strong><\/p>\n\n\n\n<div class=\"wp-block-file\"><a href=\"https:\/\/instytutpolski.pl\/minsk\/wp-content\/uploads\/sites\/6\/2021\/06\/Test-z-jezyka-polskiego.docx\">Test z  j\u0119zyka polskiego<\/a><a href=\"https:\/\/instytutpolski.pl\/minsk\/wp-content\/uploads\/sites\/6\/2021\/06\/Test-z-jezyka-polskiego.docx\" class=\"wp-block-file__button\" download>Pobierz<\/a><\/div>\n\n\n\n<div class=\"wp-block-file\"><a href=\"https:\/\/instytutpolski.pl\/minsk\/wp-content\/uploads\/sites\/6\/2021\/06\/Test-z-jezyka-polskiego-rozwiazanie.docx\">Test &#8211; rozwi\u0105zanie<\/a><a href=\"https:\/\/instytutpolski.pl\/minsk\/wp-content\/uploads\/sites\/6\/2021\/06\/Test-z-jezyka-polskiego-rozwiazanie.docx\" class=\"wp-block-file__button\" download>Pobierz<\/a><\/div>\n\n\n\n<p>Informujemy, \u017ce Instytut Polski jako plac\u00f3wka przygotowawcza <strong><b>nie wystawia certyfikat\u00f3w po\u015bwiadczaj\u0105cych ani okre\u015blaj\u0105cych poziom znajomo\u015b\u0107 j\u0119zyka polskiego.<\/b><\/strong>&nbsp;<\/p>\n<p><em><i>Informacj\u0119 na temat urz\u0119dowego po\u015bwiadczenia znajomo\u015bci j\u0119zyka polskiego jako obcego oraz przyk\u0142adowe testy egzaminacyjne znajdziecie Pa\u0144stwo pod adresem<\/i> <\/em><a href=\"https:\/\/certyfikatpolski.pl\/\"><em><i>https:\/\/certyfikatpolski.pl\/<\/i><\/em><\/a><em><i> .<\/i><\/em><\/p>\n\n\n\n<hr class=\"wp-block-separator\" \/>\n\n\n\n<div align=\"center\"><span style=\"color: #800000\"><b><a href=\"https:\/\/instytutpolski.pl\/minsk\/pl\/regulamin-rekrutacji-2\/\">REGULAMIN REKRUTACJI I REGU\u0141Y&nbsp;PROWADZENIA ZAJ\u0118\u0106<\/a><br><\/b><br><\/span><\/div>\n\n\n\n<p><\/p>\n","protected":false},"excerpt":{"rendered":"<p>Szanowni Pa\u0144stwo, Od dnia 12 czerwca do dnia 5 lipca 2021 roku Instytut Polski w Mi\u0144sku przyjmuje zg\u0142oszenia do udzia\u0142u w bezp\u0142atnym 2-letnim kursie j\u0119zyka i kultury&nbsp; polskiej poprzez wype\u0142nienie&nbsp; formularza \/dost\u0119pnego&nbsp; tylko w czasie&nbsp; rekrutacji\/. Szczeg\u00f3lnie zapraszamy osoby zamieszka\u0142e&nbsp; w ma\u0142ych miastach i na wsi. Nauka j\u0119zyka polskiego&nbsp; b\u0119dzie prowadzona&nbsp; ONLINE,&nbsp; mieszka\u0144cy Mo\u0142odeczna b\u0119d\u0105 [&hellip;]<\/p>\n","protected":false},"author":1,"featured_media":6975,"parent":690,"menu_order":0,"comment_status":"closed","ping_status":"closed","template":"","meta":{"inline_featured_image":false,"_monsterinsights_skip_tracking":false,"_monsterinsights_sitenote_active":false,"_monsterinsights_sitenote_note":"","_monsterinsights_sitenote_category":0,"footnotes":""},"class_list":["post-697","page","type-page","status-publish","has-post-thumbnail","hentry"],"yoast_head":"<!-- This site is optimized with the Yoast SEO plugin v24.6 - https:\/\/yoast.com\/wordpress\/plugins\/seo\/ -->\n<title>Kursy j\u0119zyka polskiego  organizowane przez IP - Instytut Polski w Mi\u0144sku<\/title>\n<meta name=\"robots\" content=\"index, follow, max-snippet:-1, max-image-preview:large, max-video-preview:-1\" \/>\n<link rel=\"canonical\" href=\"https:\/\/instytutpolski.pl\/minsk\/pl\/jezyk-polski\/kursy-jezyka-polskiego-organizowane-przez-ip\/\" \/>\n<meta property=\"og:locale\" content=\"pl_PL\" \/>\n<meta property=\"og:type\" content=\"article\" \/>\n<meta property=\"og:title\" content=\"Kursy j\u0119zyka polskiego  organizowane przez IP - Instytut Polski w Mi\u0144sku\" \/>\n<meta property=\"og:description\" content=\"Szanowni Pa\u0144stwo, Od dnia 12 czerwca do dnia 5 lipca 2021 roku Instytut Polski w Mi\u0144sku przyjmuje zg\u0142oszenia do udzia\u0142u w bezp\u0142atnym 2-letnim kursie j\u0119zyka i kultury&nbsp; polskiej poprzez wype\u0142nienie&nbsp; formularza \/dost\u0119pnego&nbsp; tylko w czasie&nbsp; rekrutacji\/. Szczeg\u00f3lnie zapraszamy osoby zamieszka\u0142e&nbsp; w ma\u0142ych miastach i na wsi. Nauka j\u0119zyka polskiego&nbsp; b\u0119dzie prowadzona&nbsp; ONLINE,&nbsp; mieszka\u0144cy Mo\u0142odeczna b\u0119d\u0105 [&hellip;]\" \/>\n<meta property=\"og:url\" content=\"https:\/\/instytutpolski.pl\/minsk\/pl\/jezyk-polski\/kursy-jezyka-polskiego-organizowane-przez-ip\/\" \/>\n<meta property=\"og:site_name\" content=\"Instytut Polski w Mi\u0144sku\" \/>\n<meta property=\"article:modified_time\" content=\"2021-06-09T10:22:23+00:00\" \/>\n<meta property=\"og:image\" content=\"https:\/\/instytutpolski.pl\/minsk\/wp-content\/uploads\/sites\/6\/2020\/07\/48008962862_db90dc3a8f_k.jpg\" \/>\n\t<meta property=\"og:image:width\" content=\"2048\" \/>\n\t<meta property=\"og:image:height\" content=\"1366\" \/>\n\t<meta property=\"og:image:type\" content=\"image\/jpeg\" \/>\n<meta name=\"twitter:card\" content=\"summary_large_image\" \/>\n<meta name=\"twitter:label1\" content=\"Szacowany czas czytania\" \/>\n\t<meta name=\"twitter:data1\" content=\"1 minuta\" \/>\n<script type=\"application\/ld+json\" class=\"yoast-schema-graph\">{\"@context\":\"https:\/\/schema.org\",\"@graph\":[{\"@type\":\"WebPage\",\"@id\":\"https:\/\/instytutpolski.pl\/minsk\/pl\/jezyk-polski\/kursy-jezyka-polskiego-organizowane-przez-ip\/\",\"url\":\"https:\/\/instytutpolski.pl\/minsk\/pl\/jezyk-polski\/kursy-jezyka-polskiego-organizowane-przez-ip\/\",\"name\":\"Kursy j\u0119zyka polskiego organizowane przez IP - Instytut Polski w Mi\u0144sku\",\"isPartOf\":{\"@id\":\"https:\/\/instytutpolski.pl\/minsk\/#website\"},\"primaryImageOfPage\":{\"@id\":\"https:\/\/instytutpolski.pl\/minsk\/pl\/jezyk-polski\/kursy-jezyka-polskiego-organizowane-przez-ip\/#primaryimage\"},\"image\":{\"@id\":\"https:\/\/instytutpolski.pl\/minsk\/pl\/jezyk-polski\/kursy-jezyka-polskiego-organizowane-przez-ip\/#primaryimage\"},\"thumbnailUrl\":\"https:\/\/instytutpolski.pl\/minsk\/wp-content\/uploads\/sites\/6\/2020\/07\/48008962862_db90dc3a8f_k.jpg\",\"datePublished\":\"2019-06-28T06:54:02+00:00\",\"dateModified\":\"2021-06-09T10:22:23+00:00\",\"breadcrumb\":{\"@id\":\"https:\/\/instytutpolski.pl\/minsk\/pl\/jezyk-polski\/kursy-jezyka-polskiego-organizowane-przez-ip\/#breadcrumb\"},\"inLanguage\":\"pl-PL\",\"potentialAction\":[{\"@type\":\"ReadAction\",\"target\":[\"https:\/\/instytutpolski.pl\/minsk\/pl\/jezyk-polski\/kursy-jezyka-polskiego-organizowane-przez-ip\/\"]}]},{\"@type\":\"ImageObject\",\"inLanguage\":\"pl-PL\",\"@id\":\"https:\/\/instytutpolski.pl\/minsk\/pl\/jezyk-polski\/kursy-jezyka-polskiego-organizowane-przez-ip\/#primaryimage\",\"url\":\"https:\/\/instytutpolski.pl\/minsk\/wp-content\/uploads\/sites\/6\/2020\/07\/48008962862_db90dc3a8f_k.jpg\",\"contentUrl\":\"https:\/\/instytutpolski.pl\/minsk\/wp-content\/uploads\/sites\/6\/2020\/07\/48008962862_db90dc3a8f_k.jpg\",\"width\":2048,\"height\":1366},{\"@type\":\"BreadcrumbList\",\"@id\":\"https:\/\/instytutpolski.pl\/minsk\/pl\/jezyk-polski\/kursy-jezyka-polskiego-organizowane-przez-ip\/#breadcrumb\",\"itemListElement\":[{\"@type\":\"ListItem\",\"position\":1,\"name\":\"Home\",\"item\":\"https:\/\/instytutpolski.pl\/minsk\/\"},{\"@type\":\"ListItem\",\"position\":2,\"name\":\"J\u0119zyk polski\",\"item\":\"https:\/\/instytutpolski.pl\/minsk\/pl\/jezyk-polski\/\"},{\"@type\":\"ListItem\",\"position\":3,\"name\":\"Kursy j\u0119zyka polskiego organizowane przez IP\"}]},{\"@type\":\"WebSite\",\"@id\":\"https:\/\/instytutpolski.pl\/minsk\/#website\",\"url\":\"https:\/\/instytutpolski.pl\/minsk\/\",\"name\":\"Instytut Polski w Mi\u0144sku\",\"description\":\"Instytuty Polskie\",\"potentialAction\":[{\"@type\":\"SearchAction\",\"target\":{\"@type\":\"EntryPoint\",\"urlTemplate\":\"https:\/\/instytutpolski.pl\/minsk\/?s={search_term_string}\"},\"query-input\":{\"@type\":\"PropertyValueSpecification\",\"valueRequired\":true,\"valueName\":\"search_term_string\"}}],\"inLanguage\":\"pl-PL\"}]}<\/script>\n<!-- \/ Yoast SEO plugin. -->","yoast_head_json":{"title":"Kursy j\u0119zyka polskiego  organizowane przez IP - Instytut Polski w Mi\u0144sku","robots":{"index":"index","follow":"follow","max-snippet":"max-snippet:-1","max-image-preview":"max-image-preview:large","max-video-preview":"max-video-preview:-1"},"canonical":"https:\/\/instytutpolski.pl\/minsk\/pl\/jezyk-polski\/kursy-jezyka-polskiego-organizowane-przez-ip\/","og_locale":"pl_PL","og_type":"article","og_title":"Kursy j\u0119zyka polskiego  organizowane przez IP - Instytut Polski w Mi\u0144sku","og_description":"Szanowni Pa\u0144stwo, Od dnia 12 czerwca do dnia 5 lipca 2021 roku Instytut Polski w Mi\u0144sku przyjmuje zg\u0142oszenia do udzia\u0142u w bezp\u0142atnym 2-letnim kursie j\u0119zyka i kultury&nbsp; polskiej poprzez wype\u0142nienie&nbsp; formularza \/dost\u0119pnego&nbsp; tylko w czasie&nbsp; rekrutacji\/. Szczeg\u00f3lnie zapraszamy osoby zamieszka\u0142e&nbsp; w ma\u0142ych miastach i na wsi. Nauka j\u0119zyka polskiego&nbsp; b\u0119dzie prowadzona&nbsp; ONLINE,&nbsp; mieszka\u0144cy Mo\u0142odeczna b\u0119d\u0105 [&hellip;]","og_url":"https:\/\/instytutpolski.pl\/minsk\/pl\/jezyk-polski\/kursy-jezyka-polskiego-organizowane-przez-ip\/","og_site_name":"Instytut Polski w Mi\u0144sku","article_modified_time":"2021-06-09T10:22:23+00:00","og_image":[{"width":2048,"height":1366,"url":"https:\/\/instytutpolski.pl\/minsk\/wp-content\/uploads\/sites\/6\/2020\/07\/48008962862_db90dc3a8f_k.jpg","type":"image\/jpeg"}],"twitter_card":"summary_large_image","twitter_misc":{"Szacowany czas czytania":"1 minuta"},"schema":{"@context":"https:\/\/schema.org","@graph":[{"@type":"WebPage","@id":"https:\/\/instytutpolski.pl\/minsk\/pl\/jezyk-polski\/kursy-jezyka-polskiego-organizowane-przez-ip\/","url":"https:\/\/instytutpolski.pl\/minsk\/pl\/jezyk-polski\/kursy-jezyka-polskiego-organizowane-przez-ip\/","name":"Kursy j\u0119zyka polskiego organizowane przez IP - Instytut Polski w Mi\u0144sku","isPartOf":{"@id":"https:\/\/instytutpolski.pl\/minsk\/#website"},"primaryImageOfPage":{"@id":"https:\/\/instytutpolski.pl\/minsk\/pl\/jezyk-polski\/kursy-jezyka-polskiego-organizowane-przez-ip\/#primaryimage"},"image":{"@id":"https:\/\/instytutpolski.pl\/minsk\/pl\/jezyk-polski\/kursy-jezyka-polskiego-organizowane-przez-ip\/#primaryimage"},"thumbnailUrl":"https:\/\/instytutpolski.pl\/minsk\/wp-content\/uploads\/sites\/6\/2020\/07\/48008962862_db90dc3a8f_k.jpg","datePublished":"2019-06-28T06:54:02+00:00","dateModified":"2021-06-09T10:22:23+00:00","breadcrumb":{"@id":"https:\/\/instytutpolski.pl\/minsk\/pl\/jezyk-polski\/kursy-jezyka-polskiego-organizowane-przez-ip\/#breadcrumb"},"inLanguage":"pl-PL","potentialAction":[{"@type":"ReadAction","target":["https:\/\/instytutpolski.pl\/minsk\/pl\/jezyk-polski\/kursy-jezyka-polskiego-organizowane-przez-ip\/"]}]},{"@type":"ImageObject","inLanguage":"pl-PL","@id":"https:\/\/instytutpolski.pl\/minsk\/pl\/jezyk-polski\/kursy-jezyka-polskiego-organizowane-przez-ip\/#primaryimage","url":"https:\/\/instytutpolski.pl\/minsk\/wp-content\/uploads\/sites\/6\/2020\/07\/48008962862_db90dc3a8f_k.jpg","contentUrl":"https:\/\/instytutpolski.pl\/minsk\/wp-content\/uploads\/sites\/6\/2020\/07\/48008962862_db90dc3a8f_k.jpg","width":2048,"height":1366},{"@type":"BreadcrumbList","@id":"https:\/\/instytutpolski.pl\/minsk\/pl\/jezyk-polski\/kursy-jezyka-polskiego-organizowane-przez-ip\/#breadcrumb","itemListElement":[{"@type":"ListItem","position":1,"name":"Home","item":"https:\/\/instytutpolski.pl\/minsk\/"},{"@type":"ListItem","position":2,"name":"J\u0119zyk polski","item":"https:\/\/instytutpolski.pl\/minsk\/pl\/jezyk-polski\/"},{"@type":"ListItem","position":3,"name":"Kursy j\u0119zyka polskiego organizowane przez IP"}]},{"@type":"WebSite","@id":"https:\/\/instytutpolski.pl\/minsk\/#website","url":"https:\/\/instytutpolski.pl\/minsk\/","name":"Instytut Polski w Mi\u0144sku","description":"Instytuty Polskie","potentialAction":[{"@type":"SearchAction","target":{"@type":"EntryPoint","urlTemplate":"https:\/\/instytutpolski.pl\/minsk\/?s={search_term_string}"},"query-input":{"@type":"PropertyValueSpecification","valueRequired":true,"valueName":"search_term_string"}}],"inLanguage":"pl-PL"}]}},"_links":{"self":[{"href":"https:\/\/instytutpolski.pl\/minsk\/wp-json\/wp\/v2\/pages\/697","targetHints":{"allow":["GET"]}}],"collection":[{"href":"https:\/\/instytutpolski.pl\/minsk\/wp-json\/wp\/v2\/pages"}],"about":[{"href":"https:\/\/instytutpolski.pl\/minsk\/wp-json\/wp\/v2\/types\/page"}],"author":[{"embeddable":true,"href":"https:\/\/instytutpolski.pl\/minsk\/wp-json\/wp\/v2\/users\/1"}],"replies":[{"embeddable":true,"href":"https:\/\/instytutpolski.pl\/minsk\/wp-json\/wp\/v2\/comments?post=697"}],"version-history":[{"count":23,"href":"https:\/\/instytutpolski.pl\/minsk\/wp-json\/wp\/v2\/pages\/697\/revisions"}],"predecessor-version":[{"id":12028,"href":"https:\/\/instytutpolski.pl\/minsk\/wp-json\/wp\/v2\/pages\/697\/revisions\/12028"}],"up":[{"embeddable":true,"href":"https:\/\/instytutpolski.pl\/minsk\/wp-json\/wp\/v2\/pages\/690"}],"wp:featuredmedia":[{"embeddable":true,"href":"https:\/\/instytutpolski.pl\/minsk\/wp-json\/wp\/v2\/media\/6975"}],"wp:attachment":[{"href":"https:\/\/instytutpolski.pl\/minsk\/wp-json\/wp\/v2\/media?parent=697"}],"curies":[{"name":"wp","href":"https:\/\/api.w.org\/{rel}","templated":true}]}}