{"id":741,"date":"2019-06-28T08:59:20","date_gmt":"2019-06-28T06:59:20","guid":{"rendered":"https:\/\/instytutpolski.pl\/minsk\/?page_id=741"},"modified":"2021-07-06T13:29:46","modified_gmt":"2021-07-06T10:29:46","slug":"biblioteka","status":"publish","type":"page","link":"https:\/\/instytutpolski.pl\/minsk\/pl\/o-instytucie-polskim\/biblioteka\/","title":{"rendered":"Biblioteka"},"content":{"rendered":"\n<p style=\"text-align: center\"><em>Szanowni Czytelnicy!<\/em><\/p>\n<p style=\"text-align: justify\">Informujemy, \u017ce <strong><b>od dnia 30 czerwca do <\/b><\/strong><strong><b>3<\/b>1 lipca 2021 roku<\/strong> Biblioteka Instytutu Polskiego w Mi\u0144sku prowadzi <strong><b>inwentaryzacj\u0119<\/b><\/strong>. Zwracamy si\u0119 z uprzejm\u0105 pro\u015bb\u0105 o zwrot wypo\u017cyczonych\u00a0ksi\u0105\u017cek do Biblioteki. Ksi\u0105\u017cki prosimy zostawia\u0107 w pude\u0142ku przy wej\u015bciu do Instytutu Polskiego w Mi\u0144sku (<strong><b>poniedzia\u0142ek-pi\u0105tek w godz. 09:00-17:00).<\/b><\/strong><\/p>\n<p><img loading=\"lazy\" decoding=\"async\" class=\"aligncenter wp-image-13069 size-large\" src=\"https:\/\/instytutpolski.pl\/minsk\/wp-content\/uploads\/sites\/6\/2021\/07\/Inwentaryzacja-2021-1-1024x493.jpg\" alt=\"\" width=\"1024\" height=\"493\" srcset=\"https:\/\/instytutpolski.pl\/minsk\/wp-content\/uploads\/sites\/6\/2021\/07\/Inwentaryzacja-2021-1-1024x493.jpg 1024w, https:\/\/instytutpolski.pl\/minsk\/wp-content\/uploads\/sites\/6\/2021\/07\/Inwentaryzacja-2021-1-300x144.jpg 300w, https:\/\/instytutpolski.pl\/minsk\/wp-content\/uploads\/sites\/6\/2021\/07\/Inwentaryzacja-2021-1-768x370.jpg 768w, https:\/\/instytutpolski.pl\/minsk\/wp-content\/uploads\/sites\/6\/2021\/07\/Inwentaryzacja-2021-1.jpg 1350w\" sizes=\"auto, (max-width: 1024px) 100vw, 1024px\" \/><\/p>\n<p style=\"text-align: center\"><strong><b>\u00a0<\/b><\/strong><strong><b>W sierpniu Biblioteka b\u0119dzie zamkni\u0119ta na wakacje.<\/b><\/strong><\/p>\n<p style=\"text-align: center\"><strong><b>\u00a0<\/b><\/strong>Za utrudnienia przepraszamy.<\/p>\n\n\n\n<hr class=\"wp-block-separator\" \/>\n\n\n\n<div align=\"center\"><hr \/><\/div>\n<div>\n<p align=\"center\">\u00a0<\/p>\n<\/div>\n<div>\n<p>Biblioteka Instytutu Polskiego w Mi\u0144sku rozpocz\u0119\u0142a swoj\u0105 dzia\u0142alno\u015b\u0107 w pa\u017adzierniku 2002 roku, i w obecnie jej zbiory zawieraj\u0105 ponad 7000 pozycji z nast\u0119puj\u0105cych dziedzin:<\/p>\n<ul>\n<li>Literatura pi\u0119kna<\/li>\n<li>Literatura dla dzieci i m\u0142odzie\u017cy<\/li>\n<li>Kultura i sztuka<\/li>\n<li>Polityka i ekonomia<\/li>\n<li>Historia<\/li>\n<li>Religia i filozofia<\/li>\n<li>Teatr i kino<\/li>\n<li>Biografie znanych os\u00f3b<\/li>\n<li>Albumy<\/li>\n<li>S\u0142owniki<\/li>\n<\/ul>\n<p>Standardowy okres wypo\u017cyczenia ksi\u0105\u017cek wynosi 1 miesi\u0105c.<\/p>\n<p>Ksi\u0105\u017cki o szczeg\u00f3lnej warto\u015bci oraz albumy, encyklopedie i s\u0142owniki s\u0105 udost\u0119pniane wy\u0142\u0105cznie na miejscu.<\/p>\n<p>Zapis do Biblioteki Instytutu Polskiego w Mi\u0144sku odbywa si\u0119 na podstawie wa\u017cnego paszportu, a w przypadku student\u00f3w paszportu i legitymacji studenckiej. Za niepe\u0142noletniego czytelnika Biblioteki odpowiadaj\u0105 i podpisuj\u0105 kart\u0119 zapisu rodzice lub opiekunowie prawni.<\/p>\n<p>Korzystanie z Biblioteki Instytutu Polskiego jest bezp\u0142atne.<\/p>\n<p align=\"center\"><b>Wideoteka<\/b><\/p>\n<p>Wideoteka proponuje do wypo\u017cyczenia filmy w j\u0119zyku polskim, w formacie DVD.<\/p>\n<p>Zbiory wideoteki zawieraj\u0105 filmy z XX i XXI wieku, w tym filmy fabularne i dokumentalne, wyr\u00f3\u017cnione nagrodami polskich i mi\u0119dzynarodowych festiwali filmowych.<\/p>\n<p>Instytut Polski proponuje pozycje zar\u00f3wno dla doros\u0142ych, jak i dla dzieci. Na kolekcj\u0119 Wideoteki sk\u0142adaj\u0105 si\u0119 najlepsze tytu\u0142y klasycznego kina polskiego oraz najnowsze dzie\u0142a polskich re\u017cyser\u00f3w wsp\u00f3\u0142czesnych.<\/p>\n<p>Wielbiciele teatru polskiego maj\u0105 mo\u017cliwo\u015b\u0107 zapoznania si\u0119 ze specjalnym cyklem telewizji polskiej pod tytu\u0142em \u201eZ\u0142ota setka Teatru TV\u201d &#8211; s\u0105 to nagrania stu najlepszych polskich spektakli telewizyjnych.<\/p>\n<\/div>\n\n\n\n<p><\/p>\n","protected":false},"excerpt":{"rendered":"<p>Szanowni Czytelnicy! Informujemy, \u017ce od dnia 30 czerwca do 31 lipca 2021 roku Biblioteka Instytutu Polskiego w Mi\u0144sku prowadzi inwentaryzacj\u0119. Zwracamy si\u0119 z uprzejm\u0105 pro\u015bb\u0105 o zwrot wypo\u017cyczonych\u00a0ksi\u0105\u017cek do Biblioteki. Ksi\u0105\u017cki prosimy zostawia\u0107 w pude\u0142ku przy wej\u015bciu do Instytutu Polskiego w Mi\u0144sku (poniedzia\u0142ek-pi\u0105tek w godz. 09:00-17:00). \u00a0W sierpniu Biblioteka b\u0119dzie zamkni\u0119ta na wakacje. \u00a0Za utrudnienia [&hellip;]<\/p>\n","protected":false},"author":1,"featured_media":0,"parent":733,"menu_order":0,"comment_status":"closed","ping_status":"closed","template":"","meta":{"inline_featured_image":false,"_monsterinsights_skip_tracking":false,"_monsterinsights_sitenote_active":false,"_monsterinsights_sitenote_note":"","_monsterinsights_sitenote_category":0,"footnotes":""},"class_list":["post-741","page","type-page","status-publish","hentry"],"yoast_head":"<!-- This site is optimized with the Yoast SEO plugin v24.6 - https:\/\/yoast.com\/wordpress\/plugins\/seo\/ -->\n<title>Biblioteka - Instytut Polski w Mi\u0144sku<\/title>\n<meta name=\"robots\" content=\"index, follow, max-snippet:-1, max-image-preview:large, max-video-preview:-1\" \/>\n<link rel=\"canonical\" href=\"https:\/\/instytutpolski.pl\/minsk\/pl\/o-instytucie-polskim\/biblioteka\/\" \/>\n<meta property=\"og:locale\" content=\"pl_PL\" \/>\n<meta property=\"og:type\" content=\"article\" \/>\n<meta property=\"og:title\" content=\"Biblioteka - Instytut Polski w Mi\u0144sku\" \/>\n<meta property=\"og:description\" content=\"Szanowni Czytelnicy! Informujemy, \u017ce od dnia 30 czerwca do 31 lipca 2021 roku Biblioteka Instytutu Polskiego w Mi\u0144sku prowadzi inwentaryzacj\u0119. Zwracamy si\u0119 z uprzejm\u0105 pro\u015bb\u0105 o zwrot wypo\u017cyczonych\u00a0ksi\u0105\u017cek do Biblioteki. Ksi\u0105\u017cki prosimy zostawia\u0107 w pude\u0142ku przy wej\u015bciu do Instytutu Polskiego w Mi\u0144sku (poniedzia\u0142ek-pi\u0105tek w godz. 09:00-17:00). \u00a0W sierpniu Biblioteka b\u0119dzie zamkni\u0119ta na wakacje. \u00a0Za utrudnienia [&hellip;]\" \/>\n<meta property=\"og:url\" content=\"https:\/\/instytutpolski.pl\/minsk\/pl\/o-instytucie-polskim\/biblioteka\/\" \/>\n<meta property=\"og:site_name\" content=\"Instytut Polski w Mi\u0144sku\" \/>\n<meta property=\"article:modified_time\" content=\"2021-07-06T10:29:46+00:00\" \/>\n<meta property=\"og:image\" content=\"https:\/\/instytutpolski.pl\/minsk\/wp-content\/uploads\/sites\/6\/2021\/07\/Inwentaryzacja-2021-1-1024x493.jpg\" \/>\n<meta name=\"twitter:card\" content=\"summary_large_image\" \/>\n<meta name=\"twitter:label1\" content=\"Szacowany czas czytania\" \/>\n\t<meta name=\"twitter:data1\" content=\"2 minuty\" \/>\n<script type=\"application\/ld+json\" class=\"yoast-schema-graph\">{\"@context\":\"https:\/\/schema.org\",\"@graph\":[{\"@type\":\"WebPage\",\"@id\":\"https:\/\/instytutpolski.pl\/minsk\/pl\/o-instytucie-polskim\/biblioteka\/\",\"url\":\"https:\/\/instytutpolski.pl\/minsk\/pl\/o-instytucie-polskim\/biblioteka\/\",\"name\":\"Biblioteka - Instytut Polski w Mi\u0144sku\",\"isPartOf\":{\"@id\":\"https:\/\/instytutpolski.pl\/minsk\/#website\"},\"primaryImageOfPage\":{\"@id\":\"https:\/\/instytutpolski.pl\/minsk\/pl\/o-instytucie-polskim\/biblioteka\/#primaryimage\"},\"image\":{\"@id\":\"https:\/\/instytutpolski.pl\/minsk\/pl\/o-instytucie-polskim\/biblioteka\/#primaryimage\"},\"thumbnailUrl\":\"https:\/\/instytutpolski.pl\/minsk\/wp-content\/uploads\/sites\/6\/2021\/07\/Inwentaryzacja-2021-1-1024x493.jpg\",\"datePublished\":\"2019-06-28T06:59:20+00:00\",\"dateModified\":\"2021-07-06T10:29:46+00:00\",\"breadcrumb\":{\"@id\":\"https:\/\/instytutpolski.pl\/minsk\/pl\/o-instytucie-polskim\/biblioteka\/#breadcrumb\"},\"inLanguage\":\"pl-PL\",\"potentialAction\":[{\"@type\":\"ReadAction\",\"target\":[\"https:\/\/instytutpolski.pl\/minsk\/pl\/o-instytucie-polskim\/biblioteka\/\"]}]},{\"@type\":\"ImageObject\",\"inLanguage\":\"pl-PL\",\"@id\":\"https:\/\/instytutpolski.pl\/minsk\/pl\/o-instytucie-polskim\/biblioteka\/#primaryimage\",\"url\":\"https:\/\/instytutpolski.pl\/minsk\/wp-content\/uploads\/sites\/6\/2021\/07\/Inwentaryzacja-2021-1.jpg\",\"contentUrl\":\"https:\/\/instytutpolski.pl\/minsk\/wp-content\/uploads\/sites\/6\/2021\/07\/Inwentaryzacja-2021-1.jpg\",\"width\":1350,\"height\":650},{\"@type\":\"BreadcrumbList\",\"@id\":\"https:\/\/instytutpolski.pl\/minsk\/pl\/o-instytucie-polskim\/biblioteka\/#breadcrumb\",\"itemListElement\":[{\"@type\":\"ListItem\",\"position\":1,\"name\":\"Home\",\"item\":\"https:\/\/instytutpolski.pl\/minsk\/\"},{\"@type\":\"ListItem\",\"position\":2,\"name\":\"INSTYTUT POLSKI\",\"item\":\"https:\/\/instytutpolski.pl\/minsk\/pl\/o-instytucie-polskim\/\"},{\"@type\":\"ListItem\",\"position\":3,\"name\":\"Biblioteka\"}]},{\"@type\":\"WebSite\",\"@id\":\"https:\/\/instytutpolski.pl\/minsk\/#website\",\"url\":\"https:\/\/instytutpolski.pl\/minsk\/\",\"name\":\"Instytut Polski w Mi\u0144sku\",\"description\":\"Instytuty Polskie\",\"potentialAction\":[{\"@type\":\"SearchAction\",\"target\":{\"@type\":\"EntryPoint\",\"urlTemplate\":\"https:\/\/instytutpolski.pl\/minsk\/?s={search_term_string}\"},\"query-input\":{\"@type\":\"PropertyValueSpecification\",\"valueRequired\":true,\"valueName\":\"search_term_string\"}}],\"inLanguage\":\"pl-PL\"}]}<\/script>\n<!-- \/ Yoast SEO plugin. -->","yoast_head_json":{"title":"Biblioteka - Instytut Polski w Mi\u0144sku","robots":{"index":"index","follow":"follow","max-snippet":"max-snippet:-1","max-image-preview":"max-image-preview:large","max-video-preview":"max-video-preview:-1"},"canonical":"https:\/\/instytutpolski.pl\/minsk\/pl\/o-instytucie-polskim\/biblioteka\/","og_locale":"pl_PL","og_type":"article","og_title":"Biblioteka - Instytut Polski w Mi\u0144sku","og_description":"Szanowni Czytelnicy! Informujemy, \u017ce od dnia 30 czerwca do 31 lipca 2021 roku Biblioteka Instytutu Polskiego w Mi\u0144sku prowadzi inwentaryzacj\u0119. Zwracamy si\u0119 z uprzejm\u0105 pro\u015bb\u0105 o zwrot wypo\u017cyczonych\u00a0ksi\u0105\u017cek do Biblioteki. Ksi\u0105\u017cki prosimy zostawia\u0107 w pude\u0142ku przy wej\u015bciu do Instytutu Polskiego w Mi\u0144sku (poniedzia\u0142ek-pi\u0105tek w godz. 09:00-17:00). \u00a0W sierpniu Biblioteka b\u0119dzie zamkni\u0119ta na wakacje. \u00a0Za utrudnienia [&hellip;]","og_url":"https:\/\/instytutpolski.pl\/minsk\/pl\/o-instytucie-polskim\/biblioteka\/","og_site_name":"Instytut Polski w Mi\u0144sku","article_modified_time":"2021-07-06T10:29:46+00:00","og_image":[{"url":"https:\/\/instytutpolski.pl\/minsk\/wp-content\/uploads\/sites\/6\/2021\/07\/Inwentaryzacja-2021-1-1024x493.jpg","type":"","width":"","height":""}],"twitter_card":"summary_large_image","twitter_misc":{"Szacowany czas czytania":"2 minuty"},"schema":{"@context":"https:\/\/schema.org","@graph":[{"@type":"WebPage","@id":"https:\/\/instytutpolski.pl\/minsk\/pl\/o-instytucie-polskim\/biblioteka\/","url":"https:\/\/instytutpolski.pl\/minsk\/pl\/o-instytucie-polskim\/biblioteka\/","name":"Biblioteka - Instytut Polski w Mi\u0144sku","isPartOf":{"@id":"https:\/\/instytutpolski.pl\/minsk\/#website"},"primaryImageOfPage":{"@id":"https:\/\/instytutpolski.pl\/minsk\/pl\/o-instytucie-polskim\/biblioteka\/#primaryimage"},"image":{"@id":"https:\/\/instytutpolski.pl\/minsk\/pl\/o-instytucie-polskim\/biblioteka\/#primaryimage"},"thumbnailUrl":"https:\/\/instytutpolski.pl\/minsk\/wp-content\/uploads\/sites\/6\/2021\/07\/Inwentaryzacja-2021-1-1024x493.jpg","datePublished":"2019-06-28T06:59:20+00:00","dateModified":"2021-07-06T10:29:46+00:00","breadcrumb":{"@id":"https:\/\/instytutpolski.pl\/minsk\/pl\/o-instytucie-polskim\/biblioteka\/#breadcrumb"},"inLanguage":"pl-PL","potentialAction":[{"@type":"ReadAction","target":["https:\/\/instytutpolski.pl\/minsk\/pl\/o-instytucie-polskim\/biblioteka\/"]}]},{"@type":"ImageObject","inLanguage":"pl-PL","@id":"https:\/\/instytutpolski.pl\/minsk\/pl\/o-instytucie-polskim\/biblioteka\/#primaryimage","url":"https:\/\/instytutpolski.pl\/minsk\/wp-content\/uploads\/sites\/6\/2021\/07\/Inwentaryzacja-2021-1.jpg","contentUrl":"https:\/\/instytutpolski.pl\/minsk\/wp-content\/uploads\/sites\/6\/2021\/07\/Inwentaryzacja-2021-1.jpg","width":1350,"height":650},{"@type":"BreadcrumbList","@id":"https:\/\/instytutpolski.pl\/minsk\/pl\/o-instytucie-polskim\/biblioteka\/#breadcrumb","itemListElement":[{"@type":"ListItem","position":1,"name":"Home","item":"https:\/\/instytutpolski.pl\/minsk\/"},{"@type":"ListItem","position":2,"name":"INSTYTUT POLSKI","item":"https:\/\/instytutpolski.pl\/minsk\/pl\/o-instytucie-polskim\/"},{"@type":"ListItem","position":3,"name":"Biblioteka"}]},{"@type":"WebSite","@id":"https:\/\/instytutpolski.pl\/minsk\/#website","url":"https:\/\/instytutpolski.pl\/minsk\/","name":"Instytut Polski w Mi\u0144sku","description":"Instytuty Polskie","potentialAction":[{"@type":"SearchAction","target":{"@type":"EntryPoint","urlTemplate":"https:\/\/instytutpolski.pl\/minsk\/?s={search_term_string}"},"query-input":{"@type":"PropertyValueSpecification","valueRequired":true,"valueName":"search_term_string"}}],"inLanguage":"pl-PL"}]}},"_links":{"self":[{"href":"https:\/\/instytutpolski.pl\/minsk\/wp-json\/wp\/v2\/pages\/741","targetHints":{"allow":["GET"]}}],"collection":[{"href":"https:\/\/instytutpolski.pl\/minsk\/wp-json\/wp\/v2\/pages"}],"about":[{"href":"https:\/\/instytutpolski.pl\/minsk\/wp-json\/wp\/v2\/types\/page"}],"author":[{"embeddable":true,"href":"https:\/\/instytutpolski.pl\/minsk\/wp-json\/wp\/v2\/users\/1"}],"replies":[{"embeddable":true,"href":"https:\/\/instytutpolski.pl\/minsk\/wp-json\/wp\/v2\/comments?post=741"}],"version-history":[{"count":17,"href":"https:\/\/instytutpolski.pl\/minsk\/wp-json\/wp\/v2\/pages\/741\/revisions"}],"predecessor-version":[{"id":13080,"href":"https:\/\/instytutpolski.pl\/minsk\/wp-json\/wp\/v2\/pages\/741\/revisions\/13080"}],"up":[{"embeddable":true,"href":"https:\/\/instytutpolski.pl\/minsk\/wp-json\/wp\/v2\/pages\/733"}],"wp:attachment":[{"href":"https:\/\/instytutpolski.pl\/minsk\/wp-json\/wp\/v2\/media?parent=741"}],"curies":[{"name":"wp","href":"https:\/\/api.w.org\/{rel}","templated":true}]}}