{"id":765,"date":"2019-06-28T09:02:12","date_gmt":"2019-06-28T07:02:12","guid":{"rendered":"https:\/\/instytutpolski.pl\/minsk\/?page_id=765"},"modified":"2020-01-22T12:04:32","modified_gmt":"2020-01-22T11:04:32","slug":"instytucje","status":"publish","type":"page","link":"https:\/\/instytutpolski.pl\/minsk\/pl\/o-instytucie-polskim\/wspolpraca\/instytucje\/","title":{"rendered":"Instytucje"},"content":{"rendered":"\n<div class=\"link-description\"><strong><span style=\"color: #ff0000\">MINISTERSTWO SPRAW ZAGRANICZNYCH RP<\/span><\/strong><\/div>\n<div class=\"link-description\"><a href=\"http:\/\/www.msz.gov.pl\/pl\/\"><span style=\"color: #000000\">http:\/\/www.msz.gov.pl\/pl\/<\/span><\/a><\/div>\n<div class=\"link-description\">\u00a0<\/div>\n<div><span style=\"color: #ff0000\"><strong>AMBASADA RZECZYPOSPOLITEJ POLSKIEJ W MI\u0143SKU<\/strong><\/span><\/div>\n<div><span style=\"color: #ff0000\"><a href=\"http:\/\/minsk.msz.gov.pl\/pl\/\"><span style=\"color: #000000\">http:\/\/minsk.msz.gov.pl\/pl\/<\/span><\/a><\/span><\/div>\n<div>\u00a0<\/div>\n<div><span style=\"color: #ff0000\"><strong>MINISTERSTWO KULTURY I DZIEDZICTWA NARODOWEGO RP<\/strong><\/span><\/div>\n<div><a href=\"http:\/\/www.mkidn.gov.pl\/\"><span style=\"color: #000000\">http:\/\/www.mkidn.gov.pl\/<\/span><\/a><\/div>\n<div>\u00a0<\/div>\n<div><span style=\"color: #ff0000\"><strong>INSTYTUT ADAMA MICKIEWICZA<\/strong><\/span><\/div>\n<div><a href=\"https:\/\/iam.pl\/pl\"><span style=\"color: #000000\">https:\/\/iam.pl\/pl<\/span><\/a><\/div>\n<div><span style=\"color: #ff0000\">\u00a0<\/span><\/div>\n<div><strong><span style=\"color: #ff0000\">POLSKIE RADIO DLA ZAGRANICY<\/span><\/strong><\/div>\n<div><a href=\"http:\/\/www.radyjo.net\/4\"><span style=\"color: #000000\">http:\/\/www.radyjo.net\/4<\/span><\/a><\/div>\n<div><span style=\"color: #ff0000\">\u00a0<\/span><\/div>\n<div><span style=\"color: #ff0000\"><strong>PORTAL CULTURE.PL<\/strong><\/span><\/div>\n<div><a href=\"http:\/\/www.culture.pl\/\"><span style=\"color: #000000\">http:\/\/www.culture.pl<\/span><\/a><\/div>\n<div>\u00a0<\/div>\n<div><strong><span style=\"color: #ff0000\">NARODOWE CENTRUM KULTURY<\/span><\/strong><\/div>\n<div><a href=\"http:\/\/www.nck.pl\/\"><span style=\"color: #000000\">http:\/\/www.nck.pl<\/span><\/a><\/div>\n<div>\u00a0<\/div>\n<div><span style=\"color: #ff0000;font-family: Calibri;font-size: small\"><span style=\"color: #ff0000\"><strong>MI\u0118DZYNARODOWE CENTRUM KULTURY<\/strong><\/span><\/span><\/div>\n<div><span style=\"color: #ff0000;font-family: Calibri;font-size: small\"><span style=\"color: #ff0000\"><a href=\"http:\/\/www.mck.krakow.pl\/\"><span style=\"color: #000000\">http:\/\/www.mck.krakow.pl\/<\/span><\/a><strong>\u00a0<\/strong><\/span><\/span><\/div>\n<div>\u00a0<\/div>\n<div><span style=\"color: #ff0000;font-family: Calibri;font-size: small\"><span style=\"color: #ff0000\"><span style=\"font-family: Calibri;font-size: small\"><strong>INSTYTUT KSI\u0104\u017bKI<\/strong><\/span><\/span><\/span><\/div>\n<div><span style=\"font-family: Calibri;font-size: small\"><a href=\"http:\/\/www.instytutksiazki.pl\/\"><span style=\"color: #000000\">http:\/\/www.instytutksiazki.pl<\/span><\/a><\/span><\/div>\n<div>\u00a0<\/div>\n<div><span style=\"color: #ff0000\"><span style=\"color: #ff0000;font-family: Calibri;font-size: small\"><strong>OFICJALNY PORTAL INFORMACYJNY O POLSCE<br \/><\/strong><\/span><a href=\"http:\/\/www.poland.pl\/\" target=\"_blank\" rel=\"noopener noreferrer\"><span style=\"color: #000000\">www.poland.pl<\/span><\/a><\/span><\/div>\n<div>\u00a0<\/div>\n<div><hr \/><\/div>\n<div>\u00a0<\/div>\n<div><span style=\"color: #ff0000\"><strong>INSTYTUTY POLSKIE NA \u015aWIECIE<\/strong><\/span><\/div>\n<div>\u00a0<\/div>\n<div><a href=\"http:\/\/www.polnisches-institut.at\/\"><span style=\"color: #000000\">Austria-Wiede\u0144<\/span><\/a><\/div>\n<div><span id=\"Pluto__Multibox_7821_21003__MB_MSZ_STRONA_GLOWNA_21009_portlet:institutesView-form:j_id6:1:j_id10\" class=\"iceOutTxt\"><a href=\"http:\/\/www.culturepolonaise.eu\/\"><span style=\"color: #000000\">Belgia-Bruksela<\/span><\/a><\/span><\/div>\n<div><span class=\"iceOutTxt\"><span id=\"Pluto__Multibox_7821_21003__MB_MSZ_STRONA_GLOWNA_21009_portlet:institutesView-form:j_id6:3:j_id10\" class=\"iceOutTxt\"><a href=\"http:\/\/institutpolski.org\/?lang=pl\"><span style=\"color: #000000\">Bu\u0142garia-Sofia<\/span><\/a><\/span><\/span><\/div>\n<div><span class=\"iceOutTxt\"><span id=\"Pluto__Multibox_7821_21003__MB_MSZ_STRONA_GLOWNA_21009_portlet:institutesView-form:j_id6:4:j_id10\" class=\"iceOutTxt\"><a href=\"http:\/\/www.pekin.msz.gov.pl\/\"><span style=\"color: #000000\">Chiny-Pekin. Wydzia\u0142 kulturalny Ambasady RP<\/span><\/a><\/span><\/span><\/div>\n<div><span class=\"iceOutTxt\"><span id=\"Pluto__Multibox_7821_21003__MB_MSZ_STRONA_GLOWNA_21009_portlet:institutesView-form:j_id6:5:j_id10\" class=\"iceOutTxt\"><a href=\"http:\/\/www.polskyinstitut.cz\/\"><span style=\"color: #000000\">Czechy-Praga<\/span><\/a><\/span><\/span><\/div>\n<div><span class=\"iceOutTxt\"><span id=\"Pluto__Multibox_7821_21003__MB_MSZ_STRONA_GLOWNA_21009_portlet:institutesView-form:j_id6:6:j_id10\" class=\"iceOutTxt\"><a href=\"http:\/\/www.institutpolonais.fr\/\"><span style=\"color: #000000\">Francja-Pary\u017c<\/span><\/a><\/span><\/span><\/div>\n<div><span class=\"iceOutTxt\"><span id=\"Pluto__Multibox_7821_21003__MB_MSZ_STRONA_GLOWNA_21009_portlet:institutesView-form:j_id6:7:j_id10\" class=\"iceOutTxt\"><a href=\"http:\/\/www.culturapolaca.es\/\"><span style=\"color: #000000\">Hiszpania-Madryt<\/span><\/a><\/span><\/span><\/div>\n<div><span class=\"iceOutTxt\"><span id=\"Pluto__Multibox_7821_21003__MB_MSZ_STRONA_GLOWNA_21009_portlet:institutesView-form:j_id6:8:j_id10\" class=\"iceOutTxt\"><a href=\"http:\/\/www.polishinstitute.org.il\/\"><span style=\"color: #000000\">Izrael-Tel Aviv<\/span><\/a><\/span><\/span><\/div>\n<div><span class=\"iceOutTxt\"><span id=\"Pluto__Multibox_7821_21003__MB_MSZ_STRONA_GLOWNA_21009_portlet:institutesView-form:j_id6:9:j_id10\" class=\"iceOutTxt\"><a href=\"http:\/\/www.lenkukultura.lt\/pl\/\"><span style=\"color: #000000\">Litwa-Wilno<\/span><\/a><\/span><\/span><\/div>\n<div><span class=\"iceOutTxt\"><span id=\"Pluto__Multibox_7821_21003__MB_MSZ_STRONA_GLOWNA_21009_portlet:institutesView-form:j_id6:10:j_id10\" class=\"iceOutTxt\"><a href=\"http:\/\/berlin.polnischekultur.de\/\"><span style=\"color: #000000\">Niemcy-Berlin<\/span><\/a><\/span><\/span><\/div>\n<div><span class=\"iceOutTxt\"><span id=\"Pluto__Multibox_7821_21003__MB_MSZ_STRONA_GLOWNA_21009_portlet:institutesView-form:j_id6:11:j_id10\" class=\"iceOutTxt\"><a href=\"http:\/\/www.polnisches-institut.de\/\"><span style=\"color: #000000\">Niemcy-Dusseldorf<\/span><\/a><\/span><\/span><\/div>\n<div><span class=\"iceOutTxt\"><span id=\"Pluto__Multibox_7821_21003__MB_MSZ_STRONA_GLOWNA_21009_portlet:institutesView-form:j_id6:12:j_id10\" class=\"iceOutTxt\"><a href=\"http:\/\/leipzig.polnischekultur.de\/\"><span style=\"color: #000000\">Niemcy-Lipsk<\/span><\/a><\/span><\/span><\/div>\n<div><span class=\"iceOutTxt\"><span id=\"Pluto__Multibox_7821_21003__MB_MSZ_STRONA_GLOWNA_21009_portlet:institutesView-form:j_id6:13:j_id10\" class=\"iceOutTxt\"><a href=\"http:\/\/polishinstitute.in\/\"><span style=\"color: #000000\">Indie-New Delhi<\/span><\/a><\/span><\/span><\/div>\n<div><span class=\"iceOutTxt\"><span id=\"Pluto__Multibox_7821_21003__MB_MSZ_STRONA_GLOWNA_21009_portlet:institutesView-form:j_id6:14:j_id10\" class=\"iceOutTxt\"><a href=\"http:\/\/www.kulturapolshi.ru\/\"><span style=\"color: #000000\">Rosja-Moskwa<\/span><\/a><\/span><\/span><\/div>\n<div><span class=\"iceOutTxt\"><span id=\"Pluto__Multibox_7821_21003__MB_MSZ_STRONA_GLOWNA_21009_portlet:institutesView-form:j_id6:15:j_id10\" class=\"iceOutTxt\"><a href=\"http:\/\/www.polinst.ru\/\"><span style=\"color: #000000\">Rosja-Petersburg<\/span><\/a><\/span><\/span><\/div>\n<div><span class=\"iceOutTxt\"><a href=\"http:\/\/www.culturapoloneza.ro\/\"><span style=\"color: #000000\"><span id=\"Pluto__Multibox_7821_21003__MB_MSZ_STRONA_GLOWNA_21009_portlet:institutesView-form:j_id6:16:j_id10\" class=\"iceOutTxt\">Rumunia-Bukareszt<\/span>\u00a0<\/span><\/a><\/span><\/div>\n<div><span class=\"iceOutTxt\"><span id=\"Pluto__Multibox_7821_21003__MB_MSZ_STRONA_GLOWNA_21009_portlet:institutesView-form:j_id6:17:j_id10\" class=\"iceOutTxt\"><a href=\"http:\/\/www.polinst.sk\/\"><span style=\"color: #000000\">S\u0142owacja-Bratys\u0142awa<\/span><\/a><\/span><span style=\"color: #000000\">\u00a0<\/span><span style=\"color: #000000\">\u00a0<\/span><span style=\"color: #000000\">\u00a0<\/span><\/span><\/div>\n<div><span class=\"iceOutTxt\"><span id=\"Pluto__Multibox_7821_21003__MB_MSZ_STRONA_GLOWNA_21009_portlet:institutesView-form:j_id6:18:j_id10\" class=\"iceOutTxt\"><a href=\"http:\/\/www.polishculture-nyc.org\/\"><span style=\"color: #000000\">USA-Nowy Jork<\/span><\/a><\/span><\/span><\/div>\n<div><span class=\"iceOutTxt\"><span id=\"Pluto__Multibox_7821_21003__MB_MSZ_STRONA_GLOWNA_21009_portlet:institutesView-form:j_id6:19:j_id10\" class=\"iceOutTxt\"><a href=\"http:\/\/www.polskainstitutet.se\/\"><span style=\"color: #000000\">Szwecja-Sztokholm<\/span><\/a><\/span><\/span><\/div>\n<div><span class=\"iceOutTxt\"><span id=\"Pluto__Multibox_7821_21003__MB_MSZ_STRONA_GLOWNA_21009_portlet:institutesView-form:j_id6:20:j_id10\" class=\"iceOutTxt\"><a href=\"http:\/\/www.polinst.kiev.ua\/\"><span style=\"color: #000000\">Ukraina-Kij\u00f3w<\/span><\/a><\/span><\/span><\/div>\n<div><span class=\"iceOutTxt\"><span id=\"Pluto__Multibox_7821_21003__MB_MSZ_STRONA_GLOWNA_21009_portlet:institutesView-form:j_id6:21:j_id10\" class=\"iceOutTxt\"><a href=\"http:\/\/www.polinst.hu\/\"><span style=\"color: #000000\">W\u0119gry-Budapeszt<\/span><\/a><\/span><\/span><\/div>\n<div><span class=\"iceOutTxt\"><span id=\"Pluto__Multibox_7821_21003__MB_MSZ_STRONA_GLOWNA_21009_portlet:institutesView-form:j_id6:22:j_id10\" class=\"iceOutTxt\"><a href=\"http:\/\/www.polishculture.org.uk\/\"><span style=\"color: #000000\">Wielka Brytania-Londyn<\/span><\/a><\/span><\/span><\/div>\n<div><span class=\"iceOutTxt\"><span id=\"Pluto__Multibox_7821_21003__MB_MSZ_STRONA_GLOWNA_21009_portlet:institutesView-form:j_id6:23:j_id10\" class=\"iceOutTxt\"><a href=\"http:\/\/www.istitutopolacco.it\/\"><span style=\"color: #000000\">W\u0142ochy-Rzym<\/span><\/a><\/span><\/span><\/div>\n<div><span class=\"iceOutTxt\"><span id=\"Pluto__Multibox_7821_21003__MB_MSZ_STRONA_GLOWNA_21009_portlet:institutesView-form:j_id6:24:j_id10\" class=\"iceOutTxt\"><a href=\"http:\/\/pl.instytut-polski.org\/\"><span style=\"color: #000000\">Japonia-Tokio<\/span><\/a><\/span><\/span><\/div>\n<div>\u00a0<\/div>\n<div><hr \/><\/div>\n<div>\u00a0<\/div>\n<div><strong><span style=\"color: #ff0000\">MUZEA W POLSCE<\/span><\/strong><\/div>\n<div>\u00a0<\/div>\n<div><a href=\"http:\/\/www.majdanek.eu\/pl\"><span style=\"color: #000000\">Pa\u0144stwowe Muzeum na Majdanku<\/span><\/a><\/div>\n<div><a href=\"http:\/\/www.mnw.art.pl\/\"><span style=\"color: #000000\">Muzeum Narodowe w Warszawie<\/span><\/a><\/div>\n<div><a href=\"http:\/\/mnk.pl\/\"><span style=\"color: #000000\">Muzeum Narodowe w Krakowie<\/span><\/a><\/div>\n<div><a href=\"http:\/\/www.mnp.art.pl\/\"><span style=\"color: #000000\">Muzeum Narodowe w Poznaniu<\/span><\/a><\/div>\n<div><a href=\"http:\/\/muzeum.szczecin.pl\/\"><span style=\"color: #000000\">Muzeum Narodowe w Szczecinie<\/span><\/a><\/div>\n<div><a href=\"https:\/\/www.zamek-krolewski.pl\/\"><span style=\"color: #000000\">Zamek Kr\u00f3lewski w Warszawie<\/span><\/a><\/div>\n<div><a href=\"http:\/\/www.1944.pl\/\"><span style=\"color: #000000\">Muzeum Powstania Warszawskiego<\/span><\/a><\/div>\n<div><a href=\"http:\/\/u-jazdowski.pl\/\"><span style=\"color: #000000\">Centrum Sztuki Wsp\u00f3\u0142czesnej Zamek Ujazdowski<\/span><\/a><\/div>\n<div><a href=\"https:\/\/www.mocak.pl\/\"><span style=\"color: #000000\">Muzeum Sztuki Wsp\u00f3\u0142czesnej w Krakowie<\/span><\/a><\/div>\n<div><a href=\"http:\/\/www.ethnomuseum.pl\/\"><span style=\"color: #000000\">Pa\u0144stwowe Muzeum Etnograficzne w Warszawie<\/span><\/a><\/div>\n<div><a href=\"http:\/\/www.lazienki-krolewskie.pl\/pl\"><span style=\"color: #000000\">Muzeum \u0141azienki Kr\u00f3lewskie w Warszawie<\/span><\/a><\/div>\n<div><a href=\"http:\/\/www.wilanow-palac.art.pl\/\"><span style=\"color: #000000\">Muzeum Pa\u0142acu Kr\u00f3la Jana III w Wilanowie<\/span><\/a><\/div>\n<div><a href=\"http:\/\/www.wawel.krakow.pl\/pl\/\"><span style=\"color: #000000\">Zamek Kr\u00f3lewski na Wawelu<\/span><\/a><\/div>\n<div><a href=\"http:\/\/muzeum.wieliczka.pl\/\"><span style=\"color: #000000\">Muzeum \u017bup Krakowskich Wieliczka<\/span><\/a><\/div>\n<div><a href=\"http:\/\/www.cricoteka.pl\/pl\/\"><span style=\"color: #000000\">Cricoteca &#8211; O\u015brodek Dokumetacji Sztuki Tadeusza Kantora<\/span><\/a><\/div>\n<div><a href=\"http:\/\/www.maius.uj.edu.pl\/\"><span style=\"color: #000000\">Muzeum Uniwersytetu Jagiello\u0144skiego Collegium Maius<\/span><\/a><\/div>\n<div><a href=\"http:\/\/www.mhf.krakow.pl\/\"><span style=\"color: #000000\">Muzeum Historii Fotografii w Krakowie<\/span><\/a><\/div>\n<div><a href=\"http:\/\/www.biskupin.pl\/\"><span style=\"color: #000000\">Muzeum Archeologiczne w Biskupinie<\/span><\/a><\/div>\n<div><a href=\"http:\/\/www.ma.wroc.pl\/\"><span style=\"color: #000000\">Muzeum Architektury we Wroc\u0142awiu<\/span><\/a><\/div>\n<div><a href=\"http:\/\/www.muzeumzamoyskich.pl\/aktualnosci\"><span style=\"color: #000000\">Muzeum Zamoyskich w Koz\u0142\u00f3wce<\/span><\/a><\/div>\n<div><a href=\"http:\/\/kinomuzeum.pl\/\"><span style=\"color: #000000\">Muzeum Kinematografii w \u0141odzi<\/span><\/a><\/div>\n<div><a href=\"http:\/\/www.zamek.malbork.pl\/\"><span style=\"color: #000000\">Muzeum Zamkowe w Malborku<\/span><\/a><\/div>\n<div><a href=\"http:\/\/muzeumulmow.pl\/pl\/\"><span style=\"color: #000000\">Muzeum Polak\u00f3w Ratuj\u0105cych \u017byd\u00f3w podczas II wojny \u015bwiatowej im. Rodziny Ulm\u00f3w w Markowej<\/span><\/a><\/div>\n<div><a href=\"http:\/\/www.muzeumkatynskie.pl\/\"><span style=\"color: #000000\">Muzeum Katy\u0144skie<\/span><\/a><\/div>\n<div><a href=\"http:\/\/www.polin.pl\/pl\"><span style=\"color: #000000\">Muzeum Historii \u017byd\u00f3w Polskich POLIN<\/span><\/a><\/div>\n<div><a href=\"http:\/\/www.kopernik.org.pl\/\"><span style=\"color: #000000\">Centrum Nauki Kopernik<\/span><\/a><\/div>\n<div><a href=\"http:\/\/experyment.gdynia.pl\/pl\/\"><span style=\"color: #000000\">Centrum Nauki EXPERYMENT w Gdyni<\/span><\/a><\/div>\n<div>\u00a0<\/div>\n<div><hr \/><\/div>\n<div>\u00a0<\/div>\n<div><strong><span style=\"color: #ff0000\">GALERIE SZTUKI W POLSCE<\/span><\/strong><\/div>\n<div>\u00a0<\/div>\n<div><a href=\"https:\/\/cracowpostergallery.com\/pl\/\"><span style=\"color: #000000\">Galeria Plakatu w Krakowie<\/span><\/a><\/div>\n<div><a href=\"http:\/\/www.poster.com.pl\/pl\/index.htm\"><span style=\"color: #000000\">Galeria Polskiego Plakatu<\/span><\/a><\/div>\n<div><a href=\"http:\/\/www.arsenal.art.pl\/\"><span style=\"color: #000000\">Galeria Miejska ARSENA\u0141<\/span><\/a><\/div>\n<div><a href=\"http:\/\/bunkier.art.pl\/\"><span style=\"color: #000000\">Galeria Sztuki Wsp\u00f3\u0142czesnej BUNKIER SZTUKI<\/span><\/a><\/div>\n<div><a href=\"http:\/\/zderzak.pl\/\"><span style=\"color: #000000\">GALERIA ZDERZAK<\/span><\/a><\/div>\n<div><a href=\"http:\/\/www.galerianowa.pl\/\"><span style=\"color: #000000\">Galeria NOWA w Poznaniu<\/span><\/a><\/div>\n<div>\u00a0<\/div>\n<div><hr \/><\/div>\n<div>\u00a0<\/div>\n<div><span style=\"color: #ff0000\"><strong>INSTYTUCJE I O\u015aRODKI MUZYCZNE<\/strong><\/span><\/div>\n<div>\u00a0<\/div>\n<div><a href=\"http:\/\/teatrwielki.pl\/\"><span style=\"color: #000000\">Teatr Wielki \u2013 Opera Narodowa<\/span><\/a><\/div>\n<div><a href=\"http:\/\/filharmonia.pl\/\"><span style=\"color: #000000\">Filharmonia Narodowa<\/span><\/a><\/div>\n<div><a href=\"http:\/\/www.polmic.pl\/\"><span style=\"color: #000000\">Polskie Centrum Informacji Muzycznej<\/span><\/a><\/div>\n<div><a href=\"https:\/\/pwm.com.pl\/\"><span style=\"color: #000000\">Polskie Wydawnictwo Muzyczne<\/span><\/a><\/div>\n","protected":false},"excerpt":{"rendered":"<p>MINISTERSTWO SPRAW ZAGRANICZNYCH RP http:\/\/www.msz.gov.pl\/pl\/ \u00a0 AMBASADA RZECZYPOSPOLITEJ POLSKIEJ W MI\u0143SKU http:\/\/minsk.msz.gov.pl\/pl\/ \u00a0 MINISTERSTWO KULTURY I DZIEDZICTWA NARODOWEGO RP http:\/\/www.mkidn.gov.pl\/ \u00a0 INSTYTUT ADAMA MICKIEWICZA https:\/\/iam.pl\/pl \u00a0 POLSKIE RADIO DLA ZAGRANICY http:\/\/www.radyjo.net\/4 \u00a0 PORTAL CULTURE.PL http:\/\/www.culture.pl \u00a0 NARODOWE CENTRUM KULTURY http:\/\/www.nck.pl \u00a0 MI\u0118DZYNARODOWE CENTRUM KULTURY http:\/\/www.mck.krakow.pl\/\u00a0 \u00a0 INSTYTUT KSI\u0104\u017bKI http:\/\/www.instytutksiazki.pl \u00a0 OFICJALNY PORTAL INFORMACYJNY O POLSCEwww.poland.pl [&hellip;]<\/p>\n","protected":false},"author":1,"featured_media":0,"parent":757,"menu_order":0,"comment_status":"closed","ping_status":"closed","template":"","meta":{"inline_featured_image":false,"_monsterinsights_skip_tracking":false,"_monsterinsights_sitenote_active":false,"_monsterinsights_sitenote_note":"","_monsterinsights_sitenote_category":0,"footnotes":""},"class_list":["post-765","page","type-page","status-publish","hentry"],"yoast_head":"<!-- This site is optimized with the Yoast SEO plugin v24.6 - https:\/\/yoast.com\/wordpress\/plugins\/seo\/ -->\n<title>Instytucje - Instytut Polski w Mi\u0144sku<\/title>\n<meta name=\"robots\" content=\"index, follow, max-snippet:-1, max-image-preview:large, max-video-preview:-1\" \/>\n<link rel=\"canonical\" href=\"https:\/\/instytutpolski.pl\/minsk\/pl\/o-instytucie-polskim\/wspolpraca\/instytucje\/\" \/>\n<meta property=\"og:locale\" content=\"pl_PL\" \/>\n<meta property=\"og:type\" content=\"article\" \/>\n<meta property=\"og:title\" content=\"Instytucje - Instytut Polski w Mi\u0144sku\" \/>\n<meta property=\"og:description\" content=\"MINISTERSTWO SPRAW ZAGRANICZNYCH RP http:\/\/www.msz.gov.pl\/pl\/ \u00a0 AMBASADA RZECZYPOSPOLITEJ POLSKIEJ W MI\u0143SKU http:\/\/minsk.msz.gov.pl\/pl\/ \u00a0 MINISTERSTWO KULTURY I DZIEDZICTWA NARODOWEGO RP http:\/\/www.mkidn.gov.pl\/ \u00a0 INSTYTUT ADAMA MICKIEWICZA https:\/\/iam.pl\/pl \u00a0 POLSKIE RADIO DLA ZAGRANICY http:\/\/www.radyjo.net\/4 \u00a0 PORTAL CULTURE.PL http:\/\/www.culture.pl \u00a0 NARODOWE CENTRUM KULTURY http:\/\/www.nck.pl \u00a0 MI\u0118DZYNARODOWE CENTRUM KULTURY http:\/\/www.mck.krakow.pl\/\u00a0 \u00a0 INSTYTUT KSI\u0104\u017bKI http:\/\/www.instytutksiazki.pl \u00a0 OFICJALNY PORTAL INFORMACYJNY O POLSCEwww.poland.pl [&hellip;]\" \/>\n<meta property=\"og:url\" content=\"https:\/\/instytutpolski.pl\/minsk\/pl\/o-instytucie-polskim\/wspolpraca\/instytucje\/\" \/>\n<meta property=\"og:site_name\" content=\"Instytut Polski w Mi\u0144sku\" \/>\n<meta property=\"article:modified_time\" content=\"2020-01-22T11:04:32+00:00\" \/>\n<meta name=\"twitter:card\" content=\"summary_large_image\" \/>\n<meta name=\"twitter:label1\" content=\"Szacowany czas czytania\" \/>\n\t<meta name=\"twitter:data1\" content=\"2 minuty\" \/>\n<script type=\"application\/ld+json\" class=\"yoast-schema-graph\">{\"@context\":\"https:\/\/schema.org\",\"@graph\":[{\"@type\":\"WebPage\",\"@id\":\"https:\/\/instytutpolski.pl\/minsk\/pl\/o-instytucie-polskim\/wspolpraca\/instytucje\/\",\"url\":\"https:\/\/instytutpolski.pl\/minsk\/pl\/o-instytucie-polskim\/wspolpraca\/instytucje\/\",\"name\":\"Instytucje - Instytut Polski w Mi\u0144sku\",\"isPartOf\":{\"@id\":\"https:\/\/instytutpolski.pl\/minsk\/#website\"},\"datePublished\":\"2019-06-28T07:02:12+00:00\",\"dateModified\":\"2020-01-22T11:04:32+00:00\",\"breadcrumb\":{\"@id\":\"https:\/\/instytutpolski.pl\/minsk\/pl\/o-instytucie-polskim\/wspolpraca\/instytucje\/#breadcrumb\"},\"inLanguage\":\"pl-PL\",\"potentialAction\":[{\"@type\":\"ReadAction\",\"target\":[\"https:\/\/instytutpolski.pl\/minsk\/pl\/o-instytucie-polskim\/wspolpraca\/instytucje\/\"]}]},{\"@type\":\"BreadcrumbList\",\"@id\":\"https:\/\/instytutpolski.pl\/minsk\/pl\/o-instytucie-polskim\/wspolpraca\/instytucje\/#breadcrumb\",\"itemListElement\":[{\"@type\":\"ListItem\",\"position\":1,\"name\":\"Home\",\"item\":\"https:\/\/instytutpolski.pl\/minsk\/\"},{\"@type\":\"ListItem\",\"position\":2,\"name\":\"INSTYTUT POLSKI\",\"item\":\"https:\/\/instytutpolski.pl\/minsk\/pl\/o-instytucie-polskim\/\"},{\"@type\":\"ListItem\",\"position\":3,\"name\":\"Wsp\u00f3\u0142praca\",\"item\":\"https:\/\/instytutpolski.pl\/minsk\/pl\/o-instytucie-polskim\/wspolpraca\/\"},{\"@type\":\"ListItem\",\"position\":4,\"name\":\"Instytucje\"}]},{\"@type\":\"WebSite\",\"@id\":\"https:\/\/instytutpolski.pl\/minsk\/#website\",\"url\":\"https:\/\/instytutpolski.pl\/minsk\/\",\"name\":\"Instytut Polski w Mi\u0144sku\",\"description\":\"Instytuty Polskie\",\"potentialAction\":[{\"@type\":\"SearchAction\",\"target\":{\"@type\":\"EntryPoint\",\"urlTemplate\":\"https:\/\/instytutpolski.pl\/minsk\/?s={search_term_string}\"},\"query-input\":{\"@type\":\"PropertyValueSpecification\",\"valueRequired\":true,\"valueName\":\"search_term_string\"}}],\"inLanguage\":\"pl-PL\"}]}<\/script>\n<!-- \/ Yoast SEO plugin. -->","yoast_head_json":{"title":"Instytucje - Instytut Polski w Mi\u0144sku","robots":{"index":"index","follow":"follow","max-snippet":"max-snippet:-1","max-image-preview":"max-image-preview:large","max-video-preview":"max-video-preview:-1"},"canonical":"https:\/\/instytutpolski.pl\/minsk\/pl\/o-instytucie-polskim\/wspolpraca\/instytucje\/","og_locale":"pl_PL","og_type":"article","og_title":"Instytucje - Instytut Polski w Mi\u0144sku","og_description":"MINISTERSTWO SPRAW ZAGRANICZNYCH RP http:\/\/www.msz.gov.pl\/pl\/ \u00a0 AMBASADA RZECZYPOSPOLITEJ POLSKIEJ W MI\u0143SKU http:\/\/minsk.msz.gov.pl\/pl\/ \u00a0 MINISTERSTWO KULTURY I DZIEDZICTWA NARODOWEGO RP http:\/\/www.mkidn.gov.pl\/ \u00a0 INSTYTUT ADAMA MICKIEWICZA https:\/\/iam.pl\/pl \u00a0 POLSKIE RADIO DLA ZAGRANICY http:\/\/www.radyjo.net\/4 \u00a0 PORTAL CULTURE.PL http:\/\/www.culture.pl \u00a0 NARODOWE CENTRUM KULTURY http:\/\/www.nck.pl \u00a0 MI\u0118DZYNARODOWE CENTRUM KULTURY http:\/\/www.mck.krakow.pl\/\u00a0 \u00a0 INSTYTUT KSI\u0104\u017bKI http:\/\/www.instytutksiazki.pl \u00a0 OFICJALNY PORTAL INFORMACYJNY O POLSCEwww.poland.pl [&hellip;]","og_url":"https:\/\/instytutpolski.pl\/minsk\/pl\/o-instytucie-polskim\/wspolpraca\/instytucje\/","og_site_name":"Instytut Polski w Mi\u0144sku","article_modified_time":"2020-01-22T11:04:32+00:00","twitter_card":"summary_large_image","twitter_misc":{"Szacowany czas czytania":"2 minuty"},"schema":{"@context":"https:\/\/schema.org","@graph":[{"@type":"WebPage","@id":"https:\/\/instytutpolski.pl\/minsk\/pl\/o-instytucie-polskim\/wspolpraca\/instytucje\/","url":"https:\/\/instytutpolski.pl\/minsk\/pl\/o-instytucie-polskim\/wspolpraca\/instytucje\/","name":"Instytucje - Instytut Polski w Mi\u0144sku","isPartOf":{"@id":"https:\/\/instytutpolski.pl\/minsk\/#website"},"datePublished":"2019-06-28T07:02:12+00:00","dateModified":"2020-01-22T11:04:32+00:00","breadcrumb":{"@id":"https:\/\/instytutpolski.pl\/minsk\/pl\/o-instytucie-polskim\/wspolpraca\/instytucje\/#breadcrumb"},"inLanguage":"pl-PL","potentialAction":[{"@type":"ReadAction","target":["https:\/\/instytutpolski.pl\/minsk\/pl\/o-instytucie-polskim\/wspolpraca\/instytucje\/"]}]},{"@type":"BreadcrumbList","@id":"https:\/\/instytutpolski.pl\/minsk\/pl\/o-instytucie-polskim\/wspolpraca\/instytucje\/#breadcrumb","itemListElement":[{"@type":"ListItem","position":1,"name":"Home","item":"https:\/\/instytutpolski.pl\/minsk\/"},{"@type":"ListItem","position":2,"name":"INSTYTUT POLSKI","item":"https:\/\/instytutpolski.pl\/minsk\/pl\/o-instytucie-polskim\/"},{"@type":"ListItem","position":3,"name":"Wsp\u00f3\u0142praca","item":"https:\/\/instytutpolski.pl\/minsk\/pl\/o-instytucie-polskim\/wspolpraca\/"},{"@type":"ListItem","position":4,"name":"Instytucje"}]},{"@type":"WebSite","@id":"https:\/\/instytutpolski.pl\/minsk\/#website","url":"https:\/\/instytutpolski.pl\/minsk\/","name":"Instytut Polski w Mi\u0144sku","description":"Instytuty Polskie","potentialAction":[{"@type":"SearchAction","target":{"@type":"EntryPoint","urlTemplate":"https:\/\/instytutpolski.pl\/minsk\/?s={search_term_string}"},"query-input":{"@type":"PropertyValueSpecification","valueRequired":true,"valueName":"search_term_string"}}],"inLanguage":"pl-PL"}]}},"_links":{"self":[{"href":"https:\/\/instytutpolski.pl\/minsk\/wp-json\/wp\/v2\/pages\/765","targetHints":{"allow":["GET"]}}],"collection":[{"href":"https:\/\/instytutpolski.pl\/minsk\/wp-json\/wp\/v2\/pages"}],"about":[{"href":"https:\/\/instytutpolski.pl\/minsk\/wp-json\/wp\/v2\/types\/page"}],"author":[{"embeddable":true,"href":"https:\/\/instytutpolski.pl\/minsk\/wp-json\/wp\/v2\/users\/1"}],"replies":[{"embeddable":true,"href":"https:\/\/instytutpolski.pl\/minsk\/wp-json\/wp\/v2\/comments?post=765"}],"version-history":[{"count":2,"href":"https:\/\/instytutpolski.pl\/minsk\/wp-json\/wp\/v2\/pages\/765\/revisions"}],"predecessor-version":[{"id":1429,"href":"https:\/\/instytutpolski.pl\/minsk\/wp-json\/wp\/v2\/pages\/765\/revisions\/1429"}],"up":[{"embeddable":true,"href":"https:\/\/instytutpolski.pl\/minsk\/wp-json\/wp\/v2\/pages\/757"}],"wp:attachment":[{"href":"https:\/\/instytutpolski.pl\/minsk\/wp-json\/wp\/v2\/media?parent=765"}],"curies":[{"name":"wp","href":"https:\/\/api.w.org\/{rel}","templated":true}]}}