{"id":162,"date":"2019-06-25T08:56:09","date_gmt":"2019-06-25T06:56:09","guid":{"rendered":"https:\/\/instytutpolski.pl\/nowy-jork\/?page_id=162"},"modified":"2020-05-27T17:18:54","modified_gmt":"2020-05-27T15:18:54","slug":"polish-language","status":"publish","type":"page","link":"https:\/\/instytutpolski.pl\/newyork\/polish-language\/","title":{"rendered":"Polish language"},"content":{"rendered":"\n<p><\/p>\n\n\n\n<figure class=\"wp-block-image size-large\"><img loading=\"lazy\" decoding=\"async\" width=\"724\" height=\"1024\" src=\"https:\/\/instytutpolski.pl\/newyork\/wp-content\/uploads\/sites\/15\/2020\/05\/alphabet-724x1024.jpg\" alt=\"\" class=\"wp-image-2156\" srcset=\"https:\/\/instytutpolski.pl\/newyork\/wp-content\/uploads\/sites\/15\/2020\/05\/alphabet-724x1024.jpg 724w, https:\/\/instytutpolski.pl\/newyork\/wp-content\/uploads\/sites\/15\/2020\/05\/alphabet-212x300.jpg 212w, https:\/\/instytutpolski.pl\/newyork\/wp-content\/uploads\/sites\/15\/2020\/05\/alphabet-768x1086.jpg 768w, https:\/\/instytutpolski.pl\/newyork\/wp-content\/uploads\/sites\/15\/2020\/05\/alphabet-1086x1536.jpg 1086w, https:\/\/instytutpolski.pl\/newyork\/wp-content\/uploads\/sites\/15\/2020\/05\/alphabet.jpg 1240w\" sizes=\"auto, (max-width: 724px) 100vw, 724px\" \/><\/figure>\n\n\n\n<p>\u00a0<\/p>\n<p>Polish is the second largest Slavic language in the world in terms of the number of users. About 50 million people actively use it, and at least 10 million demonstrate passive knowledge of it. Thus, Polish is the largest Slavic language in the European Union, and together with Castilian Spanish, it is the fifth ethnic language, after German, English, French, and Italian.<\/p>\n<p>\u00a0<\/p>\n<p>Polish belongs to the group of Indo-European languages \u200b\u200band the subgroup of West Slavic languages, along with Czech, Slovak, Kashubian, Lower Sorbian, Upper Sorbian, and the now extinct Polabian.<\/p>\n<p>\u00a0<\/p>\n<p>It is estimated that the average Pole actively knows about 30,000 words and passively understands about 100 thousand, but does not use them. According to some Polish philologists, it is enough to know the 1200 most commonly used words to be able to speak Polish.<\/p>\n<p>\u00a0<\/p>\n<p>The Polish alphabet is based on the Latin alphabet and consists of 32 letters. There are nine letters created using diacritical signs: <em>\u0105<\/em>, <em>\u0107<\/em>, <em>\u0119<\/em>,<em> \u0142<\/em>, <em>\u0144<\/em>, <em>\u00f3<\/em>, <em>\u015b<\/em>, <em>\u017a<\/em>, and <em>\u017c<\/em>. In addition, the language notation has seven digraphs: <em>sz<\/em>, <em>rz<\/em>, <em>cz<\/em>, <em>ch<\/em>, <em>dz<\/em>, <em>d\u017a<\/em>, <em>d\u017c<\/em>, and one trigraph, <em>dzi<\/em>.<\/p>\n<p>\u00a0<\/p>\n<p>Declension occurs in the Polish language. Nouns, adjectives, adjectival participles, factual pronouns, adjective pronouns, numeral pronouns, and numerals change through seven cases. Verbs are conjugated by persons, tenses, modes, pages, and numbers, as well as aspects.<\/p>\n<p>\u00a0<\/p>\n<p>The oldest sentence in Polish, \u201cDay, ut ia pobrusa, a ti poziwai\u201d (\u201cDaj, a\u0107 ja pobrucz\u0119, a ty poczywaj\u201d), was written in the Latin alphabet in 1270 in Wroc\u0142aw in the Henryk\u00f3w Book. Now this sentence is part of the UNESCO World Memory List. In 1285 at the congress in \u0141\u0119czyca it was decided that Polish would be used alongside Latin in monastery and cathedral schools.<\/p>\n<p>\u00a0<\/p>\n<p>The Polish language was influenced by Latin, Greek, German, Czech, Ruthenian, Turkish, French, Italian, Russian, Hungarian, and Yiddish. Currently, the greatest influence is the lingua franca of our time: English.<\/p>\n<p>\u00a0<\/p>\n<p>The main dialects of the Polish language are: Greater Poland, Lesser Poland, Silesian, Mazovian, Che\u0142mno-Kociewie-Warmia dialect, and Northern and Southern Borderland.<\/p>\n<p>\u00a0<\/p>\n<p>For more information:<\/p>\n<p>Multimedia Guide to Polish Language: <a href=\"http:\/\/multimediaguides.culture.pl\/multimediaguides\/alphabet\/the-polish-alphabet\/0\">http:\/\/multimediaguides.culture.pl\/multimediaguides\/alphabet\/the-polish-alphabet\/0<\/a><\/p>\n<p>Poland.pl: <a href=\"https:\/\/poland.pl\/social-issues\/social\/polish-language-simple-language\/\">https:\/\/poland.pl\/social-issues\/social\/polish-language-simple-language\/<\/a><\/p>\n<p>Information about where in the world you can learn Polish and about Polish book collections on an interactive map of Poland, outside of Poland: <a href=\"https:\/\/polski.msz.gov.pl\/\">https:\/\/polski.msz.gov.pl\/<\/a><\/p>\n<p>Dissemination of the Polish language abroad: <a href=\"https:\/\/nawa.gov.pl\/jezyk-polski\">https:\/\/nawa.gov.pl\/jezyk-<strong>polski<\/strong><\/a><\/p>\n<p>\u00a0<\/p>\n<p>\u00a0<\/p>\n\n\n\n<figure class=\"wp-block-image size-large\"><img loading=\"lazy\" decoding=\"async\" width=\"724\" height=\"1024\" src=\"https:\/\/instytutpolski.pl\/newyork\/wp-content\/uploads\/sites\/15\/2020\/05\/Check_pronunciation-724x1024.jpg\" alt=\"\" class=\"wp-image-2179\" srcset=\"https:\/\/instytutpolski.pl\/newyork\/wp-content\/uploads\/sites\/15\/2020\/05\/Check_pronunciation-724x1024.jpg 724w, https:\/\/instytutpolski.pl\/newyork\/wp-content\/uploads\/sites\/15\/2020\/05\/Check_pronunciation-212x300.jpg 212w, https:\/\/instytutpolski.pl\/newyork\/wp-content\/uploads\/sites\/15\/2020\/05\/Check_pronunciation-768x1086.jpg 768w, https:\/\/instytutpolski.pl\/newyork\/wp-content\/uploads\/sites\/15\/2020\/05\/Check_pronunciation-1086x1536.jpg 1086w, https:\/\/instytutpolski.pl\/newyork\/wp-content\/uploads\/sites\/15\/2020\/05\/Check_pronunciation.jpg 1240w\" sizes=\"auto, (max-width: 724px) 100vw, 724px\" \/><\/figure>\n","protected":false},"excerpt":{"rendered":"<p>\u00a0 Polish is the second largest Slavic language in the world in terms of the number of users. About 50 million people actively use it, and at least 10 million demonstrate passive knowledge of it. Thus, Polish is the largest Slavic language in the European Union, and together with Castilian Spanish, it is the fifth [&hellip;]<\/p>\n","protected":false},"author":1,"featured_media":242,"parent":0,"menu_order":0,"comment_status":"closed","ping_status":"closed","template":"","meta":{"inline_featured_image":false,"_monsterinsights_skip_tracking":false,"_monsterinsights_sitenote_active":false,"_monsterinsights_sitenote_note":"","_monsterinsights_sitenote_category":0,"footnotes":""},"class_list":["post-162","page","type-page","status-publish","has-post-thumbnail","hentry"],"yoast_head":"<!-- This site is optimized with the Yoast SEO plugin v24.6 - https:\/\/yoast.com\/wordpress\/plugins\/seo\/ -->\n<title>Polish language - Instytut Polski w Nowym Jorku<\/title>\n<meta name=\"robots\" content=\"index, follow, max-snippet:-1, max-image-preview:large, max-video-preview:-1\" \/>\n<link rel=\"canonical\" href=\"https:\/\/instytutpolski.pl\/newyork\/polish-language\/\" \/>\n<meta property=\"og:locale\" content=\"pl_PL\" \/>\n<meta property=\"og:type\" content=\"article\" \/>\n<meta property=\"og:title\" content=\"Polish language - Instytut Polski w Nowym Jorku\" \/>\n<meta property=\"og:description\" content=\"\u00a0 Polish is the second largest Slavic language in the world in terms of the number of users. About 50 million people actively use it, and at least 10 million demonstrate passive knowledge of it. Thus, Polish is the largest Slavic language in the European Union, and together with Castilian Spanish, it is the fifth [&hellip;]\" \/>\n<meta property=\"og:url\" content=\"https:\/\/instytutpolski.pl\/newyork\/polish-language\/\" \/>\n<meta property=\"og:site_name\" content=\"Instytut Polski w Nowym Jorku\" \/>\n<meta property=\"article:modified_time\" content=\"2020-05-27T15:18:54+00:00\" \/>\n<meta property=\"og:image\" content=\"https:\/\/instytutpolski.pl\/newyork\/wp-content\/uploads\/sites\/15\/2019\/06\/jezyk-polski.jpg\" \/>\n\t<meta property=\"og:image:width\" content=\"1920\" \/>\n\t<meta property=\"og:image:height\" content=\"700\" \/>\n\t<meta property=\"og:image:type\" content=\"image\/jpeg\" \/>\n<meta name=\"twitter:card\" content=\"summary_large_image\" \/>\n<meta name=\"twitter:label1\" content=\"Szacowany czas czytania\" \/>\n\t<meta name=\"twitter:data1\" content=\"2 minuty\" \/>\n<script type=\"application\/ld+json\" class=\"yoast-schema-graph\">{\"@context\":\"https:\/\/schema.org\",\"@graph\":[{\"@type\":\"WebPage\",\"@id\":\"https:\/\/instytutpolski.pl\/newyork\/polish-language\/\",\"url\":\"https:\/\/instytutpolski.pl\/newyork\/polish-language\/\",\"name\":\"Polish language - Instytut Polski w Nowym Jorku\",\"isPartOf\":{\"@id\":\"https:\/\/instytutpolski.pl\/newyork\/#website\"},\"primaryImageOfPage\":{\"@id\":\"https:\/\/instytutpolski.pl\/newyork\/polish-language\/#primaryimage\"},\"image\":{\"@id\":\"https:\/\/instytutpolski.pl\/newyork\/polish-language\/#primaryimage\"},\"thumbnailUrl\":\"https:\/\/instytutpolski.pl\/newyork\/wp-content\/uploads\/sites\/15\/2019\/06\/jezyk-polski.jpg\",\"datePublished\":\"2019-06-25T06:56:09+00:00\",\"dateModified\":\"2020-05-27T15:18:54+00:00\",\"breadcrumb\":{\"@id\":\"https:\/\/instytutpolski.pl\/newyork\/polish-language\/#breadcrumb\"},\"inLanguage\":\"pl-PL\",\"potentialAction\":[{\"@type\":\"ReadAction\",\"target\":[\"https:\/\/instytutpolski.pl\/newyork\/polish-language\/\"]}]},{\"@type\":\"ImageObject\",\"inLanguage\":\"pl-PL\",\"@id\":\"https:\/\/instytutpolski.pl\/newyork\/polish-language\/#primaryimage\",\"url\":\"https:\/\/instytutpolski.pl\/newyork\/wp-content\/uploads\/sites\/15\/2019\/06\/jezyk-polski.jpg\",\"contentUrl\":\"https:\/\/instytutpolski.pl\/newyork\/wp-content\/uploads\/sites\/15\/2019\/06\/jezyk-polski.jpg\",\"width\":1920,\"height\":700},{\"@type\":\"BreadcrumbList\",\"@id\":\"https:\/\/instytutpolski.pl\/newyork\/polish-language\/#breadcrumb\",\"itemListElement\":[{\"@type\":\"ListItem\",\"position\":1,\"name\":\"Home\",\"item\":\"https:\/\/instytutpolski.pl\/newyork\/\"},{\"@type\":\"ListItem\",\"position\":2,\"name\":\"Polish language\"}]},{\"@type\":\"WebSite\",\"@id\":\"https:\/\/instytutpolski.pl\/newyork\/#website\",\"url\":\"https:\/\/instytutpolski.pl\/newyork\/\",\"name\":\"Instytut Polski w Nowym Jorku\",\"description\":\"Instytuty Polskie\",\"potentialAction\":[{\"@type\":\"SearchAction\",\"target\":{\"@type\":\"EntryPoint\",\"urlTemplate\":\"https:\/\/instytutpolski.pl\/newyork\/?s={search_term_string}\"},\"query-input\":{\"@type\":\"PropertyValueSpecification\",\"valueRequired\":true,\"valueName\":\"search_term_string\"}}],\"inLanguage\":\"pl-PL\"}]}<\/script>\n<!-- \/ Yoast SEO plugin. -->","yoast_head_json":{"title":"Polish language - Instytut Polski w Nowym Jorku","robots":{"index":"index","follow":"follow","max-snippet":"max-snippet:-1","max-image-preview":"max-image-preview:large","max-video-preview":"max-video-preview:-1"},"canonical":"https:\/\/instytutpolski.pl\/newyork\/polish-language\/","og_locale":"pl_PL","og_type":"article","og_title":"Polish language - Instytut Polski w Nowym Jorku","og_description":"\u00a0 Polish is the second largest Slavic language in the world in terms of the number of users. About 50 million people actively use it, and at least 10 million demonstrate passive knowledge of it. Thus, Polish is the largest Slavic language in the European Union, and together with Castilian Spanish, it is the fifth [&hellip;]","og_url":"https:\/\/instytutpolski.pl\/newyork\/polish-language\/","og_site_name":"Instytut Polski w Nowym Jorku","article_modified_time":"2020-05-27T15:18:54+00:00","og_image":[{"width":1920,"height":700,"url":"https:\/\/instytutpolski.pl\/newyork\/wp-content\/uploads\/sites\/15\/2019\/06\/jezyk-polski.jpg","type":"image\/jpeg"}],"twitter_card":"summary_large_image","twitter_misc":{"Szacowany czas czytania":"2 minuty"},"schema":{"@context":"https:\/\/schema.org","@graph":[{"@type":"WebPage","@id":"https:\/\/instytutpolski.pl\/newyork\/polish-language\/","url":"https:\/\/instytutpolski.pl\/newyork\/polish-language\/","name":"Polish language - Instytut Polski w Nowym Jorku","isPartOf":{"@id":"https:\/\/instytutpolski.pl\/newyork\/#website"},"primaryImageOfPage":{"@id":"https:\/\/instytutpolski.pl\/newyork\/polish-language\/#primaryimage"},"image":{"@id":"https:\/\/instytutpolski.pl\/newyork\/polish-language\/#primaryimage"},"thumbnailUrl":"https:\/\/instytutpolski.pl\/newyork\/wp-content\/uploads\/sites\/15\/2019\/06\/jezyk-polski.jpg","datePublished":"2019-06-25T06:56:09+00:00","dateModified":"2020-05-27T15:18:54+00:00","breadcrumb":{"@id":"https:\/\/instytutpolski.pl\/newyork\/polish-language\/#breadcrumb"},"inLanguage":"pl-PL","potentialAction":[{"@type":"ReadAction","target":["https:\/\/instytutpolski.pl\/newyork\/polish-language\/"]}]},{"@type":"ImageObject","inLanguage":"pl-PL","@id":"https:\/\/instytutpolski.pl\/newyork\/polish-language\/#primaryimage","url":"https:\/\/instytutpolski.pl\/newyork\/wp-content\/uploads\/sites\/15\/2019\/06\/jezyk-polski.jpg","contentUrl":"https:\/\/instytutpolski.pl\/newyork\/wp-content\/uploads\/sites\/15\/2019\/06\/jezyk-polski.jpg","width":1920,"height":700},{"@type":"BreadcrumbList","@id":"https:\/\/instytutpolski.pl\/newyork\/polish-language\/#breadcrumb","itemListElement":[{"@type":"ListItem","position":1,"name":"Home","item":"https:\/\/instytutpolski.pl\/newyork\/"},{"@type":"ListItem","position":2,"name":"Polish language"}]},{"@type":"WebSite","@id":"https:\/\/instytutpolski.pl\/newyork\/#website","url":"https:\/\/instytutpolski.pl\/newyork\/","name":"Instytut Polski w Nowym Jorku","description":"Instytuty Polskie","potentialAction":[{"@type":"SearchAction","target":{"@type":"EntryPoint","urlTemplate":"https:\/\/instytutpolski.pl\/newyork\/?s={search_term_string}"},"query-input":{"@type":"PropertyValueSpecification","valueRequired":true,"valueName":"search_term_string"}}],"inLanguage":"pl-PL"}]}},"_links":{"self":[{"href":"https:\/\/instytutpolski.pl\/newyork\/wp-json\/wp\/v2\/pages\/162","targetHints":{"allow":["GET"]}}],"collection":[{"href":"https:\/\/instytutpolski.pl\/newyork\/wp-json\/wp\/v2\/pages"}],"about":[{"href":"https:\/\/instytutpolski.pl\/newyork\/wp-json\/wp\/v2\/types\/page"}],"author":[{"embeddable":true,"href":"https:\/\/instytutpolski.pl\/newyork\/wp-json\/wp\/v2\/users\/1"}],"replies":[{"embeddable":true,"href":"https:\/\/instytutpolski.pl\/newyork\/wp-json\/wp\/v2\/comments?post=162"}],"version-history":[{"count":6,"href":"https:\/\/instytutpolski.pl\/newyork\/wp-json\/wp\/v2\/pages\/162\/revisions"}],"predecessor-version":[{"id":2181,"href":"https:\/\/instytutpolski.pl\/newyork\/wp-json\/wp\/v2\/pages\/162\/revisions\/2181"}],"wp:featuredmedia":[{"embeddable":true,"href":"https:\/\/instytutpolski.pl\/newyork\/wp-json\/wp\/v2\/media\/242"}],"wp:attachment":[{"href":"https:\/\/instytutpolski.pl\/newyork\/wp-json\/wp\/v2\/media?parent=162"}],"curies":[{"name":"wp","href":"https:\/\/api.w.org\/{rel}","templated":true}]}}