{"id":401,"date":"2019-06-24T11:38:31","date_gmt":"2019-06-24T09:38:31","guid":{"rendered":"https:\/\/instytutpolski.pl\/paryz\/?page_id=401"},"modified":"2020-06-02T17:30:32","modified_gmt":"2020-06-02T15:30:32","slug":"institutions-academiques","status":"publish","type":"page","link":"https:\/\/instytutpolski.pl\/paris\/en-savoir-plus-sur-la-pologne\/lenseignement-en-pologne\/institutions-academiques\/","title":{"rendered":"La science en Pologne"},"content":{"rendered":"<p><span lang=\"fr-FR\"><u><b>La science en Pologne<\/b><\/u><\/span><span lang=\"fr-FR\"><br \/>\nLes chercheurs polonais sont connus pour des d\u00e9couvertes et inventions r\u00e9volutionnaires. Rencontrez certains d&#8217;entre eux et apprenez-en plus sur leurs r\u00e9alisations :<br \/>\n<a href=\"https:\/\/nawa.gov.pl\/images\/zdjecia\/ResearchinPoland\/Science_in_Poland_v1.25a-www.pdf\">https:\/\/nawa.gov.pl\/images\/zdjecia\/ResearchinPoland\/Science_in_Poland_v1.25a-www.pdf<\/a><\/span><\/p>\n<p><a href=\"https:\/\/youtu.be\/DQY_WY46I20\"><span lang=\"fr-FR\">https:\/\/youtu.be\/DQY_WY46I20<\/span><\/a><\/p>\n<p><span lang=\"fr-FR\"><br \/>\nPlus d\u2019informations :<br \/>\n<a href=\"https:\/\/nawa.gov.pl\/en\/researchinpoland\">https:\/\/nawa.gov.pl\/en\/researchinpoland<\/a><\/span><\/p>\n<p><a href=\"https:\/\/www.gov.pl\/web\/science\"><span lang=\"fr-FR\">https:\/\/www.gov.pl\/web\/science<\/span><\/a><\/p>\n<p><a href=\"https:\/\/poland.pl\/science\/famous-scientists\/\"><span lang=\"fr-FR\">https:\/\/poland.pl\/science\/famous-scientists\/<\/span><\/a><\/p>\n","protected":false},"excerpt":{"rendered":"<p>La science en Pologne Les chercheurs polonais sont connus pour des d\u00e9couvertes et inventions r\u00e9volutionnaires. Rencontrez certains d&#8217;entre eux et apprenez-en plus sur leurs r\u00e9alisations : https:\/\/nawa.gov.pl\/images\/zdjecia\/ResearchinPoland\/Science_in_Poland_v1.25a-www.pdf https:\/\/youtu.be\/DQY_WY46I20 Plus d\u2019informations : https:\/\/nawa.gov.pl\/en\/researchinpoland https:\/\/www.gov.pl\/web\/science https:\/\/poland.pl\/science\/famous-scientists\/<\/p>\n","protected":false},"author":1,"featured_media":0,"parent":393,"menu_order":0,"comment_status":"closed","ping_status":"closed","template":"","meta":{"inline_featured_image":false,"_monsterinsights_skip_tracking":false,"_monsterinsights_sitenote_active":false,"_monsterinsights_sitenote_note":"","_monsterinsights_sitenote_category":0,"footnotes":""},"class_list":["post-401","page","type-page","status-publish","hentry"],"yoast_head":"<!-- This site is optimized with the Yoast SEO plugin v24.6 - https:\/\/yoast.com\/wordpress\/plugins\/seo\/ -->\n<title>La science en Pologne - Instytut Polski w Pary\u017cu<\/title>\n<meta name=\"robots\" content=\"index, follow, max-snippet:-1, max-image-preview:large, max-video-preview:-1\" \/>\n<link rel=\"canonical\" href=\"https:\/\/instytutpolski.pl\/paris\/en-savoir-plus-sur-la-pologne\/lenseignement-en-pologne\/institutions-academiques\/\" \/>\n<meta property=\"og:locale\" content=\"pl_PL\" \/>\n<meta property=\"og:type\" content=\"article\" \/>\n<meta property=\"og:title\" content=\"La science en Pologne - Instytut Polski w Pary\u017cu\" \/>\n<meta property=\"og:description\" content=\"La science en Pologne Les chercheurs polonais sont connus pour des d\u00e9couvertes et inventions r\u00e9volutionnaires. Rencontrez certains d&#8217;entre eux et apprenez-en plus sur leurs r\u00e9alisations : https:\/\/nawa.gov.pl\/images\/zdjecia\/ResearchinPoland\/Science_in_Poland_v1.25a-www.pdf https:\/\/youtu.be\/DQY_WY46I20 Plus d\u2019informations : https:\/\/nawa.gov.pl\/en\/researchinpoland https:\/\/www.gov.pl\/web\/science https:\/\/poland.pl\/science\/famous-scientists\/\" \/>\n<meta property=\"og:url\" content=\"https:\/\/instytutpolski.pl\/paris\/en-savoir-plus-sur-la-pologne\/lenseignement-en-pologne\/institutions-academiques\/\" \/>\n<meta property=\"og:site_name\" content=\"Instytut Polski w Pary\u017cu\" \/>\n<meta property=\"article:modified_time\" content=\"2020-06-02T15:30:32+00:00\" \/>\n<meta name=\"twitter:card\" content=\"summary_large_image\" \/>\n<script type=\"application\/ld+json\" class=\"yoast-schema-graph\">{\"@context\":\"https:\/\/schema.org\",\"@graph\":[{\"@type\":\"WebPage\",\"@id\":\"https:\/\/instytutpolski.pl\/paris\/en-savoir-plus-sur-la-pologne\/lenseignement-en-pologne\/institutions-academiques\/\",\"url\":\"https:\/\/instytutpolski.pl\/paris\/en-savoir-plus-sur-la-pologne\/lenseignement-en-pologne\/institutions-academiques\/\",\"name\":\"La science en Pologne - Instytut Polski w Pary\u017cu\",\"isPartOf\":{\"@id\":\"https:\/\/instytutpolski.pl\/paris\/#website\"},\"datePublished\":\"2019-06-24T09:38:31+00:00\",\"dateModified\":\"2020-06-02T15:30:32+00:00\",\"breadcrumb\":{\"@id\":\"https:\/\/instytutpolski.pl\/paris\/en-savoir-plus-sur-la-pologne\/lenseignement-en-pologne\/institutions-academiques\/#breadcrumb\"},\"inLanguage\":\"pl-PL\",\"potentialAction\":[{\"@type\":\"ReadAction\",\"target\":[\"https:\/\/instytutpolski.pl\/paris\/en-savoir-plus-sur-la-pologne\/lenseignement-en-pologne\/institutions-academiques\/\"]}]},{\"@type\":\"BreadcrumbList\",\"@id\":\"https:\/\/instytutpolski.pl\/paris\/en-savoir-plus-sur-la-pologne\/lenseignement-en-pologne\/institutions-academiques\/#breadcrumb\",\"itemListElement\":[{\"@type\":\"ListItem\",\"position\":1,\"name\":\"Home\",\"item\":\"https:\/\/instytutpolski.pl\/paris\/\"},{\"@type\":\"ListItem\",\"position\":2,\"name\":\"D\u00e9couvrez la Pologne\",\"item\":\"https:\/\/instytutpolski.pl\/paris\/en-savoir-plus-sur-la-pologne\/\"},{\"@type\":\"ListItem\",\"position\":3,\"name\":\"L\u2019enseignement en Pologne\",\"item\":\"https:\/\/instytutpolski.pl\/paris\/en-savoir-plus-sur-la-pologne\/lenseignement-en-pologne\/\"},{\"@type\":\"ListItem\",\"position\":4,\"name\":\"La science en Pologne\"}]},{\"@type\":\"WebSite\",\"@id\":\"https:\/\/instytutpolski.pl\/paris\/#website\",\"url\":\"https:\/\/instytutpolski.pl\/paris\/\",\"name\":\"Instytut Polski w Pary\u017cu\",\"description\":\"Instytuty Polskie\",\"potentialAction\":[{\"@type\":\"SearchAction\",\"target\":{\"@type\":\"EntryPoint\",\"urlTemplate\":\"https:\/\/instytutpolski.pl\/paris\/?s={search_term_string}\"},\"query-input\":{\"@type\":\"PropertyValueSpecification\",\"valueRequired\":true,\"valueName\":\"search_term_string\"}}],\"inLanguage\":\"pl-PL\"}]}<\/script>\n<!-- \/ Yoast SEO plugin. -->","yoast_head_json":{"title":"La science en Pologne - Instytut Polski w Pary\u017cu","robots":{"index":"index","follow":"follow","max-snippet":"max-snippet:-1","max-image-preview":"max-image-preview:large","max-video-preview":"max-video-preview:-1"},"canonical":"https:\/\/instytutpolski.pl\/paris\/en-savoir-plus-sur-la-pologne\/lenseignement-en-pologne\/institutions-academiques\/","og_locale":"pl_PL","og_type":"article","og_title":"La science en Pologne - Instytut Polski w Pary\u017cu","og_description":"La science en Pologne Les chercheurs polonais sont connus pour des d\u00e9couvertes et inventions r\u00e9volutionnaires. Rencontrez certains d&#8217;entre eux et apprenez-en plus sur leurs r\u00e9alisations : https:\/\/nawa.gov.pl\/images\/zdjecia\/ResearchinPoland\/Science_in_Poland_v1.25a-www.pdf https:\/\/youtu.be\/DQY_WY46I20 Plus d\u2019informations : https:\/\/nawa.gov.pl\/en\/researchinpoland https:\/\/www.gov.pl\/web\/science https:\/\/poland.pl\/science\/famous-scientists\/","og_url":"https:\/\/instytutpolski.pl\/paris\/en-savoir-plus-sur-la-pologne\/lenseignement-en-pologne\/institutions-academiques\/","og_site_name":"Instytut Polski w Pary\u017cu","article_modified_time":"2020-06-02T15:30:32+00:00","twitter_card":"summary_large_image","schema":{"@context":"https:\/\/schema.org","@graph":[{"@type":"WebPage","@id":"https:\/\/instytutpolski.pl\/paris\/en-savoir-plus-sur-la-pologne\/lenseignement-en-pologne\/institutions-academiques\/","url":"https:\/\/instytutpolski.pl\/paris\/en-savoir-plus-sur-la-pologne\/lenseignement-en-pologne\/institutions-academiques\/","name":"La science en Pologne - Instytut Polski w Pary\u017cu","isPartOf":{"@id":"https:\/\/instytutpolski.pl\/paris\/#website"},"datePublished":"2019-06-24T09:38:31+00:00","dateModified":"2020-06-02T15:30:32+00:00","breadcrumb":{"@id":"https:\/\/instytutpolski.pl\/paris\/en-savoir-plus-sur-la-pologne\/lenseignement-en-pologne\/institutions-academiques\/#breadcrumb"},"inLanguage":"pl-PL","potentialAction":[{"@type":"ReadAction","target":["https:\/\/instytutpolski.pl\/paris\/en-savoir-plus-sur-la-pologne\/lenseignement-en-pologne\/institutions-academiques\/"]}]},{"@type":"BreadcrumbList","@id":"https:\/\/instytutpolski.pl\/paris\/en-savoir-plus-sur-la-pologne\/lenseignement-en-pologne\/institutions-academiques\/#breadcrumb","itemListElement":[{"@type":"ListItem","position":1,"name":"Home","item":"https:\/\/instytutpolski.pl\/paris\/"},{"@type":"ListItem","position":2,"name":"D\u00e9couvrez la Pologne","item":"https:\/\/instytutpolski.pl\/paris\/en-savoir-plus-sur-la-pologne\/"},{"@type":"ListItem","position":3,"name":"L\u2019enseignement en Pologne","item":"https:\/\/instytutpolski.pl\/paris\/en-savoir-plus-sur-la-pologne\/lenseignement-en-pologne\/"},{"@type":"ListItem","position":4,"name":"La science en Pologne"}]},{"@type":"WebSite","@id":"https:\/\/instytutpolski.pl\/paris\/#website","url":"https:\/\/instytutpolski.pl\/paris\/","name":"Instytut Polski w Pary\u017cu","description":"Instytuty Polskie","potentialAction":[{"@type":"SearchAction","target":{"@type":"EntryPoint","urlTemplate":"https:\/\/instytutpolski.pl\/paris\/?s={search_term_string}"},"query-input":{"@type":"PropertyValueSpecification","valueRequired":true,"valueName":"search_term_string"}}],"inLanguage":"pl-PL"}]}},"_links":{"self":[{"href":"https:\/\/instytutpolski.pl\/paris\/wp-json\/wp\/v2\/pages\/401","targetHints":{"allow":["GET"]}}],"collection":[{"href":"https:\/\/instytutpolski.pl\/paris\/wp-json\/wp\/v2\/pages"}],"about":[{"href":"https:\/\/instytutpolski.pl\/paris\/wp-json\/wp\/v2\/types\/page"}],"author":[{"embeddable":true,"href":"https:\/\/instytutpolski.pl\/paris\/wp-json\/wp\/v2\/users\/1"}],"replies":[{"embeddable":true,"href":"https:\/\/instytutpolski.pl\/paris\/wp-json\/wp\/v2\/comments?post=401"}],"version-history":[{"count":3,"href":"https:\/\/instytutpolski.pl\/paris\/wp-json\/wp\/v2\/pages\/401\/revisions"}],"predecessor-version":[{"id":787,"href":"https:\/\/instytutpolski.pl\/paris\/wp-json\/wp\/v2\/pages\/401\/revisions\/787"}],"up":[{"embeddable":true,"href":"https:\/\/instytutpolski.pl\/paris\/wp-json\/wp\/v2\/pages\/393"}],"wp:attachment":[{"href":"https:\/\/instytutpolski.pl\/paris\/wp-json\/wp\/v2\/media?parent=401"}],"curies":[{"name":"wp","href":"https:\/\/api.w.org\/{rel}","templated":true}]}}