{"id":427,"date":"2019-06-24T11:41:46","date_gmt":"2019-06-24T09:41:46","guid":{"rendered":"https:\/\/instytutpolski.pl\/paryz\/?page_id=427"},"modified":"2024-02-15T13:20:57","modified_gmt":"2024-02-15T12:20:57","slug":"stages","status":"publish","type":"page","link":"https:\/\/instytutpolski.pl\/paris\/a-propos-de-linstitut-polonais\/stages\/","title":{"rendered":"Stages"},"content":{"rendered":"\n<p class=\"has-medium-font-size\"><strong>L\u2019Institut Polonais de Paris recrute ses prochains stagiaires !<\/strong><\/p>\n\n\n\n<p>Si la culture polonaise vous passionne et que vous souhaitez contribuer \u00e0 l\u2019organisation de projets culturels franco-polonais tels que&nbsp;: un festival du cin\u00e9ma polonais \u00e0 Paris, des expositions d\u2019art, des concerts de musique, des rencontres litt\u00e9raires, et bien d\u2019autres, alors cette opportunit\u00e9 est faite pour vous. <\/p>\n\n\n\n<p>Les stagiaires ont la possibilit\u00e9 de contribuer activement \u00e0 un projet ou un \u00e9v\u00e8nement artistique de leur choix, provenant du programme de l\u2019Institut pour l\u2019ann\u00e9e actuelle.<\/p>\n\n\n\n<p>Nous proposons des stages non r\u00e9mun\u00e9r\u00e9s, d&#8217;une dur\u00e9e d&#8217;un \u00e0 trois mois, selon la disponibilit\u00e9 du candidat. <\/p>\n\n\n\n<p>Nos stagiaires ont l&#8217;occasion d&#8217;acqu\u00e9rir une exp\u00e9rience au sein d&#8217;une institution diplomatique culturelle en France, de d\u00e9couvrir les coulisses de l&#8217;organisation d&#8217;\u00e9v\u00e9nements culturels de A \u00e0 Z, ainsi que de se familiariser avec des formes de communication institutionnelle.<\/p>\n\n\n\n<p>Nous acceptons des candidats motiv\u00e9s, <strong>\u00e0 partir de la troisi\u00e8me ann\u00e9e de licence<\/strong>, de pr\u00e9f\u00e9rence bilingue franco-polonais.<\/p>\n\n\n\n<p>Pour candidater, vous pouvez nous envoyer d\u00e8s maintenant <strong>votre CV et lettre de motivation<\/strong> \u00e0 <a href=\"mailto:paris.info@instytutpolski.pl\">paris.info@instytutpolski.pl<\/a>.<\/p>\n","protected":false},"excerpt":{"rendered":"<p>L\u2019Institut Polonais de Paris recrute ses prochains stagiaires ! Si la culture polonaise vous passionne et que vous souhaitez contribuer \u00e0 l\u2019organisation de projets culturels franco-polonais tels que&nbsp;: un festival du cin\u00e9ma polonais \u00e0 Paris, des expositions d\u2019art, des concerts de musique, des rencontres litt\u00e9raires, et bien d\u2019autres, alors cette opportunit\u00e9 est faite pour vous. [&hellip;]<\/p>\n","protected":false},"author":1,"featured_media":5994,"parent":419,"menu_order":0,"comment_status":"closed","ping_status":"closed","template":"","meta":{"inline_featured_image":false,"_monsterinsights_skip_tracking":false,"_monsterinsights_sitenote_active":false,"_monsterinsights_sitenote_note":"","_monsterinsights_sitenote_category":0,"footnotes":""},"class_list":["post-427","page","type-page","status-publish","has-post-thumbnail","hentry"],"yoast_head":"<!-- This site is optimized with the Yoast SEO plugin v24.6 - https:\/\/yoast.com\/wordpress\/plugins\/seo\/ -->\n<title>Stages - Instytut Polski w Pary\u017cu<\/title>\n<meta name=\"robots\" content=\"index, follow, max-snippet:-1, max-image-preview:large, max-video-preview:-1\" \/>\n<link rel=\"canonical\" href=\"https:\/\/instytutpolski.pl\/paris\/a-propos-de-linstitut-polonais\/stages\/\" \/>\n<meta property=\"og:locale\" content=\"pl_PL\" \/>\n<meta property=\"og:type\" content=\"article\" \/>\n<meta property=\"og:title\" content=\"Stages - Instytut Polski w Pary\u017cu\" \/>\n<meta property=\"og:description\" content=\"L\u2019Institut Polonais de Paris recrute ses prochains stagiaires ! Si la culture polonaise vous passionne et que vous souhaitez contribuer \u00e0 l\u2019organisation de projets culturels franco-polonais tels que&nbsp;: un festival du cin\u00e9ma polonais \u00e0 Paris, des expositions d\u2019art, des concerts de musique, des rencontres litt\u00e9raires, et bien d\u2019autres, alors cette opportunit\u00e9 est faite pour vous. [&hellip;]\" \/>\n<meta property=\"og:url\" content=\"https:\/\/instytutpolski.pl\/paris\/a-propos-de-linstitut-polonais\/stages\/\" \/>\n<meta property=\"og:site_name\" content=\"Instytut Polski w Pary\u017cu\" \/>\n<meta property=\"article:modified_time\" content=\"2024-02-15T12:20:57+00:00\" \/>\n<meta property=\"og:image\" content=\"https:\/\/instytutpolski.pl\/paris\/wp-content\/uploads\/sites\/14\/2024\/02\/GGTpYRFX0AAIYKD-1-scaled.jpg\" \/>\n\t<meta property=\"og:image:width\" content=\"2560\" \/>\n\t<meta property=\"og:image:height\" content=\"639\" \/>\n\t<meta property=\"og:image:type\" content=\"image\/jpeg\" \/>\n<meta name=\"twitter:card\" content=\"summary_large_image\" \/>\n<meta name=\"twitter:label1\" content=\"Szacowany czas czytania\" \/>\n\t<meta name=\"twitter:data1\" content=\"2 minuty\" \/>\n<script type=\"application\/ld+json\" class=\"yoast-schema-graph\">{\"@context\":\"https:\/\/schema.org\",\"@graph\":[{\"@type\":\"WebPage\",\"@id\":\"https:\/\/instytutpolski.pl\/paris\/a-propos-de-linstitut-polonais\/stages\/\",\"url\":\"https:\/\/instytutpolski.pl\/paris\/a-propos-de-linstitut-polonais\/stages\/\",\"name\":\"Stages - Instytut Polski w Pary\u017cu\",\"isPartOf\":{\"@id\":\"https:\/\/instytutpolski.pl\/paris\/#website\"},\"primaryImageOfPage\":{\"@id\":\"https:\/\/instytutpolski.pl\/paris\/a-propos-de-linstitut-polonais\/stages\/#primaryimage\"},\"image\":{\"@id\":\"https:\/\/instytutpolski.pl\/paris\/a-propos-de-linstitut-polonais\/stages\/#primaryimage\"},\"thumbnailUrl\":\"https:\/\/instytutpolski.pl\/paris\/wp-content\/uploads\/sites\/14\/2024\/02\/GGTpYRFX0AAIYKD-1-scaled.jpg\",\"datePublished\":\"2019-06-24T09:41:46+00:00\",\"dateModified\":\"2024-02-15T12:20:57+00:00\",\"breadcrumb\":{\"@id\":\"https:\/\/instytutpolski.pl\/paris\/a-propos-de-linstitut-polonais\/stages\/#breadcrumb\"},\"inLanguage\":\"pl-PL\",\"potentialAction\":[{\"@type\":\"ReadAction\",\"target\":[\"https:\/\/instytutpolski.pl\/paris\/a-propos-de-linstitut-polonais\/stages\/\"]}]},{\"@type\":\"ImageObject\",\"inLanguage\":\"pl-PL\",\"@id\":\"https:\/\/instytutpolski.pl\/paris\/a-propos-de-linstitut-polonais\/stages\/#primaryimage\",\"url\":\"https:\/\/instytutpolski.pl\/paris\/wp-content\/uploads\/sites\/14\/2024\/02\/GGTpYRFX0AAIYKD-1-scaled.jpg\",\"contentUrl\":\"https:\/\/instytutpolski.pl\/paris\/wp-content\/uploads\/sites\/14\/2024\/02\/GGTpYRFX0AAIYKD-1-scaled.jpg\",\"width\":2560,\"height\":639},{\"@type\":\"BreadcrumbList\",\"@id\":\"https:\/\/instytutpolski.pl\/paris\/a-propos-de-linstitut-polonais\/stages\/#breadcrumb\",\"itemListElement\":[{\"@type\":\"ListItem\",\"position\":1,\"name\":\"Home\",\"item\":\"https:\/\/instytutpolski.pl\/paris\/\"},{\"@type\":\"ListItem\",\"position\":2,\"name\":\"\u00c0 propos de l&rsquo;Institut polonais\",\"item\":\"https:\/\/instytutpolski.pl\/paris\/a-propos-de-linstitut-polonais\/\"},{\"@type\":\"ListItem\",\"position\":3,\"name\":\"Stages\"}]},{\"@type\":\"WebSite\",\"@id\":\"https:\/\/instytutpolski.pl\/paris\/#website\",\"url\":\"https:\/\/instytutpolski.pl\/paris\/\",\"name\":\"Instytut Polski w Pary\u017cu\",\"description\":\"Instytuty Polskie\",\"potentialAction\":[{\"@type\":\"SearchAction\",\"target\":{\"@type\":\"EntryPoint\",\"urlTemplate\":\"https:\/\/instytutpolski.pl\/paris\/?s={search_term_string}\"},\"query-input\":{\"@type\":\"PropertyValueSpecification\",\"valueRequired\":true,\"valueName\":\"search_term_string\"}}],\"inLanguage\":\"pl-PL\"}]}<\/script>\n<!-- \/ Yoast SEO plugin. -->","yoast_head_json":{"title":"Stages - Instytut Polski w Pary\u017cu","robots":{"index":"index","follow":"follow","max-snippet":"max-snippet:-1","max-image-preview":"max-image-preview:large","max-video-preview":"max-video-preview:-1"},"canonical":"https:\/\/instytutpolski.pl\/paris\/a-propos-de-linstitut-polonais\/stages\/","og_locale":"pl_PL","og_type":"article","og_title":"Stages - Instytut Polski w Pary\u017cu","og_description":"L\u2019Institut Polonais de Paris recrute ses prochains stagiaires ! Si la culture polonaise vous passionne et que vous souhaitez contribuer \u00e0 l\u2019organisation de projets culturels franco-polonais tels que&nbsp;: un festival du cin\u00e9ma polonais \u00e0 Paris, des expositions d\u2019art, des concerts de musique, des rencontres litt\u00e9raires, et bien d\u2019autres, alors cette opportunit\u00e9 est faite pour vous. [&hellip;]","og_url":"https:\/\/instytutpolski.pl\/paris\/a-propos-de-linstitut-polonais\/stages\/","og_site_name":"Instytut Polski w Pary\u017cu","article_modified_time":"2024-02-15T12:20:57+00:00","og_image":[{"width":2560,"height":639,"url":"https:\/\/instytutpolski.pl\/paris\/wp-content\/uploads\/sites\/14\/2024\/02\/GGTpYRFX0AAIYKD-1-scaled.jpg","type":"image\/jpeg"}],"twitter_card":"summary_large_image","twitter_misc":{"Szacowany czas czytania":"2 minuty"},"schema":{"@context":"https:\/\/schema.org","@graph":[{"@type":"WebPage","@id":"https:\/\/instytutpolski.pl\/paris\/a-propos-de-linstitut-polonais\/stages\/","url":"https:\/\/instytutpolski.pl\/paris\/a-propos-de-linstitut-polonais\/stages\/","name":"Stages - Instytut Polski w Pary\u017cu","isPartOf":{"@id":"https:\/\/instytutpolski.pl\/paris\/#website"},"primaryImageOfPage":{"@id":"https:\/\/instytutpolski.pl\/paris\/a-propos-de-linstitut-polonais\/stages\/#primaryimage"},"image":{"@id":"https:\/\/instytutpolski.pl\/paris\/a-propos-de-linstitut-polonais\/stages\/#primaryimage"},"thumbnailUrl":"https:\/\/instytutpolski.pl\/paris\/wp-content\/uploads\/sites\/14\/2024\/02\/GGTpYRFX0AAIYKD-1-scaled.jpg","datePublished":"2019-06-24T09:41:46+00:00","dateModified":"2024-02-15T12:20:57+00:00","breadcrumb":{"@id":"https:\/\/instytutpolski.pl\/paris\/a-propos-de-linstitut-polonais\/stages\/#breadcrumb"},"inLanguage":"pl-PL","potentialAction":[{"@type":"ReadAction","target":["https:\/\/instytutpolski.pl\/paris\/a-propos-de-linstitut-polonais\/stages\/"]}]},{"@type":"ImageObject","inLanguage":"pl-PL","@id":"https:\/\/instytutpolski.pl\/paris\/a-propos-de-linstitut-polonais\/stages\/#primaryimage","url":"https:\/\/instytutpolski.pl\/paris\/wp-content\/uploads\/sites\/14\/2024\/02\/GGTpYRFX0AAIYKD-1-scaled.jpg","contentUrl":"https:\/\/instytutpolski.pl\/paris\/wp-content\/uploads\/sites\/14\/2024\/02\/GGTpYRFX0AAIYKD-1-scaled.jpg","width":2560,"height":639},{"@type":"BreadcrumbList","@id":"https:\/\/instytutpolski.pl\/paris\/a-propos-de-linstitut-polonais\/stages\/#breadcrumb","itemListElement":[{"@type":"ListItem","position":1,"name":"Home","item":"https:\/\/instytutpolski.pl\/paris\/"},{"@type":"ListItem","position":2,"name":"\u00c0 propos de l&rsquo;Institut polonais","item":"https:\/\/instytutpolski.pl\/paris\/a-propos-de-linstitut-polonais\/"},{"@type":"ListItem","position":3,"name":"Stages"}]},{"@type":"WebSite","@id":"https:\/\/instytutpolski.pl\/paris\/#website","url":"https:\/\/instytutpolski.pl\/paris\/","name":"Instytut Polski w Pary\u017cu","description":"Instytuty Polskie","potentialAction":[{"@type":"SearchAction","target":{"@type":"EntryPoint","urlTemplate":"https:\/\/instytutpolski.pl\/paris\/?s={search_term_string}"},"query-input":{"@type":"PropertyValueSpecification","valueRequired":true,"valueName":"search_term_string"}}],"inLanguage":"pl-PL"}]}},"_links":{"self":[{"href":"https:\/\/instytutpolski.pl\/paris\/wp-json\/wp\/v2\/pages\/427","targetHints":{"allow":["GET"]}}],"collection":[{"href":"https:\/\/instytutpolski.pl\/paris\/wp-json\/wp\/v2\/pages"}],"about":[{"href":"https:\/\/instytutpolski.pl\/paris\/wp-json\/wp\/v2\/types\/page"}],"author":[{"embeddable":true,"href":"https:\/\/instytutpolski.pl\/paris\/wp-json\/wp\/v2\/users\/1"}],"replies":[{"embeddable":true,"href":"https:\/\/instytutpolski.pl\/paris\/wp-json\/wp\/v2\/comments?post=427"}],"version-history":[{"count":12,"href":"https:\/\/instytutpolski.pl\/paris\/wp-json\/wp\/v2\/pages\/427\/revisions"}],"predecessor-version":[{"id":5998,"href":"https:\/\/instytutpolski.pl\/paris\/wp-json\/wp\/v2\/pages\/427\/revisions\/5998"}],"up":[{"embeddable":true,"href":"https:\/\/instytutpolski.pl\/paris\/wp-json\/wp\/v2\/pages\/419"}],"wp:featuredmedia":[{"embeddable":true,"href":"https:\/\/instytutpolski.pl\/paris\/wp-json\/wp\/v2\/media\/5994"}],"wp:attachment":[{"href":"https:\/\/instytutpolski.pl\/paris\/wp-json\/wp\/v2\/media?parent=427"}],"curies":[{"name":"wp","href":"https:\/\/api.w.org\/{rel}","templated":true}]}}