{"id":435,"date":"2019-06-24T11:42:50","date_gmt":"2019-06-24T09:42:50","guid":{"rendered":"https:\/\/instytutpolski.pl\/paryz\/?page_id=435"},"modified":"2024-09-24T10:47:53","modified_gmt":"2024-09-24T08:47:53","slug":"institutions","status":"publish","type":"page","link":"https:\/\/instytutpolski.pl\/paris\/a-propos-de-linstitut-polonais\/cooperation\/institutions\/","title":{"rendered":"Informations g\u00e9n\u00e9rales"},"content":{"rendered":"<div class=\"tytul-box\">\n<h2>Culture en Pologne<\/h2>\n<p>Culture.pl, le site internet cr\u00e9\u00e9 en 2001 par l\u2019Institut d\u2019Adam Mickiewicz \u00e0 Varsovie, vous permettra de vous tenir au courant de l\u2019actualit\u00e9 de la culture polonaise dans le monde entier. Par ailleurs, vous y trouverez une riche base des biographies d\u2019artistes, d\u2019auteurs ou encore de cin\u00e9astes. Pour plus d\u2019informations sur l\u2019actualit\u00e9 de la culture polonaise, consultez :\u00a0<a href=\"http:\/\/www.culture.pl\/en\/culture\/\">www.culture.pl\/en\/culture\/<\/a><\/p>\n<\/div>\n<p><span style=\"font-weight: 400\">Partez \u00e0 la rencontre de la Pologne en consultant aussi les autres liens ci-dessous qui vous pr\u00e9senterons diff\u00e9rents aspects de la culture polonaise.\u00a0<\/span><\/p>\n<p><span style=\"font-weight: 400\">Site de l\u2019institut Pileckiego : <\/span><a href=\"https:\/\/instytutpileckiego.pl\/en?setlang=1\"><span style=\"font-weight: 400\">https:\/\/instytutpileckiego.pl\/en?setlang=1<\/span><\/a><\/p>\n<div class=\"tytul-box\">\n<h2>Visiter la Pologne<\/h2>\n<p>Vous ne connaissez pas encore la Pologne?<br \/>\nL\u2019Organisation Polonaise de Tourisme de Paris vous aidera \u00e0 planifier votre voyage.<\/p>\n<p>Office National Polonais de Tourisme<br \/>\n10, rue Saint-Augustin<br \/>\n75002 Paris<br \/>\ntel.\u00a0\u00a0 (33) 1 42 44 19 00<br \/>\nfax.\u00a0 (33) 1 42 97 52 25<br \/>\nE-mail: <a href=\"mailto:info.fr@pologne.travel\"><span style=\"font-weight: 400\">info.fr@pologne.travel<\/span><\/a><\/p>\n<p>Directeur : Tomasz RUDOMINO<\/p>\n<p>Pour plus d\u2019informations concernant le tourisme en Pologne, consultez :\u00a0<a href=\"http:\/\/www.pologne.travel\/fr\/\">www.pologne.travel\/fr\/<\/a><\/p>\n<\/div>\n<p><span style=\"font-weight: 400\">\u00a0<\/span><\/p>\n<p><span style=\"font-weight: 400\">Un autre site, fran\u00e7ais, qui pourrait vous aidez \u00e0 bien pr\u00e9parer votre voyage en Pologne:<\/span><\/p>\n<p><span style=\"font-weight: 400\">Site du routard :\u00a0<a href=\"https:\/\/www.routard.com\/fr\/guide\/europe\/pologne\">https:\/\/www.routard.com\/fr\/guide\/europe\/pologne<\/a><\/span><\/p>\n<div class=\"tytul-box\"><\/div>\n<div class=\"tekst-box lg-pdd-reset col-xs-12 col-sm-12 col-md-12 col-lg-12\">\n<h2><\/h2>\n<\/div>\n","protected":false},"excerpt":{"rendered":"<p>Culture en Pologne Culture.pl, le site internet cr\u00e9\u00e9 en 2001 par l\u2019Institut d\u2019Adam Mickiewicz \u00e0 Varsovie, vous permettra de vous tenir au courant de l\u2019actualit\u00e9 de la culture polonaise dans le monde entier. Par ailleurs, vous y trouverez une riche base des biographies d\u2019artistes, d\u2019auteurs ou encore de cin\u00e9astes. Pour plus d\u2019informations sur l\u2019actualit\u00e9 de [&hellip;]<\/p>\n","protected":false},"author":1,"featured_media":0,"parent":431,"menu_order":0,"comment_status":"closed","ping_status":"closed","template":"","meta":{"inline_featured_image":false,"_monsterinsights_skip_tracking":false,"_monsterinsights_sitenote_active":false,"_monsterinsights_sitenote_note":"","_monsterinsights_sitenote_category":0,"footnotes":""},"class_list":["post-435","page","type-page","status-publish","hentry"],"yoast_head":"<!-- This site is optimized with the Yoast SEO plugin v24.6 - https:\/\/yoast.com\/wordpress\/plugins\/seo\/ -->\n<title>Informations g\u00e9n\u00e9rales - Instytut Polski w Pary\u017cu<\/title>\n<meta name=\"robots\" content=\"index, follow, max-snippet:-1, max-image-preview:large, max-video-preview:-1\" \/>\n<link rel=\"canonical\" href=\"https:\/\/instytutpolski.pl\/paris\/a-propos-de-linstitut-polonais\/cooperation\/institutions\/\" \/>\n<meta property=\"og:locale\" content=\"pl_PL\" \/>\n<meta property=\"og:type\" content=\"article\" \/>\n<meta property=\"og:title\" content=\"Informations g\u00e9n\u00e9rales - Instytut Polski w Pary\u017cu\" \/>\n<meta property=\"og:description\" content=\"Culture en Pologne Culture.pl, le site internet cr\u00e9\u00e9 en 2001 par l\u2019Institut d\u2019Adam Mickiewicz \u00e0 Varsovie, vous permettra de vous tenir au courant de l\u2019actualit\u00e9 de la culture polonaise dans le monde entier. Par ailleurs, vous y trouverez une riche base des biographies d\u2019artistes, d\u2019auteurs ou encore de cin\u00e9astes. Pour plus d\u2019informations sur l\u2019actualit\u00e9 de [&hellip;]\" \/>\n<meta property=\"og:url\" content=\"https:\/\/instytutpolski.pl\/paris\/a-propos-de-linstitut-polonais\/cooperation\/institutions\/\" \/>\n<meta property=\"og:site_name\" content=\"Instytut Polski w Pary\u017cu\" \/>\n<meta property=\"article:modified_time\" content=\"2024-09-24T08:47:53+00:00\" \/>\n<meta name=\"twitter:card\" content=\"summary_large_image\" \/>\n<meta name=\"twitter:label1\" content=\"Szacowany czas czytania\" \/>\n\t<meta name=\"twitter:data1\" content=\"2 minuty\" \/>\n<script type=\"application\/ld+json\" class=\"yoast-schema-graph\">{\"@context\":\"https:\/\/schema.org\",\"@graph\":[{\"@type\":\"WebPage\",\"@id\":\"https:\/\/instytutpolski.pl\/paris\/a-propos-de-linstitut-polonais\/cooperation\/institutions\/\",\"url\":\"https:\/\/instytutpolski.pl\/paris\/a-propos-de-linstitut-polonais\/cooperation\/institutions\/\",\"name\":\"Informations g\u00e9n\u00e9rales - Instytut Polski w Pary\u017cu\",\"isPartOf\":{\"@id\":\"https:\/\/instytutpolski.pl\/paris\/#website\"},\"datePublished\":\"2019-06-24T09:42:50+00:00\",\"dateModified\":\"2024-09-24T08:47:53+00:00\",\"breadcrumb\":{\"@id\":\"https:\/\/instytutpolski.pl\/paris\/a-propos-de-linstitut-polonais\/cooperation\/institutions\/#breadcrumb\"},\"inLanguage\":\"pl-PL\",\"potentialAction\":[{\"@type\":\"ReadAction\",\"target\":[\"https:\/\/instytutpolski.pl\/paris\/a-propos-de-linstitut-polonais\/cooperation\/institutions\/\"]}]},{\"@type\":\"BreadcrumbList\",\"@id\":\"https:\/\/instytutpolski.pl\/paris\/a-propos-de-linstitut-polonais\/cooperation\/institutions\/#breadcrumb\",\"itemListElement\":[{\"@type\":\"ListItem\",\"position\":1,\"name\":\"Home\",\"item\":\"https:\/\/instytutpolski.pl\/paris\/\"},{\"@type\":\"ListItem\",\"position\":2,\"name\":\"\u00c0 propos de l&rsquo;Institut polonais\",\"item\":\"https:\/\/instytutpolski.pl\/paris\/a-propos-de-linstitut-polonais\/\"},{\"@type\":\"ListItem\",\"position\":3,\"name\":\"Langue\",\"item\":\"https:\/\/instytutpolski.pl\/paris\/a-propos-de-linstitut-polonais\/cooperation\/\"},{\"@type\":\"ListItem\",\"position\":4,\"name\":\"Informations g\u00e9n\u00e9rales\"}]},{\"@type\":\"WebSite\",\"@id\":\"https:\/\/instytutpolski.pl\/paris\/#website\",\"url\":\"https:\/\/instytutpolski.pl\/paris\/\",\"name\":\"Instytut Polski w Pary\u017cu\",\"description\":\"Instytuty Polskie\",\"potentialAction\":[{\"@type\":\"SearchAction\",\"target\":{\"@type\":\"EntryPoint\",\"urlTemplate\":\"https:\/\/instytutpolski.pl\/paris\/?s={search_term_string}\"},\"query-input\":{\"@type\":\"PropertyValueSpecification\",\"valueRequired\":true,\"valueName\":\"search_term_string\"}}],\"inLanguage\":\"pl-PL\"}]}<\/script>\n<!-- \/ Yoast SEO plugin. -->","yoast_head_json":{"title":"Informations g\u00e9n\u00e9rales - Instytut Polski w Pary\u017cu","robots":{"index":"index","follow":"follow","max-snippet":"max-snippet:-1","max-image-preview":"max-image-preview:large","max-video-preview":"max-video-preview:-1"},"canonical":"https:\/\/instytutpolski.pl\/paris\/a-propos-de-linstitut-polonais\/cooperation\/institutions\/","og_locale":"pl_PL","og_type":"article","og_title":"Informations g\u00e9n\u00e9rales - Instytut Polski w Pary\u017cu","og_description":"Culture en Pologne Culture.pl, le site internet cr\u00e9\u00e9 en 2001 par l\u2019Institut d\u2019Adam Mickiewicz \u00e0 Varsovie, vous permettra de vous tenir au courant de l\u2019actualit\u00e9 de la culture polonaise dans le monde entier. Par ailleurs, vous y trouverez une riche base des biographies d\u2019artistes, d\u2019auteurs ou encore de cin\u00e9astes. Pour plus d\u2019informations sur l\u2019actualit\u00e9 de [&hellip;]","og_url":"https:\/\/instytutpolski.pl\/paris\/a-propos-de-linstitut-polonais\/cooperation\/institutions\/","og_site_name":"Instytut Polski w Pary\u017cu","article_modified_time":"2024-09-24T08:47:53+00:00","twitter_card":"summary_large_image","twitter_misc":{"Szacowany czas czytania":"2 minuty"},"schema":{"@context":"https:\/\/schema.org","@graph":[{"@type":"WebPage","@id":"https:\/\/instytutpolski.pl\/paris\/a-propos-de-linstitut-polonais\/cooperation\/institutions\/","url":"https:\/\/instytutpolski.pl\/paris\/a-propos-de-linstitut-polonais\/cooperation\/institutions\/","name":"Informations g\u00e9n\u00e9rales - Instytut Polski w Pary\u017cu","isPartOf":{"@id":"https:\/\/instytutpolski.pl\/paris\/#website"},"datePublished":"2019-06-24T09:42:50+00:00","dateModified":"2024-09-24T08:47:53+00:00","breadcrumb":{"@id":"https:\/\/instytutpolski.pl\/paris\/a-propos-de-linstitut-polonais\/cooperation\/institutions\/#breadcrumb"},"inLanguage":"pl-PL","potentialAction":[{"@type":"ReadAction","target":["https:\/\/instytutpolski.pl\/paris\/a-propos-de-linstitut-polonais\/cooperation\/institutions\/"]}]},{"@type":"BreadcrumbList","@id":"https:\/\/instytutpolski.pl\/paris\/a-propos-de-linstitut-polonais\/cooperation\/institutions\/#breadcrumb","itemListElement":[{"@type":"ListItem","position":1,"name":"Home","item":"https:\/\/instytutpolski.pl\/paris\/"},{"@type":"ListItem","position":2,"name":"\u00c0 propos de l&rsquo;Institut polonais","item":"https:\/\/instytutpolski.pl\/paris\/a-propos-de-linstitut-polonais\/"},{"@type":"ListItem","position":3,"name":"Langue","item":"https:\/\/instytutpolski.pl\/paris\/a-propos-de-linstitut-polonais\/cooperation\/"},{"@type":"ListItem","position":4,"name":"Informations g\u00e9n\u00e9rales"}]},{"@type":"WebSite","@id":"https:\/\/instytutpolski.pl\/paris\/#website","url":"https:\/\/instytutpolski.pl\/paris\/","name":"Instytut Polski w Pary\u017cu","description":"Instytuty Polskie","potentialAction":[{"@type":"SearchAction","target":{"@type":"EntryPoint","urlTemplate":"https:\/\/instytutpolski.pl\/paris\/?s={search_term_string}"},"query-input":{"@type":"PropertyValueSpecification","valueRequired":true,"valueName":"search_term_string"}}],"inLanguage":"pl-PL"}]}},"_links":{"self":[{"href":"https:\/\/instytutpolski.pl\/paris\/wp-json\/wp\/v2\/pages\/435","targetHints":{"allow":["GET"]}}],"collection":[{"href":"https:\/\/instytutpolski.pl\/paris\/wp-json\/wp\/v2\/pages"}],"about":[{"href":"https:\/\/instytutpolski.pl\/paris\/wp-json\/wp\/v2\/types\/page"}],"author":[{"embeddable":true,"href":"https:\/\/instytutpolski.pl\/paris\/wp-json\/wp\/v2\/users\/1"}],"replies":[{"embeddable":true,"href":"https:\/\/instytutpolski.pl\/paris\/wp-json\/wp\/v2\/comments?post=435"}],"version-history":[{"count":12,"href":"https:\/\/instytutpolski.pl\/paris\/wp-json\/wp\/v2\/pages\/435\/revisions"}],"predecessor-version":[{"id":8049,"href":"https:\/\/instytutpolski.pl\/paris\/wp-json\/wp\/v2\/pages\/435\/revisions\/8049"}],"up":[{"embeddable":true,"href":"https:\/\/instytutpolski.pl\/paris\/wp-json\/wp\/v2\/pages\/431"}],"wp:attachment":[{"href":"https:\/\/instytutpolski.pl\/paris\/wp-json\/wp\/v2\/media?parent=435"}],"curies":[{"name":"wp","href":"https:\/\/api.w.org\/{rel}","templated":true}]}}