{"id":459,"date":"2019-06-26T11:17:49","date_gmt":"2019-06-26T09:17:49","guid":{"rendered":"https:\/\/instytutpolski.pl\/petersburg\/?page_id=459"},"modified":"2022-03-11T12:58:11","modified_gmt":"2022-03-11T11:58:11","slug":"lektoraty-jezyka-polskiego-na-uczelniach","status":"publish","type":"page","link":"https:\/\/instytutpolski.pl\/petersburg\/pl\/jezyk-polski\/lektoraty-jezyka-polskiego-na-uczelniach\/","title":{"rendered":"Lektoraty j\u0119zyka polskiego na uczelniach"},"content":{"rendered":"\n<p>W roku akademickim 2020\/2021 IP finansowa\u0142 prowadzenie lektorat\u00f3w na wy\u017cszych uczelniach.<\/p>\n\n\n\n<p><strong>Uniwersytet Europejski w Sankt Petersburgu<\/strong><\/p>\n\n\n\n<p>Lektorat na poziomie A1\/A2, A2\/B1 I B1\/B2<\/p>\n\n\n\n<p>Lektorka:  Aleksandra Rusek<\/p>\n\n\n\n<p><strong>Uniwersytet Pedagogiczny im. A. Hercena w Sankt Petersburgu<\/strong><\/p>\n\n\n\n<p>Lektorat na poziomie A1 i B1<\/p>\n\n\n\n<p>Lektorka: dr Olga Guseva<\/p>\n\n\n\n<p>* Kursy <em>j\u0119zyka polskiego i kultury polskiej by\u0142y przeznaczone s\u0105 tylko dla student\u00f3w tej uczelni.<\/em><\/p>\n\n\n\n<p><strong>Uniwersytet Ekonomiczny w Sankt Petersburgu<\/strong><\/p>\n\n\n\n<p>Lektorat na poziomie A1 i B1<\/p>\n\n\n\n<p>Lektorka: dr Olga Guseva<\/p>\n\n\n\n<p><strong>Akademia Teatralna w Sankt Petersburgu<\/strong><\/p>\n\n\n\n<p>Lektorat na poziomie A1, A2 i B2<\/p>\n\n\n\n<p>Lektorka: Magdalena Skibicka<\/p>\n\n\n\n<p><strong>Biblioteka Naukowa w Archangielsku<\/strong><\/p>\n\n\n\n<p>Lektorat na poziomie A1<\/p>\n\n\n\n<p>Lektorka: Wiktoria Sobolewa<\/p>\n\n\n\n<p>Informacja: v.soboleva@narfu.ru<\/p>\n","protected":false},"excerpt":{"rendered":"<p>W roku akademickim 2020\/2021 IP finansowa\u0142 prowadzenie lektorat\u00f3w na wy\u017cszych uczelniach. Uniwersytet Europejski w Sankt Petersburgu Lektorat na poziomie A1\/A2, A2\/B1 I B1\/B2 Lektorka: Aleksandra Rusek Uniwersytet Pedagogiczny im. A. Hercena w Sankt Petersburgu Lektorat na poziomie A1 i B1 Lektorka: dr Olga Guseva * Kursy j\u0119zyka polskiego i kultury polskiej by\u0142y przeznaczone s\u0105 tylko [&hellip;]<\/p>\n","protected":false},"author":1,"featured_media":0,"parent":441,"menu_order":0,"comment_status":"closed","ping_status":"closed","template":"","meta":{"inline_featured_image":false,"_monsterinsights_skip_tracking":false,"_monsterinsights_sitenote_active":false,"_monsterinsights_sitenote_note":"","_monsterinsights_sitenote_category":0,"footnotes":""},"class_list":["post-459","page","type-page","status-publish","hentry"],"yoast_head":"<!-- This site is optimized with the Yoast SEO plugin v24.6 - https:\/\/yoast.com\/wordpress\/plugins\/seo\/ -->\n<title>Lektoraty j\u0119zyka polskiego na uczelniach - Instytut Polski w Petersburgu<\/title>\n<meta name=\"robots\" content=\"noindex, follow, max-snippet:-1, max-image-preview:large, max-video-preview:-1\" \/>\n<meta property=\"og:locale\" content=\"pl_PL\" \/>\n<meta property=\"og:type\" content=\"article\" \/>\n<meta property=\"og:title\" content=\"Lektoraty j\u0119zyka polskiego na uczelniach - Instytut Polski w Petersburgu\" \/>\n<meta property=\"og:description\" content=\"W roku akademickim 2020\/2021 IP finansowa\u0142 prowadzenie lektorat\u00f3w na wy\u017cszych uczelniach. Uniwersytet Europejski w Sankt Petersburgu Lektorat na poziomie A1\/A2, A2\/B1 I B1\/B2 Lektorka: Aleksandra Rusek Uniwersytet Pedagogiczny im. A. Hercena w Sankt Petersburgu Lektorat na poziomie A1 i B1 Lektorka: dr Olga Guseva * Kursy j\u0119zyka polskiego i kultury polskiej by\u0142y przeznaczone s\u0105 tylko [&hellip;]\" \/>\n<meta property=\"og:url\" content=\"https:\/\/instytutpolski.pl\/petersburg\/pl\/jezyk-polski\/lektoraty-jezyka-polskiego-na-uczelniach\/\" \/>\n<meta property=\"og:site_name\" content=\"Instytut Polski w Petersburgu\" \/>\n<meta property=\"article:modified_time\" content=\"2022-03-11T11:58:11+00:00\" \/>\n<meta name=\"twitter:card\" content=\"summary_large_image\" \/>\n<meta name=\"twitter:label1\" content=\"Szacowany czas czytania\" \/>\n\t<meta name=\"twitter:data1\" content=\"1 minuta\" \/>\n<script type=\"application\/ld+json\" class=\"yoast-schema-graph\">{\"@context\":\"https:\/\/schema.org\",\"@graph\":[{\"@type\":\"WebPage\",\"@id\":\"https:\/\/instytutpolski.pl\/petersburg\/pl\/jezyk-polski\/lektoraty-jezyka-polskiego-na-uczelniach\/\",\"url\":\"https:\/\/instytutpolski.pl\/petersburg\/pl\/jezyk-polski\/lektoraty-jezyka-polskiego-na-uczelniach\/\",\"name\":\"Lektoraty j\u0119zyka polskiego na uczelniach - Instytut Polski w Petersburgu\",\"isPartOf\":{\"@id\":\"https:\/\/instytutpolski.pl\/petersburg\/#website\"},\"datePublished\":\"2019-06-26T09:17:49+00:00\",\"dateModified\":\"2022-03-11T11:58:11+00:00\",\"breadcrumb\":{\"@id\":\"https:\/\/instytutpolski.pl\/petersburg\/pl\/jezyk-polski\/lektoraty-jezyka-polskiego-na-uczelniach\/#breadcrumb\"},\"inLanguage\":\"pl-PL\",\"potentialAction\":[{\"@type\":\"ReadAction\",\"target\":[\"https:\/\/instytutpolski.pl\/petersburg\/pl\/jezyk-polski\/lektoraty-jezyka-polskiego-na-uczelniach\/\"]}]},{\"@type\":\"BreadcrumbList\",\"@id\":\"https:\/\/instytutpolski.pl\/petersburg\/pl\/jezyk-polski\/lektoraty-jezyka-polskiego-na-uczelniach\/#breadcrumb\",\"itemListElement\":[{\"@type\":\"ListItem\",\"position\":1,\"name\":\"Home\",\"item\":\"https:\/\/instytutpolski.pl\/petersburg\/\"},{\"@type\":\"ListItem\",\"position\":2,\"name\":\"J\u0119zyk polski\",\"item\":\"https:\/\/instytutpolski.pl\/petersburg\/pl\/jezyk-polski\/\"},{\"@type\":\"ListItem\",\"position\":3,\"name\":\"Lektoraty j\u0119zyka polskiego na uczelniach\"}]},{\"@type\":\"WebSite\",\"@id\":\"https:\/\/instytutpolski.pl\/petersburg\/#website\",\"url\":\"https:\/\/instytutpolski.pl\/petersburg\/\",\"name\":\"Instytut Polski w Petersburgu\",\"description\":\"Instytuty Polskie\",\"potentialAction\":[{\"@type\":\"SearchAction\",\"target\":{\"@type\":\"EntryPoint\",\"urlTemplate\":\"https:\/\/instytutpolski.pl\/petersburg\/?s={search_term_string}\"},\"query-input\":{\"@type\":\"PropertyValueSpecification\",\"valueRequired\":true,\"valueName\":\"search_term_string\"}}],\"inLanguage\":\"pl-PL\"}]}<\/script>\n<!-- \/ Yoast SEO plugin. -->","yoast_head_json":{"title":"Lektoraty j\u0119zyka polskiego na uczelniach - Instytut Polski w Petersburgu","robots":{"index":"noindex","follow":"follow","max-snippet":"max-snippet:-1","max-image-preview":"max-image-preview:large","max-video-preview":"max-video-preview:-1"},"og_locale":"pl_PL","og_type":"article","og_title":"Lektoraty j\u0119zyka polskiego na uczelniach - Instytut Polski w Petersburgu","og_description":"W roku akademickim 2020\/2021 IP finansowa\u0142 prowadzenie lektorat\u00f3w na wy\u017cszych uczelniach. Uniwersytet Europejski w Sankt Petersburgu Lektorat na poziomie A1\/A2, A2\/B1 I B1\/B2 Lektorka: Aleksandra Rusek Uniwersytet Pedagogiczny im. A. Hercena w Sankt Petersburgu Lektorat na poziomie A1 i B1 Lektorka: dr Olga Guseva * Kursy j\u0119zyka polskiego i kultury polskiej by\u0142y przeznaczone s\u0105 tylko [&hellip;]","og_url":"https:\/\/instytutpolski.pl\/petersburg\/pl\/jezyk-polski\/lektoraty-jezyka-polskiego-na-uczelniach\/","og_site_name":"Instytut Polski w Petersburgu","article_modified_time":"2022-03-11T11:58:11+00:00","twitter_card":"summary_large_image","twitter_misc":{"Szacowany czas czytania":"1 minuta"},"schema":{"@context":"https:\/\/schema.org","@graph":[{"@type":"WebPage","@id":"https:\/\/instytutpolski.pl\/petersburg\/pl\/jezyk-polski\/lektoraty-jezyka-polskiego-na-uczelniach\/","url":"https:\/\/instytutpolski.pl\/petersburg\/pl\/jezyk-polski\/lektoraty-jezyka-polskiego-na-uczelniach\/","name":"Lektoraty j\u0119zyka polskiego na uczelniach - Instytut Polski w Petersburgu","isPartOf":{"@id":"https:\/\/instytutpolski.pl\/petersburg\/#website"},"datePublished":"2019-06-26T09:17:49+00:00","dateModified":"2022-03-11T11:58:11+00:00","breadcrumb":{"@id":"https:\/\/instytutpolski.pl\/petersburg\/pl\/jezyk-polski\/lektoraty-jezyka-polskiego-na-uczelniach\/#breadcrumb"},"inLanguage":"pl-PL","potentialAction":[{"@type":"ReadAction","target":["https:\/\/instytutpolski.pl\/petersburg\/pl\/jezyk-polski\/lektoraty-jezyka-polskiego-na-uczelniach\/"]}]},{"@type":"BreadcrumbList","@id":"https:\/\/instytutpolski.pl\/petersburg\/pl\/jezyk-polski\/lektoraty-jezyka-polskiego-na-uczelniach\/#breadcrumb","itemListElement":[{"@type":"ListItem","position":1,"name":"Home","item":"https:\/\/instytutpolski.pl\/petersburg\/"},{"@type":"ListItem","position":2,"name":"J\u0119zyk polski","item":"https:\/\/instytutpolski.pl\/petersburg\/pl\/jezyk-polski\/"},{"@type":"ListItem","position":3,"name":"Lektoraty j\u0119zyka polskiego na uczelniach"}]},{"@type":"WebSite","@id":"https:\/\/instytutpolski.pl\/petersburg\/#website","url":"https:\/\/instytutpolski.pl\/petersburg\/","name":"Instytut Polski w Petersburgu","description":"Instytuty Polskie","potentialAction":[{"@type":"SearchAction","target":{"@type":"EntryPoint","urlTemplate":"https:\/\/instytutpolski.pl\/petersburg\/?s={search_term_string}"},"query-input":{"@type":"PropertyValueSpecification","valueRequired":true,"valueName":"search_term_string"}}],"inLanguage":"pl-PL"}]}},"_links":{"self":[{"href":"https:\/\/instytutpolski.pl\/petersburg\/wp-json\/wp\/v2\/pages\/459","targetHints":{"allow":["GET"]}}],"collection":[{"href":"https:\/\/instytutpolski.pl\/petersburg\/wp-json\/wp\/v2\/pages"}],"about":[{"href":"https:\/\/instytutpolski.pl\/petersburg\/wp-json\/wp\/v2\/types\/page"}],"author":[{"embeddable":true,"href":"https:\/\/instytutpolski.pl\/petersburg\/wp-json\/wp\/v2\/users\/1"}],"replies":[{"embeddable":true,"href":"https:\/\/instytutpolski.pl\/petersburg\/wp-json\/wp\/v2\/comments?post=459"}],"version-history":[{"count":6,"href":"https:\/\/instytutpolski.pl\/petersburg\/wp-json\/wp\/v2\/pages\/459\/revisions"}],"predecessor-version":[{"id":4834,"href":"https:\/\/instytutpolski.pl\/petersburg\/wp-json\/wp\/v2\/pages\/459\/revisions\/4834"}],"up":[{"embeddable":true,"href":"https:\/\/instytutpolski.pl\/petersburg\/wp-json\/wp\/v2\/pages\/441"}],"wp:attachment":[{"href":"https:\/\/instytutpolski.pl\/petersburg\/wp-json\/wp\/v2\/media?parent=459"}],"curies":[{"name":"wp","href":"https:\/\/api.w.org\/{rel}","templated":true}]}}