{"version":"1.0","provider_name":"Instytut Polski w Pradze","provider_url":"https:\/\/instytutpolski.pl\/praha","author_name":"rohanovaj","author_url":"https:\/\/instytutpolski.pl\/praha\/author\/rohanovaj\/","title":"Tvo\u0159\u00edme zahradu: v\u00fdtvarn\u00fd workshop pro d\u011bti - Instytut Polski w Pradze","type":"rich","width":600,"height":338,"html":"<blockquote class=\"wp-embedded-content\" data-secret=\"zYJPVNicUH\"><a href=\"https:\/\/instytutpolski.pl\/praha\/2022\/02\/15\/tvorime-zahradu-vytvarny-workshop-pro-deti\/\">Tvo\u0159\u00edme zahradu: v\u00fdtvarn\u00fd workshop pro d\u011bti<\/a><\/blockquote><iframe sandbox=\"allow-scripts\" security=\"restricted\" src=\"https:\/\/instytutpolski.pl\/praha\/2022\/02\/15\/tvorime-zahradu-vytvarny-workshop-pro-deti\/embed\/#?secret=zYJPVNicUH\" width=\"600\" height=\"338\" title=\"&#8222;Tvo\u0159\u00edme zahradu: v\u00fdtvarn\u00fd workshop pro d\u011bti&#8221; &#8212; Instytut Polski w Pradze\" data-secret=\"zYJPVNicUH\" frameborder=\"0\" marginwidth=\"0\" marginheight=\"0\" scrolling=\"no\" class=\"wp-embedded-content\"><\/iframe><script type=\"text\/javascript\">\n\/* <![CDATA[ *\/\n\/*! This file is auto-generated *\/\n!function(d,l){\"use strict\";l.querySelector&&d.addEventListener&&\"undefined\"!=typeof URL&&(d.wp=d.wp||{},d.wp.receiveEmbedMessage||(d.wp.receiveEmbedMessage=function(e){var t=e.data;if((t||t.secret||t.message||t.value)&&!\/[^a-zA-Z0-9]\/.test(t.secret)){for(var s,r,n,a=l.querySelectorAll('iframe[data-secret=\"'+t.secret+'\"]'),o=l.querySelectorAll('blockquote[data-secret=\"'+t.secret+'\"]'),c=new RegExp(\"^https?:$\",\"i\"),i=0;i<o.length;i++)o[i].style.display=\"none\";for(i=0;i<a.length;i++)s=a[i],e.source===s.contentWindow&&(s.removeAttribute(\"style\"),\"height\"===t.message?(1e3<(r=parseInt(t.value,10))?r=1e3:~~r<200&&(r=200),s.height=r):\"link\"===t.message&&(r=new URL(s.getAttribute(\"src\")),n=new URL(t.value),c.test(n.protocol))&&n.host===r.host&&l.activeElement===s&&(d.top.location.href=t.value))}},d.addEventListener(\"message\",d.wp.receiveEmbedMessage,!1),l.addEventListener(\"DOMContentLoaded\",function(){for(var e,t,s=l.querySelectorAll(\"iframe.wp-embedded-content\"),r=0;r<s.length;r++)(t=(e=s[r]).getAttribute(\"data-secret\"))||(t=Math.random().toString(36).substring(2,12),e.src+=\"#?secret=\"+t,e.setAttribute(\"data-secret\",t)),e.contentWindow.postMessage({message:\"ready\",secret:t},\"*\")},!1)))}(window,document);\n\/* ]]> *\/\n<\/script>\n","thumbnail_url":"https:\/\/instytutpolski.pl\/praha\/wp-content\/uploads\/sites\/10\/2022\/02\/zahrada.jpg","thumbnail_width":2450,"thumbnail_height":2452,"description":"31. 3. v 16.00 Vy\u010darujeme zelenou zahradu na b\u00edl\u00e9m pap\u00ed\u0159e! M\u00e1te r\u00e1di cesti\u010dky podle prav\u00edtka, nebo svobodn\u00e9 bujen\u00ed v\u0161eho, co roste? A v\u00edte, jak na zahradu p\u0159il\u00e1kat t\u0159eba v\u010dely? Staneme se zahradn\u00edky, ani\u017e bychom se umazali od hl\u00edny! Doprovodn\u00fd program v\u00fdstavy Listuj sv\u011btem.&nbsp; Pro d\u011bti od 6 do 12 let. Galerie Za Rohem, M\u011bstsk\u00e1 knihovna [&hellip;]"}

Tvoříme zahradu: výtvarný workshop pro děti - Instytut Polski w Pradze

<blockquote class="wp-embedded-content" data-secret="zYJPVNicUH"><a href="https://instytutpolski.pl/praha/2022/02/15/tvorime-zahradu-vytvarny-workshop-pro-deti/">Tvoříme zahradu: výtvarný workshop pro děti</a></blockquote><iframe sandbox="allow-scripts" security="restricted" src="https://instytutpolski.pl/praha/2022/02/15/tvorime-zahradu-vytvarny-workshop-pro-deti/embed/#?secret=zYJPVNicUH" width="600" height="338" title="&#8222;Tvoříme zahradu: výtvarný workshop pro děti&#8221; &#8212; Instytut Polski w Pradze" data-secret="zYJPVNicUH" frameborder="0" marginwidth="0" marginheight="0" scrolling="no" class="wp-embedded-content"></iframe><script type="text/javascript">
/* <![CDATA[ */
/*! This file is auto-generated */
!function(d,l){"use strict";l.querySelector&&d.addEventListener&&"undefined"!=typeof URL&&(d.wp=d.wp||{},d.wp.receiveEmbedMessage||(d.wp.receiveEmbedMessage=function(e){var t=e.data;if((t||t.secret||t.message||t.value)&&!/[^a-zA-Z0-9]/.test(t.secret)){for(var s,r,n,a=l.querySelectorAll('iframe[data-secret="'+t.secret+'"]'),o=l.querySelectorAll('blockquote[data-secret="'+t.secret+'"]'),c=new RegExp("^https?:$","i"),i=0;i<o.length;i++)o[i].style.display="none";for(i=0;i<a.length;i++)s=a[i],e.source===s.contentWindow&&(s.removeAttribute("style"),"height"===t.message?(1e3<(r=parseInt(t.value,10))?r=1e3:~~r<200&&(r=200),s.height=r):"link"===t.message&&(r=new URL(s.getAttribute("src")),n=new URL(t.value),c.test(n.protocol))&&n.host===r.host&&l.activeElement===s&&(d.top.location.href=t.value))}},d.addEventListener("message",d.wp.receiveEmbedMessage,!1),l.addEventListener("DOMContentLoaded",function(){for(var e,t,s=l.querySelectorAll("iframe.wp-embedded-content"),r=0;r<s.length;r++)(t=(e=s[r]).getAttribute("data-secret"))||(t=Math.random().toString(36).substring(2,12),e.src+="#?secret="+t,e.setAttribute("data-secret",t)),e.contentWindow.postMessage({message:"ready",secret:t},"*")},!1)))}(window,document);
/* ]]> */
</script>

31. 3. v 16.00 Vyčarujeme zelenou zahradu na bílém papíře! Máte rádi cestičky podle pravítka, nebo svobodné bujení všeho, co roste? A víte, jak na zahradu přilákat třeba včely? Staneme se zahradníky, aniž bychom se umazali od hlíny! Doprovodný program výstavy Listuj světem.&nbsp; Pro děti od 6 do 12 let. Galerie Za Rohem, Městská knihovna [&hellip;]
