{"version":"1.0","provider_name":"Instytut Polski w Pradze","provider_url":"https:\/\/instytutpolski.pl\/praha","author_name":"cermakm","author_url":"https:\/\/instytutpolski.pl\/praha\/author\/cermakm\/","title":"Chopin\u016fv festival - Instytut Polski w Pradze","type":"rich","width":600,"height":338,"html":"<blockquote class=\"wp-embedded-content\" data-secret=\"xTcB1k7Gia\"><a href=\"https:\/\/instytutpolski.pl\/praha\/2022\/06\/28\/chopinuv-festival-2\/\">Chopin\u016fv festival<\/a><\/blockquote><iframe sandbox=\"allow-scripts\" security=\"restricted\" src=\"https:\/\/instytutpolski.pl\/praha\/2022\/06\/28\/chopinuv-festival-2\/embed\/#?secret=xTcB1k7Gia\" width=\"600\" height=\"338\" title=\"&#8222;Chopin\u016fv festival&#8221; &#8212; Instytut Polski w Pradze\" data-secret=\"xTcB1k7Gia\" frameborder=\"0\" marginwidth=\"0\" marginheight=\"0\" scrolling=\"no\" class=\"wp-embedded-content\"><\/iframe><script type=\"text\/javascript\">\n\/* <![CDATA[ *\/\n\/*! This file is auto-generated *\/\n!function(d,l){\"use strict\";l.querySelector&&d.addEventListener&&\"undefined\"!=typeof URL&&(d.wp=d.wp||{},d.wp.receiveEmbedMessage||(d.wp.receiveEmbedMessage=function(e){var t=e.data;if((t||t.secret||t.message||t.value)&&!\/[^a-zA-Z0-9]\/.test(t.secret)){for(var s,r,n,a=l.querySelectorAll('iframe[data-secret=\"'+t.secret+'\"]'),o=l.querySelectorAll('blockquote[data-secret=\"'+t.secret+'\"]'),c=new RegExp(\"^https?:$\",\"i\"),i=0;i<o.length;i++)o[i].style.display=\"none\";for(i=0;i<a.length;i++)s=a[i],e.source===s.contentWindow&&(s.removeAttribute(\"style\"),\"height\"===t.message?(1e3<(r=parseInt(t.value,10))?r=1e3:~~r<200&&(r=200),s.height=r):\"link\"===t.message&&(r=new URL(s.getAttribute(\"src\")),n=new URL(t.value),c.test(n.protocol))&&n.host===r.host&&l.activeElement===s&&(d.top.location.href=t.value))}},d.addEventListener(\"message\",d.wp.receiveEmbedMessage,!1),l.addEventListener(\"DOMContentLoaded\",function(){for(var e,t,s=l.querySelectorAll(\"iframe.wp-embedded-content\"),r=0;r<s.length;r++)(t=(e=s[r]).getAttribute(\"data-secret\"))||(t=Math.random().toString(36).substring(2,12),e.src+=\"#?secret=\"+t,e.setAttribute(\"data-secret\",t)),e.contentWindow.postMessage({message:\"ready\",secret:t},\"*\")},!1)))}(window,document);\n\/* ]]> *\/\n<\/script>\n","thumbnail_url":"https:\/\/instytutpolski.pl\/praha\/wp-content\/uploads\/sites\/10\/2022\/06\/Chopinuv-festival-2022-1024x569.png","thumbnail_width":1024,"thumbnail_height":569,"description":"K&nbsp;letn\u00edmu kulturn\u00edmu d\u011bn\u00ed v Mari\u00e1nsk\u00fdch L\u00e1zn\u00edch neodmysliteln\u011b ji\u017e des\u00edtky let pat\u0159\u00ed festival Fryderyka Chopina, kter\u00fd po\u0159\u00e1d\u00e1 Spole\u010dnost Fryderyka Chopina v \u010cR. Od roku 1962 je festival v\u017edy jednou za dva roky obohacen klav\u00edrn\u00ed sout\u011b\u017e\u00ed, a tak tomu bude i letos. Hv\u011bzdou leto\u0161n\u00edho 63. ro\u010dn\u00edku festivalu bude kanadsk\u00fd klav\u00edrista Charles Richard-Hamelin, jen\u017e se v roce 2015 [&hellip;]"}

Chopinův festival - Instytut Polski w Pradze

<blockquote class="wp-embedded-content" data-secret="xTcB1k7Gia"><a href="https://instytutpolski.pl/praha/2022/06/28/chopinuv-festival-2/">Chopinův festival</a></blockquote><iframe sandbox="allow-scripts" security="restricted" src="https://instytutpolski.pl/praha/2022/06/28/chopinuv-festival-2/embed/#?secret=xTcB1k7Gia" width="600" height="338" title="&#8222;Chopinův festival&#8221; &#8212; Instytut Polski w Pradze" data-secret="xTcB1k7Gia" frameborder="0" marginwidth="0" marginheight="0" scrolling="no" class="wp-embedded-content"></iframe><script type="text/javascript">
/* <![CDATA[ */
/*! This file is auto-generated */
!function(d,l){"use strict";l.querySelector&&d.addEventListener&&"undefined"!=typeof URL&&(d.wp=d.wp||{},d.wp.receiveEmbedMessage||(d.wp.receiveEmbedMessage=function(e){var t=e.data;if((t||t.secret||t.message||t.value)&&!/[^a-zA-Z0-9]/.test(t.secret)){for(var s,r,n,a=l.querySelectorAll('iframe[data-secret="'+t.secret+'"]'),o=l.querySelectorAll('blockquote[data-secret="'+t.secret+'"]'),c=new RegExp("^https?:$","i"),i=0;i<o.length;i++)o[i].style.display="none";for(i=0;i<a.length;i++)s=a[i],e.source===s.contentWindow&&(s.removeAttribute("style"),"height"===t.message?(1e3<(r=parseInt(t.value,10))?r=1e3:~~r<200&&(r=200),s.height=r):"link"===t.message&&(r=new URL(s.getAttribute("src")),n=new URL(t.value),c.test(n.protocol))&&n.host===r.host&&l.activeElement===s&&(d.top.location.href=t.value))}},d.addEventListener("message",d.wp.receiveEmbedMessage,!1),l.addEventListener("DOMContentLoaded",function(){for(var e,t,s=l.querySelectorAll("iframe.wp-embedded-content"),r=0;r<s.length;r++)(t=(e=s[r]).getAttribute("data-secret"))||(t=Math.random().toString(36).substring(2,12),e.src+="#?secret="+t,e.setAttribute("data-secret",t)),e.contentWindow.postMessage({message:"ready",secret:t},"*")},!1)))}(window,document);
/* ]]> */
</script>

K&nbsp;letnímu kulturnímu dění v Mariánských Lázních neodmyslitelně již desítky let patří festival Fryderyka Chopina, který pořádá Společnost Fryderyka Chopina v ČR. Od roku 1962 je festival vždy jednou za dva roky obohacen klavírní soutěží, a tak tomu bude i letos. Hvězdou letošního 63. ročníku festivalu bude kanadský klavírista Charles Richard-Hamelin, jenž se v roce 2015 [&hellip;]
