{"version":"1.0","provider_name":"Instytut Polski w Pradze","provider_url":"https:\/\/instytutpolski.pl\/praha","author_name":"rohanovaj","author_url":"https:\/\/instytutpolski.pl\/praha\/author\/rohanovaj\/","title":"PL in PLze\u0148 - Instytut Polski w Pradze","type":"rich","width":600,"height":338,"html":"<blockquote class=\"wp-embedded-content\" data-secret=\"MGPezrmriQ\"><a href=\"https:\/\/instytutpolski.pl\/praha\/2022\/06\/28\/pl-in-plzen-2\/\">PL in PLze\u0148<\/a><\/blockquote><iframe sandbox=\"allow-scripts\" security=\"restricted\" src=\"https:\/\/instytutpolski.pl\/praha\/2022\/06\/28\/pl-in-plzen-2\/embed\/#?secret=MGPezrmriQ\" width=\"600\" height=\"338\" title=\"&#8222;PL in PLze\u0148&#8221; &#8212; Instytut Polski w Pradze\" data-secret=\"MGPezrmriQ\" frameborder=\"0\" marginwidth=\"0\" marginheight=\"0\" scrolling=\"no\" class=\"wp-embedded-content\"><\/iframe><script type=\"text\/javascript\">\n\/* <![CDATA[ *\/\n\/*! This file is auto-generated *\/\n!function(d,l){\"use strict\";l.querySelector&&d.addEventListener&&\"undefined\"!=typeof URL&&(d.wp=d.wp||{},d.wp.receiveEmbedMessage||(d.wp.receiveEmbedMessage=function(e){var t=e.data;if((t||t.secret||t.message||t.value)&&!\/[^a-zA-Z0-9]\/.test(t.secret)){for(var s,r,n,a=l.querySelectorAll('iframe[data-secret=\"'+t.secret+'\"]'),o=l.querySelectorAll('blockquote[data-secret=\"'+t.secret+'\"]'),c=new RegExp(\"^https?:$\",\"i\"),i=0;i<o.length;i++)o[i].style.display=\"none\";for(i=0;i<a.length;i++)s=a[i],e.source===s.contentWindow&&(s.removeAttribute(\"style\"),\"height\"===t.message?(1e3<(r=parseInt(t.value,10))?r=1e3:~~r<200&&(r=200),s.height=r):\"link\"===t.message&&(r=new URL(s.getAttribute(\"src\")),n=new URL(t.value),c.test(n.protocol))&&n.host===r.host&&l.activeElement===s&&(d.top.location.href=t.value))}},d.addEventListener(\"message\",d.wp.receiveEmbedMessage,!1),l.addEventListener(\"DOMContentLoaded\",function(){for(var e,t,s=l.querySelectorAll(\"iframe.wp-embedded-content\"),r=0;r<s.length;r++)(t=(e=s[r]).getAttribute(\"data-secret\"))||(t=Math.random().toString(36).substring(2,12),e.src+=\"#?secret=\"+t,e.setAttribute(\"data-secret\",t)),e.contentWindow.postMessage({message:\"ready\",secret:t},\"*\")},!1)))}(window,document);\n\/* ]]> *\/\n<\/script>\n","thumbnail_url":"https:\/\/instytutpolski.pl\/praha\/wp-content\/uploads\/sites\/10\/2022\/06\/PLinPLzen_2022.jpg","thumbnail_width":1708,"thumbnail_height":750,"description":"Voln\u00fd cyklus polsk\u00fdch kulturn\u00edch akc\u00ed v&nbsp;Plzni, kter\u00fd jsme p\u0159ipravili ve spolupr\u00e1ci s&nbsp;M\u011bstem Plze\u0148, pokra\u010duje v&nbsp;z\u00e1\u0159\u00ed zejm\u00e9na v\u00fdstavami. Venkovn\u00ed v\u00fdstava Ukrajinsk\u00fd sv\u011bt Marie Pryma\u010denko je v\u00fdsledkem zapojen\u00ed polsk\u00fdch instituc\u00ed do z\u00e1chrany ukrajinsk\u00e9ho kulturn\u00edho d\u011bdictv\u00ed (do 12. z\u00e1\u0159\u00ed v&nbsp;prostoru U Zvonu). Od 12. do 26. z\u00e1\u0159\u00ed si m\u016f\u017eete na n\u00e1m\u011bst\u00ed Republiky prohl\u00e9dnout v\u00fdstavu K&nbsp;Baltu! plnou turistick\u00fdch tip\u016f. [&hellip;]"}

PL in PLzeň - Instytut Polski w Pradze

<blockquote class="wp-embedded-content" data-secret="MGPezrmriQ"><a href="https://instytutpolski.pl/praha/2022/06/28/pl-in-plzen-2/">PL in PLzeň</a></blockquote><iframe sandbox="allow-scripts" security="restricted" src="https://instytutpolski.pl/praha/2022/06/28/pl-in-plzen-2/embed/#?secret=MGPezrmriQ" width="600" height="338" title="&#8222;PL in PLzeň&#8221; &#8212; Instytut Polski w Pradze" data-secret="MGPezrmriQ" frameborder="0" marginwidth="0" marginheight="0" scrolling="no" class="wp-embedded-content"></iframe><script type="text/javascript">
/* <![CDATA[ */
/*! This file is auto-generated */
!function(d,l){"use strict";l.querySelector&&d.addEventListener&&"undefined"!=typeof URL&&(d.wp=d.wp||{},d.wp.receiveEmbedMessage||(d.wp.receiveEmbedMessage=function(e){var t=e.data;if((t||t.secret||t.message||t.value)&&!/[^a-zA-Z0-9]/.test(t.secret)){for(var s,r,n,a=l.querySelectorAll('iframe[data-secret="'+t.secret+'"]'),o=l.querySelectorAll('blockquote[data-secret="'+t.secret+'"]'),c=new RegExp("^https?:$","i"),i=0;i<o.length;i++)o[i].style.display="none";for(i=0;i<a.length;i++)s=a[i],e.source===s.contentWindow&&(s.removeAttribute("style"),"height"===t.message?(1e3<(r=parseInt(t.value,10))?r=1e3:~~r<200&&(r=200),s.height=r):"link"===t.message&&(r=new URL(s.getAttribute("src")),n=new URL(t.value),c.test(n.protocol))&&n.host===r.host&&l.activeElement===s&&(d.top.location.href=t.value))}},d.addEventListener("message",d.wp.receiveEmbedMessage,!1),l.addEventListener("DOMContentLoaded",function(){for(var e,t,s=l.querySelectorAll("iframe.wp-embedded-content"),r=0;r<s.length;r++)(t=(e=s[r]).getAttribute("data-secret"))||(t=Math.random().toString(36).substring(2,12),e.src+="#?secret="+t,e.setAttribute("data-secret",t)),e.contentWindow.postMessage({message:"ready",secret:t},"*")},!1)))}(window,document);
/* ]]> */
</script>

Volný cyklus polských kulturních akcí v&nbsp;Plzni, který jsme připravili ve spolupráci s&nbsp;Městem Plzeň, pokračuje v&nbsp;září zejména výstavami. Venkovní výstava Ukrajinský svět Marie Prymačenko je výsledkem zapojení polských institucí do záchrany ukrajinského kulturního dědictví (do 12. září v&nbsp;prostoru U Zvonu). Od 12. do 26. září si můžete na náměstí Republiky prohlédnout výstavu K&nbsp;Baltu! plnou turistických tipů. [&hellip;]
