{"version":"1.0","provider_name":"Instytut Polski w Pradze","provider_url":"https:\/\/instytutpolski.pl\/praha","author_name":"rohanovaj","author_url":"https:\/\/instytutpolski.pl\/praha\/author\/rohanovaj\/","title":"Ned\u011bln\u00ed varhann\u00ed hudba \/ Ireneusz Wyrwa - Instytut Polski w Pradze","type":"rich","width":600,"height":338,"html":"<blockquote class=\"wp-embedded-content\" data-secret=\"m2DXOME7Qm\"><a href=\"https:\/\/instytutpolski.pl\/praha\/2022\/09\/29\/nedelni-varhanni-hudba-ireneusz-wyrwa\/\">Ned\u011bln\u00ed varhann\u00ed hudba \/ Ireneusz Wyrwa<\/a><\/blockquote><iframe sandbox=\"allow-scripts\" security=\"restricted\" src=\"https:\/\/instytutpolski.pl\/praha\/2022\/09\/29\/nedelni-varhanni-hudba-ireneusz-wyrwa\/embed\/#?secret=m2DXOME7Qm\" width=\"600\" height=\"338\" title=\"&#8222;Ned\u011bln\u00ed varhann\u00ed hudba \/ Ireneusz Wyrwa&#8221; &#8212; Instytut Polski w Pradze\" data-secret=\"m2DXOME7Qm\" frameborder=\"0\" marginwidth=\"0\" marginheight=\"0\" scrolling=\"no\" class=\"wp-embedded-content\"><\/iframe><script type=\"text\/javascript\">\n\/* <![CDATA[ *\/\n\/*! This file is auto-generated *\/\n!function(d,l){\"use strict\";l.querySelector&&d.addEventListener&&\"undefined\"!=typeof URL&&(d.wp=d.wp||{},d.wp.receiveEmbedMessage||(d.wp.receiveEmbedMessage=function(e){var t=e.data;if((t||t.secret||t.message||t.value)&&!\/[^a-zA-Z0-9]\/.test(t.secret)){for(var s,r,n,a=l.querySelectorAll('iframe[data-secret=\"'+t.secret+'\"]'),o=l.querySelectorAll('blockquote[data-secret=\"'+t.secret+'\"]'),c=new RegExp(\"^https?:$\",\"i\"),i=0;i<o.length;i++)o[i].style.display=\"none\";for(i=0;i<a.length;i++)s=a[i],e.source===s.contentWindow&&(s.removeAttribute(\"style\"),\"height\"===t.message?(1e3<(r=parseInt(t.value,10))?r=1e3:~~r<200&&(r=200),s.height=r):\"link\"===t.message&&(r=new URL(s.getAttribute(\"src\")),n=new URL(t.value),c.test(n.protocol))&&n.host===r.host&&l.activeElement===s&&(d.top.location.href=t.value))}},d.addEventListener(\"message\",d.wp.receiveEmbedMessage,!1),l.addEventListener(\"DOMContentLoaded\",function(){for(var e,t,s=l.querySelectorAll(\"iframe.wp-embedded-content\"),r=0;r<s.length;r++)(t=(e=s[r]).getAttribute(\"data-secret\"))||(t=Math.random().toString(36).substring(2,12),e.src+=\"#?secret=\"+t,e.setAttribute(\"data-secret\",t)),e.contentWindow.postMessage({message:\"ready\",secret:t},\"*\")},!1)))}(window,document);\n\/* ]]> *\/\n<\/script>\n","thumbnail_url":"https:\/\/instytutpolski.pl\/praha\/wp-content\/uploads\/sites\/10\/2020\/02\/Ireneuzs-Wyrwa.jpg","thumbnail_width":1024,"thumbnail_height":683,"description":"V r\u00e1mci 4. ro\u010dn\u00edku festivalu Ned\u011bln\u00ed varhann\u00ed hudba, kter\u00fd po\u0159\u00e1d\u00e1 Spolek p\u0159\u00e1tel kostela sv. Ludmily v Praze, vystoup\u00ed polsk\u00fd varhan\u00edk Ireneusz Wyrwa. Na programu hudebn\u00edho ve\u010dera bude tvorba Felixe Mendelssohna Bartholdyho, Josefa Gabriela Rheinbergera a nebudou chyb\u011bt ani d\u00edla Felikse Nowowiejsk\u00e9ho \u2013 jednoho z&nbsp;nejv\u00fdznamn\u011bj\u0161\u00edch skladatel\u016f polsk\u00e9 duchovn\u00ed a varhann\u00ed hudby prvn\u00ed poloviny 20. stolet\u00ed. Ireneusz [&hellip;]"}

Nedělní varhanní hudba / Ireneusz Wyrwa - Instytut Polski w Pradze

<blockquote class="wp-embedded-content" data-secret="m2DXOME7Qm"><a href="https://instytutpolski.pl/praha/2022/09/29/nedelni-varhanni-hudba-ireneusz-wyrwa/">Nedělní varhanní hudba / Ireneusz Wyrwa</a></blockquote><iframe sandbox="allow-scripts" security="restricted" src="https://instytutpolski.pl/praha/2022/09/29/nedelni-varhanni-hudba-ireneusz-wyrwa/embed/#?secret=m2DXOME7Qm" width="600" height="338" title="&#8222;Nedělní varhanní hudba / Ireneusz Wyrwa&#8221; &#8212; Instytut Polski w Pradze" data-secret="m2DXOME7Qm" frameborder="0" marginwidth="0" marginheight="0" scrolling="no" class="wp-embedded-content"></iframe><script type="text/javascript">
/* <![CDATA[ */
/*! This file is auto-generated */
!function(d,l){"use strict";l.querySelector&&d.addEventListener&&"undefined"!=typeof URL&&(d.wp=d.wp||{},d.wp.receiveEmbedMessage||(d.wp.receiveEmbedMessage=function(e){var t=e.data;if((t||t.secret||t.message||t.value)&&!/[^a-zA-Z0-9]/.test(t.secret)){for(var s,r,n,a=l.querySelectorAll('iframe[data-secret="'+t.secret+'"]'),o=l.querySelectorAll('blockquote[data-secret="'+t.secret+'"]'),c=new RegExp("^https?:$","i"),i=0;i<o.length;i++)o[i].style.display="none";for(i=0;i<a.length;i++)s=a[i],e.source===s.contentWindow&&(s.removeAttribute("style"),"height"===t.message?(1e3<(r=parseInt(t.value,10))?r=1e3:~~r<200&&(r=200),s.height=r):"link"===t.message&&(r=new URL(s.getAttribute("src")),n=new URL(t.value),c.test(n.protocol))&&n.host===r.host&&l.activeElement===s&&(d.top.location.href=t.value))}},d.addEventListener("message",d.wp.receiveEmbedMessage,!1),l.addEventListener("DOMContentLoaded",function(){for(var e,t,s=l.querySelectorAll("iframe.wp-embedded-content"),r=0;r<s.length;r++)(t=(e=s[r]).getAttribute("data-secret"))||(t=Math.random().toString(36).substring(2,12),e.src+="#?secret="+t,e.setAttribute("data-secret",t)),e.contentWindow.postMessage({message:"ready",secret:t},"*")},!1)))}(window,document);
/* ]]> */
</script>

V rámci 4. ročníku festivalu Nedělní varhanní hudba, který pořádá Spolek přátel kostela sv. Ludmily v Praze, vystoupí polský varhaník Ireneusz Wyrwa. Na programu hudebního večera bude tvorba Felixe Mendelssohna Bartholdyho, Josefa Gabriela Rheinbergera a nebudou chybět ani díla Felikse Nowowiejského – jednoho z&nbsp;nejvýznamnějších skladatelů polské duchovní a varhanní hudby první poloviny 20. století. Ireneusz [&hellip;]
