{"version":"1.0","provider_name":"Instytut Polski w Pradze","provider_url":"https:\/\/instytutpolski.pl\/praha","author_name":"rohanovaj","author_url":"https:\/\/instytutpolski.pl\/praha\/author\/rohanovaj\/","title":"Dobr\u00e9 odpoledne s pol\u0161tinou \/ W drodze do Wielkanocy - Instytut Polski w Pradze","type":"rich","width":600,"height":338,"html":"<blockquote class=\"wp-embedded-content\" data-secret=\"3eK597vphy\"><a href=\"https:\/\/instytutpolski.pl\/praha\/2023\/02\/23\/dobre-odpoledne-s-polstinou-w-drodze-do-wielkanocy\/\">Dobr\u00e9 odpoledne s pol\u0161tinou \/ W drodze do Wielkanocy<\/a><\/blockquote><iframe sandbox=\"allow-scripts\" security=\"restricted\" src=\"https:\/\/instytutpolski.pl\/praha\/2023\/02\/23\/dobre-odpoledne-s-polstinou-w-drodze-do-wielkanocy\/embed\/#?secret=3eK597vphy\" width=\"600\" height=\"338\" title=\"&#8222;Dobr\u00e9 odpoledne s pol\u0161tinou \/ W drodze do Wielkanocy&#8221; &#8212; Instytut Polski w Pradze\" data-secret=\"3eK597vphy\" frameborder=\"0\" marginwidth=\"0\" marginheight=\"0\" scrolling=\"no\" class=\"wp-embedded-content\"><\/iframe><script type=\"text\/javascript\">\n\/* <![CDATA[ *\/\n\/*! This file is auto-generated *\/\n!function(d,l){\"use strict\";l.querySelector&&d.addEventListener&&\"undefined\"!=typeof URL&&(d.wp=d.wp||{},d.wp.receiveEmbedMessage||(d.wp.receiveEmbedMessage=function(e){var t=e.data;if((t||t.secret||t.message||t.value)&&!\/[^a-zA-Z0-9]\/.test(t.secret)){for(var s,r,n,a=l.querySelectorAll('iframe[data-secret=\"'+t.secret+'\"]'),o=l.querySelectorAll('blockquote[data-secret=\"'+t.secret+'\"]'),c=new RegExp(\"^https?:$\",\"i\"),i=0;i<o.length;i++)o[i].style.display=\"none\";for(i=0;i<a.length;i++)s=a[i],e.source===s.contentWindow&&(s.removeAttribute(\"style\"),\"height\"===t.message?(1e3<(r=parseInt(t.value,10))?r=1e3:~~r<200&&(r=200),s.height=r):\"link\"===t.message&&(r=new URL(s.getAttribute(\"src\")),n=new URL(t.value),c.test(n.protocol))&&n.host===r.host&&l.activeElement===s&&(d.top.location.href=t.value))}},d.addEventListener(\"message\",d.wp.receiveEmbedMessage,!1),l.addEventListener(\"DOMContentLoaded\",function(){for(var e,t,s=l.querySelectorAll(\"iframe.wp-embedded-content\"),r=0;r<s.length;r++)(t=(e=s[r]).getAttribute(\"data-secret\"))||(t=Math.random().toString(36).substring(2,12),e.src+=\"#?secret=\"+t,e.setAttribute(\"data-secret\",t)),e.contentWindow.postMessage({message:\"ready\",secret:t},\"*\")},!1)))}(window,document);\n\/* ]]> *\/\n<\/script>\n","thumbnail_url":"https:\/\/instytutpolski.pl\/praha\/wp-content\/uploads\/sites\/10\/2023\/02\/33470129843_e8a45d3c45_k.jpg","thumbnail_width":2048,"thumbnail_height":1365,"description":"Oslavy jara tradi\u010dn\u011b za\u010d\u00ednaly p\u016fstem a Velikonocemi a kon\u010dily na sv. Stanislava 8. kv\u011btna. Budeme hovo\u0159it nejen o k\u0159es\u0165ansk\u00fdch tradic\u00edch, ale tak\u00e9 o jejich \u010dasto pohansk\u00e9m p\u016fvodu. Dozv\u00edte se, co je Marzanna, jarn\u00ed rovnodennost, Niedziela Palmowa a Zielone \u015awi\u0105tki. Sezn\u00e1m\u00edte se s technikami zdoben\u00ed velikono\u010dn\u00edch vaj\u00ed\u010dek \u2013 prastar\u00fdm slovansk\u00fdm zvykem. Vejce byla v\u017edy vn\u00edm\u00e1na jako [&hellip;]"}

Dobré odpoledne s polštinou / W drodze do Wielkanocy - Instytut Polski w Pradze

<blockquote class="wp-embedded-content" data-secret="3eK597vphy"><a href="https://instytutpolski.pl/praha/2023/02/23/dobre-odpoledne-s-polstinou-w-drodze-do-wielkanocy/">Dobré odpoledne s polštinou / W drodze do Wielkanocy</a></blockquote><iframe sandbox="allow-scripts" security="restricted" src="https://instytutpolski.pl/praha/2023/02/23/dobre-odpoledne-s-polstinou-w-drodze-do-wielkanocy/embed/#?secret=3eK597vphy" width="600" height="338" title="&#8222;Dobré odpoledne s polštinou / W drodze do Wielkanocy&#8221; &#8212; Instytut Polski w Pradze" data-secret="3eK597vphy" frameborder="0" marginwidth="0" marginheight="0" scrolling="no" class="wp-embedded-content"></iframe><script type="text/javascript">
/* <![CDATA[ */
/*! This file is auto-generated */
!function(d,l){"use strict";l.querySelector&&d.addEventListener&&"undefined"!=typeof URL&&(d.wp=d.wp||{},d.wp.receiveEmbedMessage||(d.wp.receiveEmbedMessage=function(e){var t=e.data;if((t||t.secret||t.message||t.value)&&!/[^a-zA-Z0-9]/.test(t.secret)){for(var s,r,n,a=l.querySelectorAll('iframe[data-secret="'+t.secret+'"]'),o=l.querySelectorAll('blockquote[data-secret="'+t.secret+'"]'),c=new RegExp("^https?:$","i"),i=0;i<o.length;i++)o[i].style.display="none";for(i=0;i<a.length;i++)s=a[i],e.source===s.contentWindow&&(s.removeAttribute("style"),"height"===t.message?(1e3<(r=parseInt(t.value,10))?r=1e3:~~r<200&&(r=200),s.height=r):"link"===t.message&&(r=new URL(s.getAttribute("src")),n=new URL(t.value),c.test(n.protocol))&&n.host===r.host&&l.activeElement===s&&(d.top.location.href=t.value))}},d.addEventListener("message",d.wp.receiveEmbedMessage,!1),l.addEventListener("DOMContentLoaded",function(){for(var e,t,s=l.querySelectorAll("iframe.wp-embedded-content"),r=0;r<s.length;r++)(t=(e=s[r]).getAttribute("data-secret"))||(t=Math.random().toString(36).substring(2,12),e.src+="#?secret="+t,e.setAttribute("data-secret",t)),e.contentWindow.postMessage({message:"ready",secret:t},"*")},!1)))}(window,document);
/* ]]> */
</script>

Oslavy jara tradičně začínaly půstem a Velikonocemi a končily na sv. Stanislava 8. května. Budeme hovořit nejen o křesťanských tradicích, ale také o jejich často pohanském původu. Dozvíte se, co je Marzanna, jarní rovnodennost, Niedziela Palmowa a Zielone Świątki. Seznámíte se s technikami zdobení velikonočních vajíček – prastarým slovanským zvykem. Vejce byla vždy vnímána jako [&hellip;]
