{"version":"1.0","provider_name":"Instytut Polski w Pradze","provider_url":"https:\/\/instytutpolski.pl\/praha","author_name":"rohanovaj","author_url":"https:\/\/instytutpolski.pl\/praha\/author\/rohanovaj\/","title":"Moravsk\u00fd podzim \/ Filharmonie Pozna\u0148 - Instytut Polski w Pradze","type":"rich","width":600,"height":338,"html":"<blockquote class=\"wp-embedded-content\" data-secret=\"eyeZzgm2HO\"><a href=\"https:\/\/instytutpolski.pl\/praha\/2023\/09\/29\/moravsky-podzim-partnerska-poznan\/\">Moravsk\u00fd podzim \/ Filharmonie Pozna\u0148<\/a><\/blockquote><iframe sandbox=\"allow-scripts\" security=\"restricted\" src=\"https:\/\/instytutpolski.pl\/praha\/2023\/09\/29\/moravsky-podzim-partnerska-poznan\/embed\/#?secret=eyeZzgm2HO\" width=\"600\" height=\"338\" title=\"&#8222;Moravsk\u00fd podzim \/ Filharmonie Pozna\u0148&#8221; &#8212; Instytut Polski w Pradze\" data-secret=\"eyeZzgm2HO\" frameborder=\"0\" marginwidth=\"0\" marginheight=\"0\" scrolling=\"no\" class=\"wp-embedded-content\"><\/iframe><script type=\"text\/javascript\">\n\/* <![CDATA[ *\/\n\/*! This file is auto-generated *\/\n!function(d,l){\"use strict\";l.querySelector&&d.addEventListener&&\"undefined\"!=typeof URL&&(d.wp=d.wp||{},d.wp.receiveEmbedMessage||(d.wp.receiveEmbedMessage=function(e){var t=e.data;if((t||t.secret||t.message||t.value)&&!\/[^a-zA-Z0-9]\/.test(t.secret)){for(var s,r,n,a=l.querySelectorAll('iframe[data-secret=\"'+t.secret+'\"]'),o=l.querySelectorAll('blockquote[data-secret=\"'+t.secret+'\"]'),c=new RegExp(\"^https?:$\",\"i\"),i=0;i<o.length;i++)o[i].style.display=\"none\";for(i=0;i<a.length;i++)s=a[i],e.source===s.contentWindow&&(s.removeAttribute(\"style\"),\"height\"===t.message?(1e3<(r=parseInt(t.value,10))?r=1e3:~~r<200&&(r=200),s.height=r):\"link\"===t.message&&(r=new URL(s.getAttribute(\"src\")),n=new URL(t.value),c.test(n.protocol))&&n.host===r.host&&l.activeElement===s&&(d.top.location.href=t.value))}},d.addEventListener(\"message\",d.wp.receiveEmbedMessage,!1),l.addEventListener(\"DOMContentLoaded\",function(){for(var e,t,s=l.querySelectorAll(\"iframe.wp-embedded-content\"),r=0;r<s.length;r++)(t=(e=s[r]).getAttribute(\"data-secret\"))||(t=Math.random().toString(36).substring(2,12),e.src+=\"#?secret=\"+t,e.setAttribute(\"data-secret\",t)),e.contentWindow.postMessage({message:\"ready\",secret:t},\"*\")},!1)))}(window,document);\n\/* ]]> *\/\n<\/script>\n","thumbnail_url":"https:\/\/instytutpolski.pl\/praha\/wp-content\/uploads\/sites\/10\/2023\/09\/Filharmonia-Poznanska_1-scaled.jpg","thumbnail_width":2560,"thumbnail_height":1707,"description":"Program p\u0159ipomene nedo\u017eit\u00e9 devades\u00e1tiny Krzysztofa Pendereck\u00e9ho, jednoho z nejv\u00fdznamn\u011bj\u0161\u00edch tv\u016frc\u016f polsk\u00e9 a pota\u017emo sv\u011btov\u00e9 hudby druh\u00e9 poloviny 20. stolet\u00ed. D\u00e1le zazn\u00ed hudba brn\u011bnsk\u00e9 roda\u010dky V\u00edt\u011bzslavy Kapr\u00e1lov\u00e9 a dal\u0161\u00edho polsk\u00e9ho klasika Karola Szymanowsk\u00e9ho. Jako s\u00f3lista se p\u0159edstav\u00ed slovensk\u00fd violista a houslista Milan Pa\u013aa. Pozna\u0148\u0161t\u00ed filharmonici vystoup\u00ed pod taktovkou v \u010cesku ji\u017e dob\u0159e zn\u00e1m\u00e9ho polsk\u00e9ho dirigenta \u0141ukasze [&hellip;]"}

Moravský podzim / Filharmonie Poznaň - Instytut Polski w Pradze

<blockquote class="wp-embedded-content" data-secret="eyeZzgm2HO"><a href="https://instytutpolski.pl/praha/2023/09/29/moravsky-podzim-partnerska-poznan/">Moravský podzim / Filharmonie Poznaň</a></blockquote><iframe sandbox="allow-scripts" security="restricted" src="https://instytutpolski.pl/praha/2023/09/29/moravsky-podzim-partnerska-poznan/embed/#?secret=eyeZzgm2HO" width="600" height="338" title="&#8222;Moravský podzim / Filharmonie Poznaň&#8221; &#8212; Instytut Polski w Pradze" data-secret="eyeZzgm2HO" frameborder="0" marginwidth="0" marginheight="0" scrolling="no" class="wp-embedded-content"></iframe><script type="text/javascript">
/* <![CDATA[ */
/*! This file is auto-generated */
!function(d,l){"use strict";l.querySelector&&d.addEventListener&&"undefined"!=typeof URL&&(d.wp=d.wp||{},d.wp.receiveEmbedMessage||(d.wp.receiveEmbedMessage=function(e){var t=e.data;if((t||t.secret||t.message||t.value)&&!/[^a-zA-Z0-9]/.test(t.secret)){for(var s,r,n,a=l.querySelectorAll('iframe[data-secret="'+t.secret+'"]'),o=l.querySelectorAll('blockquote[data-secret="'+t.secret+'"]'),c=new RegExp("^https?:$","i"),i=0;i<o.length;i++)o[i].style.display="none";for(i=0;i<a.length;i++)s=a[i],e.source===s.contentWindow&&(s.removeAttribute("style"),"height"===t.message?(1e3<(r=parseInt(t.value,10))?r=1e3:~~r<200&&(r=200),s.height=r):"link"===t.message&&(r=new URL(s.getAttribute("src")),n=new URL(t.value),c.test(n.protocol))&&n.host===r.host&&l.activeElement===s&&(d.top.location.href=t.value))}},d.addEventListener("message",d.wp.receiveEmbedMessage,!1),l.addEventListener("DOMContentLoaded",function(){for(var e,t,s=l.querySelectorAll("iframe.wp-embedded-content"),r=0;r<s.length;r++)(t=(e=s[r]).getAttribute("data-secret"))||(t=Math.random().toString(36).substring(2,12),e.src+="#?secret="+t,e.setAttribute("data-secret",t)),e.contentWindow.postMessage({message:"ready",secret:t},"*")},!1)))}(window,document);
/* ]]> */
</script>

Program připomene nedožité devadesátiny Krzysztofa Pendereckého, jednoho z nejvýznamnějších tvůrců polské a potažmo světové hudby druhé poloviny 20. století. Dále zazní hudba brněnské rodačky Vítězslavy Kaprálové a dalšího polského klasika Karola Szymanowského. Jako sólista se představí slovenský violista a houslista Milan Paĺa. Poznaňští filharmonici vystoupí pod taktovkou v Česku již dobře známého polského dirigenta Łukasze [&hellip;]
