{"version":"1.0","provider_name":"Instytut Polski w Pradze","provider_url":"https:\/\/instytutpolski.pl\/praha","author_name":"rohanovaj","author_url":"https:\/\/instytutpolski.pl\/praha\/author\/rohanovaj\/","title":"Letn\u00ed slavnosti star\u00e9 hudby \/ Le Salon de musique - Instytut Polski w Pradze","type":"rich","width":600,"height":338,"html":"<blockquote class=\"wp-embedded-content\" data-secret=\"wuwWeyc2eb\"><a href=\"https:\/\/instytutpolski.pl\/praha\/2024\/07\/02\/letni-slavnosti-stare-hudby-le-salon-de-musique\/\">Letn\u00ed slavnosti star\u00e9 hudby \/ Le Salon de musique<\/a><\/blockquote><iframe sandbox=\"allow-scripts\" security=\"restricted\" src=\"https:\/\/instytutpolski.pl\/praha\/2024\/07\/02\/letni-slavnosti-stare-hudby-le-salon-de-musique\/embed\/#?secret=wuwWeyc2eb\" width=\"600\" height=\"338\" title=\"&#8222;Letn\u00ed slavnosti star\u00e9 hudby \/ Le Salon de musique&#8221; &#8212; Instytut Polski w Pradze\" data-secret=\"wuwWeyc2eb\" frameborder=\"0\" marginwidth=\"0\" marginheight=\"0\" scrolling=\"no\" class=\"wp-embedded-content\"><\/iframe><script type=\"text\/javascript\">\n\/* <![CDATA[ *\/\n\/*! This file is auto-generated *\/\n!function(d,l){\"use strict\";l.querySelector&&d.addEventListener&&\"undefined\"!=typeof URL&&(d.wp=d.wp||{},d.wp.receiveEmbedMessage||(d.wp.receiveEmbedMessage=function(e){var t=e.data;if((t||t.secret||t.message||t.value)&&!\/[^a-zA-Z0-9]\/.test(t.secret)){for(var s,r,n,a=l.querySelectorAll('iframe[data-secret=\"'+t.secret+'\"]'),o=l.querySelectorAll('blockquote[data-secret=\"'+t.secret+'\"]'),c=new RegExp(\"^https?:$\",\"i\"),i=0;i<o.length;i++)o[i].style.display=\"none\";for(i=0;i<a.length;i++)s=a[i],e.source===s.contentWindow&&(s.removeAttribute(\"style\"),\"height\"===t.message?(1e3<(r=parseInt(t.value,10))?r=1e3:~~r<200&&(r=200),s.height=r):\"link\"===t.message&&(r=new URL(s.getAttribute(\"src\")),n=new URL(t.value),c.test(n.protocol))&&n.host===r.host&&l.activeElement===s&&(d.top.location.href=t.value))}},d.addEventListener(\"message\",d.wp.receiveEmbedMessage,!1),l.addEventListener(\"DOMContentLoaded\",function(){for(var e,t,s=l.querySelectorAll(\"iframe.wp-embedded-content\"),r=0;r<s.length;r++)(t=(e=s[r]).getAttribute(\"data-secret\"))||(t=Math.random().toString(36).substring(2,12),e.src+=\"#?secret=\"+t,e.setAttribute(\"data-secret\",t)),e.contentWindow.postMessage({message:\"ready\",secret:t},\"*\")},!1)))}(window,document);\n\/* ]]> *\/\n<\/script>\n","thumbnail_url":"https:\/\/instytutpolski.pl\/praha\/wp-content\/uploads\/sites\/10\/2024\/07\/2_2024_Salon_Jaroslaw-Thiel_upr-4.jpg","thumbnail_width":1800,"thumbnail_height":1201,"description":"Um\u011bleck\u00fd vedouc\u00ed souboru Jaros\u0142aw Thiel vybral nap\u0159\u00edklad \u00fapravu Mozartovy Figarovy svatby, kter\u00e1 se pravd\u011bpodobn\u011b hr\u00e1la na z\u00e1mc\u00edch rodiny Clam-Gallas\u016f. Hudebn\u00edci d\u00e1le p\u0159ednesou Son\u00e1tu F dur Ludwiga van Beethovena. Zlat\u00fdm h\u0159ebem programu pak bude smy\u010dcov\u00fd sextet, jeho\u017e autorem je p\u0159edstavitel polsk\u00e9ho hudebn\u00edho romantismu Ignacy Feliks Dobrzy\u0144ski. Kompozice protkan\u00e1 n\u00e1rodn\u00edmi prvky pln\u011b vyu\u017e\u00edv\u00e1 zvukov\u00fdch i technick\u00fdch mo\u017enost\u00ed [&hellip;]"}

Letní slavnosti staré hudby / Le Salon de musique - Instytut Polski w Pradze

<blockquote class="wp-embedded-content" data-secret="wuwWeyc2eb"><a href="https://instytutpolski.pl/praha/2024/07/02/letni-slavnosti-stare-hudby-le-salon-de-musique/">Letní slavnosti staré hudby / Le Salon de musique</a></blockquote><iframe sandbox="allow-scripts" security="restricted" src="https://instytutpolski.pl/praha/2024/07/02/letni-slavnosti-stare-hudby-le-salon-de-musique/embed/#?secret=wuwWeyc2eb" width="600" height="338" title="&#8222;Letní slavnosti staré hudby / Le Salon de musique&#8221; &#8212; Instytut Polski w Pradze" data-secret="wuwWeyc2eb" frameborder="0" marginwidth="0" marginheight="0" scrolling="no" class="wp-embedded-content"></iframe><script type="text/javascript">
/* <![CDATA[ */
/*! This file is auto-generated */
!function(d,l){"use strict";l.querySelector&&d.addEventListener&&"undefined"!=typeof URL&&(d.wp=d.wp||{},d.wp.receiveEmbedMessage||(d.wp.receiveEmbedMessage=function(e){var t=e.data;if((t||t.secret||t.message||t.value)&&!/[^a-zA-Z0-9]/.test(t.secret)){for(var s,r,n,a=l.querySelectorAll('iframe[data-secret="'+t.secret+'"]'),o=l.querySelectorAll('blockquote[data-secret="'+t.secret+'"]'),c=new RegExp("^https?:$","i"),i=0;i<o.length;i++)o[i].style.display="none";for(i=0;i<a.length;i++)s=a[i],e.source===s.contentWindow&&(s.removeAttribute("style"),"height"===t.message?(1e3<(r=parseInt(t.value,10))?r=1e3:~~r<200&&(r=200),s.height=r):"link"===t.message&&(r=new URL(s.getAttribute("src")),n=new URL(t.value),c.test(n.protocol))&&n.host===r.host&&l.activeElement===s&&(d.top.location.href=t.value))}},d.addEventListener("message",d.wp.receiveEmbedMessage,!1),l.addEventListener("DOMContentLoaded",function(){for(var e,t,s=l.querySelectorAll("iframe.wp-embedded-content"),r=0;r<s.length;r++)(t=(e=s[r]).getAttribute("data-secret"))||(t=Math.random().toString(36).substring(2,12),e.src+="#?secret="+t,e.setAttribute("data-secret",t)),e.contentWindow.postMessage({message:"ready",secret:t},"*")},!1)))}(window,document);
/* ]]> */
</script>

Umělecký vedoucí souboru Jarosław Thiel vybral například úpravu Mozartovy Figarovy svatby, která se pravděpodobně hrála na zámcích rodiny Clam-Gallasů. Hudebníci dále přednesou Sonátu F dur Ludwiga van Beethovena. Zlatým hřebem programu pak bude smyčcový sextet, jehož autorem je představitel polského hudebního romantismu Ignacy Feliks Dobrzyński. Kompozice protkaná národními prvky plně využívá zvukových i technických možností [&hellip;]
