{"version":"1.0","provider_name":"Instytut Polski w Pradze","provider_url":"https:\/\/instytutpolski.pl\/praha","author_name":"rohanovaj","author_url":"https:\/\/instytutpolski.pl\/praha\/author\/rohanovaj\/","title":"Capella Cracoviensis \/ Aureli\u00e1n v Palm\u00fd\u0159e - Instytut Polski w Pradze","type":"rich","width":600,"height":338,"html":"<blockquote class=\"wp-embedded-content\" data-secret=\"mcIcq624aR\"><a href=\"https:\/\/instytutpolski.pl\/praha\/2024\/08\/27\/capella-cracoviensis-aurelian-v-palmyre\/\">Capella Cracoviensis \/ Aureli\u00e1n v Palm\u00fd\u0159e<\/a><\/blockquote><iframe sandbox=\"allow-scripts\" security=\"restricted\" src=\"https:\/\/instytutpolski.pl\/praha\/2024\/08\/27\/capella-cracoviensis-aurelian-v-palmyre\/embed\/#?secret=mcIcq624aR\" width=\"600\" height=\"338\" title=\"&#8222;Capella Cracoviensis \/ Aureli\u00e1n v Palm\u00fd\u0159e&#8221; &#8212; Instytut Polski w Pradze\" data-secret=\"mcIcq624aR\" frameborder=\"0\" marginwidth=\"0\" marginheight=\"0\" scrolling=\"no\" class=\"wp-embedded-content\"><\/iframe><script type=\"text\/javascript\">\n\/* <![CDATA[ *\/\n\/*! This file is auto-generated *\/\n!function(d,l){\"use strict\";l.querySelector&&d.addEventListener&&\"undefined\"!=typeof URL&&(d.wp=d.wp||{},d.wp.receiveEmbedMessage||(d.wp.receiveEmbedMessage=function(e){var t=e.data;if((t||t.secret||t.message||t.value)&&!\/[^a-zA-Z0-9]\/.test(t.secret)){for(var s,r,n,a=l.querySelectorAll('iframe[data-secret=\"'+t.secret+'\"]'),o=l.querySelectorAll('blockquote[data-secret=\"'+t.secret+'\"]'),c=new RegExp(\"^https?:$\",\"i\"),i=0;i<o.length;i++)o[i].style.display=\"none\";for(i=0;i<a.length;i++)s=a[i],e.source===s.contentWindow&&(s.removeAttribute(\"style\"),\"height\"===t.message?(1e3<(r=parseInt(t.value,10))?r=1e3:~~r<200&&(r=200),s.height=r):\"link\"===t.message&&(r=new URL(s.getAttribute(\"src\")),n=new URL(t.value),c.test(n.protocol))&&n.host===r.host&&l.activeElement===s&&(d.top.location.href=t.value))}},d.addEventListener(\"message\",d.wp.receiveEmbedMessage,!1),l.addEventListener(\"DOMContentLoaded\",function(){for(var e,t,s=l.querySelectorAll(\"iframe.wp-embedded-content\"),r=0;r<s.length;r++)(t=(e=s[r]).getAttribute(\"data-secret\"))||(t=Math.random().toString(36).substring(2,12),e.src+=\"#?secret=\"+t,e.setAttribute(\"data-secret\",t)),e.contentWindow.postMessage({message:\"ready\",secret:t},\"*\")},!1)))}(window,document);\n\/* ]]> *\/\n<\/script>\n","thumbnail_url":"https:\/\/instytutpolski.pl\/praha\/wp-content\/uploads\/sites\/10\/2024\/08\/aurelian_v_palmyre_web.jpg","thumbnail_width":1440,"thumbnail_height":1440,"description":"Festival Opera Rara Krak\u00f3w se na podzim d\u00e1v\u00e1 do pohybu a dva hudebn\u00ed ve\u010dery s&nbsp;vynikaj\u00edc\u00edm souborem star\u00e9 hudby Capella Cracoviensis si budou moci vychutnat i \u010de\u0161t\u00ed milovn\u00edci hudby. Prvn\u00ed z&nbsp;nich bude v&nbsp;Praze, druh\u00fd v&nbsp;Plzni. Pra\u017e\u0161t\u00ed poslucha\u010di se mohou t\u011b\u0161it na koncertn\u00ed proveden\u00ed opery Gioachina Rossiniho&nbsp;Aurelian v&nbsp;Palm\u00fd\u0159e. Capella Cracoviensis vystoup\u00ed pod veden\u00edm Jana Tomasze Adamuse. V [&hellip;]"}

Capella Cracoviensis / Aurelián v Palmýře - Instytut Polski w Pradze

<blockquote class="wp-embedded-content" data-secret="mcIcq624aR"><a href="https://instytutpolski.pl/praha/2024/08/27/capella-cracoviensis-aurelian-v-palmyre/">Capella Cracoviensis / Aurelián v Palmýře</a></blockquote><iframe sandbox="allow-scripts" security="restricted" src="https://instytutpolski.pl/praha/2024/08/27/capella-cracoviensis-aurelian-v-palmyre/embed/#?secret=mcIcq624aR" width="600" height="338" title="&#8222;Capella Cracoviensis / Aurelián v Palmýře&#8221; &#8212; Instytut Polski w Pradze" data-secret="mcIcq624aR" frameborder="0" marginwidth="0" marginheight="0" scrolling="no" class="wp-embedded-content"></iframe><script type="text/javascript">
/* <![CDATA[ */
/*! This file is auto-generated */
!function(d,l){"use strict";l.querySelector&&d.addEventListener&&"undefined"!=typeof URL&&(d.wp=d.wp||{},d.wp.receiveEmbedMessage||(d.wp.receiveEmbedMessage=function(e){var t=e.data;if((t||t.secret||t.message||t.value)&&!/[^a-zA-Z0-9]/.test(t.secret)){for(var s,r,n,a=l.querySelectorAll('iframe[data-secret="'+t.secret+'"]'),o=l.querySelectorAll('blockquote[data-secret="'+t.secret+'"]'),c=new RegExp("^https?:$","i"),i=0;i<o.length;i++)o[i].style.display="none";for(i=0;i<a.length;i++)s=a[i],e.source===s.contentWindow&&(s.removeAttribute("style"),"height"===t.message?(1e3<(r=parseInt(t.value,10))?r=1e3:~~r<200&&(r=200),s.height=r):"link"===t.message&&(r=new URL(s.getAttribute("src")),n=new URL(t.value),c.test(n.protocol))&&n.host===r.host&&l.activeElement===s&&(d.top.location.href=t.value))}},d.addEventListener("message",d.wp.receiveEmbedMessage,!1),l.addEventListener("DOMContentLoaded",function(){for(var e,t,s=l.querySelectorAll("iframe.wp-embedded-content"),r=0;r<s.length;r++)(t=(e=s[r]).getAttribute("data-secret"))||(t=Math.random().toString(36).substring(2,12),e.src+="#?secret="+t,e.setAttribute("data-secret",t)),e.contentWindow.postMessage({message:"ready",secret:t},"*")},!1)))}(window,document);
/* ]]> */
</script>

Festival Opera Rara Kraków se na podzim dává do pohybu a dva hudební večery s&nbsp;vynikajícím souborem staré hudby Capella Cracoviensis si budou moci vychutnat i čeští milovníci hudby. První z&nbsp;nich bude v&nbsp;Praze, druhý v&nbsp;Plzni. Pražští posluchači se mohou těšit na koncertní provedení opery Gioachina Rossiniho&nbsp;Aurelian v&nbsp;Palmýře. Capella Cracoviensis vystoupí pod vedením Jana Tomasze Adamuse. V [&hellip;]
