{"id":22,"date":"2019-05-27T11:37:39","date_gmt":"2019-05-27T09:37:39","guid":{"rendered":"https:\/\/instytutpolski.pl\/praga\/?page_id=22"},"modified":"2025-09-30T15:09:13","modified_gmt":"2025-09-30T13:09:13","slug":"kontakty-2","status":"publish","type":"page","link":"https:\/\/instytutpolski.pl\/praha\/kontakty-2\/","title":{"rendered":"Kontakty"},"content":{"rendered":"\n<h2><strong>Polsk\u00fd institut v Praze<\/strong><\/h2>\n<p>N\u00e1rodn\u00ed 961\/25 (pal\u00e1c Metro, schodi\u0161t\u011b B, 2. patro)<br>110 00 Praha 1<br>Tel.: +420 220 410 410<\/p>\n<p><a class=\"small-link\" href=\"mailto:praga@instytutpolski.pl\" target=\"_blank\" rel=\"noopener\">praga@instytutpolski.pl<\/a><\/p>\n<p><strong>Otev\u00edrac\u00ed doba pro ve\u0159ejnost<br><\/strong>po\u2014p\u00e1: 10.00\u201415.00<\/p>\n<p><strong>Otev\u00edrac\u00ed doba knihovny <a href=\"https:\/\/instytutpolski.pl\/praha\/knihovna\/\">zde<\/a><\/strong><\/p>\n<p><strong>Tel. knihovna\/kurzy<br><\/strong>+420 220 410 417 (v otev\u00edrac\u00ed dob\u011b knihovny)<\/p>\n<p><strong>Informace o pod\u00e1v\u00e1n\u00ed st\u00ed\u017enost\u00ed a \u017e\u00e1dost\u00ed <a href=\"https:\/\/instytutpolski.pl\/praha\/stiznosti-a-zadosti\/\" target=\"_blank\" rel=\"noopener\">zde<\/a><\/strong><\/p>\n\n\n\n<hr class=\"wp-block-separator has-css-opacity is-style-wide\" \/>\n\n\n\n<h2>Veden\u00ed a zam\u011bstnanci<\/h2>\n<p><strong>Monika Olech<\/strong> \u2013 \u0159editelka<br \/>Tel. +420 \/ 220 410 410<br \/>E-mail: <a href=\"mailto:monika.olech@msz.gov.pl\" target=\"_blank\" rel=\"noopener\">monika.olech@msz.gov.pl<\/a><\/p>\n<p><strong>Agnieszka Skieterska<\/strong> \u2013 z\u00e1stupkyn\u011b \u0159editele<br \/>Tel. +420 \/ 220 410 410<br \/>E-mail: <a href=\"mailto:agnieszka.skieterska@msz.gov.pl\">agnieszka.skieterska@msz.gov.pl<\/a><\/p>\n<h3>Sekretari\u00e1t<\/h3>\n<p>E-mail: <a href=\"mailto:praga@instytutpolski.pl\">praga@instytutpolski.pl<\/a><br \/>Tel.: +420 \/ 220 410 410<\/p>\n<p><strong>Justyna Preli\u0107 <\/strong>&#8211; sekretari\u00e1t<br \/>E-mail: <a href=\"mailto:justyna.prelic@instytutpolski.pl\">justyna.prelic@instytutpolski.pl<\/a><\/p>\n<p><strong>Kamil Kohout<\/strong> \u2013 \u0159idi\u010d<br \/>Tel.: +420 \/ 220 410 410<br \/>E-mail: <a href=\"mailto:praga@instytutpolski.pl\">praga@instytutpolski.pl<\/a><\/p>\n<h3>Programov\u00e9 odd\u011blen\u00ed<\/h3>\n<p><strong>Jitka Rohanov\u00e1<\/strong><br \/>Tel.: +420 \/ 220 410 414<br \/>Mobil: +420 \/ 720 031 375<br \/>E-mail: <a href=\"mailto:jitka.rohanova@instytutpolski.pl\">jitka.rohanova@instytutpolski.pl<\/a><\/p>\n<p><strong>Lucie Zakopalov\u00e1<\/strong><br \/>Tel.: +420 \/ 220 410 415<br \/>Mobil: +420 \/ 722 963 173<br \/>E-mail: <a href=\"mailto:lucie.zakopalova@instytutpolski.pl\">lucie.zakopalova@instytutpolski.pl<\/a><\/p>\n<p><strong>Katarzyna Ko\u017cuch<\/strong><br \/>Tel.: +420 \/ 220 410 416<br \/>Mobil: +420 \/ 734 868 939<br \/>E-mail: <a href=\"mailto:katarzyna.kozuch@instytutpolski.pl\">katarzyna.kozuch@instytutpolski.pl<\/a><\/p>\n<h3>Knihovna, kurzy pol\u0161tiny<\/h3>\n<p><strong>Beata Mocov\u00e1<\/strong><br \/>Tel.: +420 \/ 220 410 417<br \/>E-mail: <a href=\"mailto:beata.mocova@instytutpolski.pl\">beata.mocova@instytutpolski.pl<\/a><\/p>\n","protected":false},"excerpt":{"rendered":"<p>Polsk\u00fd institut v Praze N\u00e1rodn\u00ed 961\/25 (pal\u00e1c Metro, schodi\u0161t\u011b B, 2. patro)110 00 Praha 1Tel.: +420 220 410 410 praga@instytutpolski.pl Otev\u00edrac\u00ed doba pro ve\u0159ejnostpo\u2014p\u00e1: 10.00\u201415.00 Otev\u00edrac\u00ed doba knihovny zde Tel. knihovna\/kurzy+420 220 410 417 (v otev\u00edrac\u00ed dob\u011b knihovny) Informace o pod\u00e1v\u00e1n\u00ed st\u00ed\u017enost\u00ed a \u017e\u00e1dost\u00ed zde Veden\u00ed a zam\u011bstnanci Monika Olech \u2013 \u0159editelkaTel. +420 \/ 220 [&hellip;]<\/p>\n","protected":false},"author":1,"featured_media":10116,"parent":0,"menu_order":0,"comment_status":"closed","ping_status":"closed","template":"","meta":{"inline_featured_image":false,"_monsterinsights_skip_tracking":false,"_monsterinsights_sitenote_active":false,"_monsterinsights_sitenote_note":"","_monsterinsights_sitenote_category":0,"footnotes":""},"class_list":["post-22","page","type-page","status-publish","has-post-thumbnail","hentry"],"yoast_head":"<!-- This site is optimized with the Yoast SEO plugin v24.6 - https:\/\/yoast.com\/wordpress\/plugins\/seo\/ -->\n<title>Kontakty - Instytut Polski w Pradze<\/title>\n<meta name=\"robots\" content=\"index, follow, max-snippet:-1, max-image-preview:large, max-video-preview:-1\" \/>\n<link rel=\"canonical\" href=\"https:\/\/instytutpolski.pl\/praha\/kontakty-2\/\" \/>\n<meta property=\"og:locale\" content=\"pl_PL\" \/>\n<meta property=\"og:type\" content=\"article\" \/>\n<meta property=\"og:title\" content=\"Kontakty - Instytut Polski w Pradze\" \/>\n<meta property=\"og:description\" content=\"Polsk\u00fd institut v Praze N\u00e1rodn\u00ed 961\/25 (pal\u00e1c Metro, schodi\u0161t\u011b B, 2. patro)110 00 Praha 1Tel.: +420 220 410 410 praga@instytutpolski.pl Otev\u00edrac\u00ed doba pro ve\u0159ejnostpo\u2014p\u00e1: 10.00\u201415.00 Otev\u00edrac\u00ed doba knihovny zde Tel. knihovna\/kurzy+420 220 410 417 (v otev\u00edrac\u00ed dob\u011b knihovny) Informace o pod\u00e1v\u00e1n\u00ed st\u00ed\u017enost\u00ed a \u017e\u00e1dost\u00ed zde Veden\u00ed a zam\u011bstnanci Monika Olech \u2013 \u0159editelkaTel. +420 \/ 220 [&hellip;]\" \/>\n<meta property=\"og:url\" content=\"https:\/\/instytutpolski.pl\/praha\/kontakty-2\/\" \/>\n<meta property=\"og:site_name\" content=\"Instytut Polski w Pradze\" \/>\n<meta property=\"article:modified_time\" content=\"2025-09-30T13:09:13+00:00\" \/>\n<meta property=\"og:image\" content=\"https:\/\/instytutpolski.pl\/praha\/wp-content\/uploads\/sites\/10\/2024\/04\/DSC00425.jpg\" \/>\n\t<meta property=\"og:image:width\" content=\"1365\" \/>\n\t<meta property=\"og:image:height\" content=\"2048\" \/>\n\t<meta property=\"og:image:type\" content=\"image\/jpeg\" \/>\n<meta name=\"twitter:card\" content=\"summary_large_image\" \/>\n<meta name=\"twitter:label1\" content=\"Szacowany czas czytania\" \/>\n\t<meta name=\"twitter:data1\" content=\"2 minuty\" \/>\n<script type=\"application\/ld+json\" class=\"yoast-schema-graph\">{\"@context\":\"https:\/\/schema.org\",\"@graph\":[{\"@type\":\"WebPage\",\"@id\":\"https:\/\/instytutpolski.pl\/praha\/kontakty-2\/\",\"url\":\"https:\/\/instytutpolski.pl\/praha\/kontakty-2\/\",\"name\":\"Kontakty - Instytut Polski w Pradze\",\"isPartOf\":{\"@id\":\"https:\/\/instytutpolski.pl\/praha\/#website\"},\"primaryImageOfPage\":{\"@id\":\"https:\/\/instytutpolski.pl\/praha\/kontakty-2\/#primaryimage\"},\"image\":{\"@id\":\"https:\/\/instytutpolski.pl\/praha\/kontakty-2\/#primaryimage\"},\"thumbnailUrl\":\"https:\/\/instytutpolski.pl\/praha\/wp-content\/uploads\/sites\/10\/2024\/04\/DSC00425.jpg\",\"datePublished\":\"2019-05-27T09:37:39+00:00\",\"dateModified\":\"2025-09-30T13:09:13+00:00\",\"breadcrumb\":{\"@id\":\"https:\/\/instytutpolski.pl\/praha\/kontakty-2\/#breadcrumb\"},\"inLanguage\":\"pl-PL\",\"potentialAction\":[{\"@type\":\"ReadAction\",\"target\":[\"https:\/\/instytutpolski.pl\/praha\/kontakty-2\/\"]}]},{\"@type\":\"ImageObject\",\"inLanguage\":\"pl-PL\",\"@id\":\"https:\/\/instytutpolski.pl\/praha\/kontakty-2\/#primaryimage\",\"url\":\"https:\/\/instytutpolski.pl\/praha\/wp-content\/uploads\/sites\/10\/2024\/04\/DSC00425.jpg\",\"contentUrl\":\"https:\/\/instytutpolski.pl\/praha\/wp-content\/uploads\/sites\/10\/2024\/04\/DSC00425.jpg\",\"width\":1365,\"height\":2048},{\"@type\":\"BreadcrumbList\",\"@id\":\"https:\/\/instytutpolski.pl\/praha\/kontakty-2\/#breadcrumb\",\"itemListElement\":[{\"@type\":\"ListItem\",\"position\":1,\"name\":\"Home\",\"item\":\"https:\/\/instytutpolski.pl\/praha\/\"},{\"@type\":\"ListItem\",\"position\":2,\"name\":\"Kontakty\"}]},{\"@type\":\"WebSite\",\"@id\":\"https:\/\/instytutpolski.pl\/praha\/#website\",\"url\":\"https:\/\/instytutpolski.pl\/praha\/\",\"name\":\"Instytut Polski w Pradze\",\"description\":\"Instytuty Polskie\",\"potentialAction\":[{\"@type\":\"SearchAction\",\"target\":{\"@type\":\"EntryPoint\",\"urlTemplate\":\"https:\/\/instytutpolski.pl\/praha\/?s={search_term_string}\"},\"query-input\":{\"@type\":\"PropertyValueSpecification\",\"valueRequired\":true,\"valueName\":\"search_term_string\"}}],\"inLanguage\":\"pl-PL\"}]}<\/script>\n<!-- \/ Yoast SEO plugin. -->","yoast_head_json":{"title":"Kontakty - Instytut Polski w Pradze","robots":{"index":"index","follow":"follow","max-snippet":"max-snippet:-1","max-image-preview":"max-image-preview:large","max-video-preview":"max-video-preview:-1"},"canonical":"https:\/\/instytutpolski.pl\/praha\/kontakty-2\/","og_locale":"pl_PL","og_type":"article","og_title":"Kontakty - Instytut Polski w Pradze","og_description":"Polsk\u00fd institut v Praze N\u00e1rodn\u00ed 961\/25 (pal\u00e1c Metro, schodi\u0161t\u011b B, 2. patro)110 00 Praha 1Tel.: +420 220 410 410 praga@instytutpolski.pl Otev\u00edrac\u00ed doba pro ve\u0159ejnostpo\u2014p\u00e1: 10.00\u201415.00 Otev\u00edrac\u00ed doba knihovny zde Tel. knihovna\/kurzy+420 220 410 417 (v otev\u00edrac\u00ed dob\u011b knihovny) Informace o pod\u00e1v\u00e1n\u00ed st\u00ed\u017enost\u00ed a \u017e\u00e1dost\u00ed zde Veden\u00ed a zam\u011bstnanci Monika Olech \u2013 \u0159editelkaTel. +420 \/ 220 [&hellip;]","og_url":"https:\/\/instytutpolski.pl\/praha\/kontakty-2\/","og_site_name":"Instytut Polski w Pradze","article_modified_time":"2025-09-30T13:09:13+00:00","og_image":[{"width":1365,"height":2048,"url":"https:\/\/instytutpolski.pl\/praha\/wp-content\/uploads\/sites\/10\/2024\/04\/DSC00425.jpg","type":"image\/jpeg"}],"twitter_card":"summary_large_image","twitter_misc":{"Szacowany czas czytania":"2 minuty"},"schema":{"@context":"https:\/\/schema.org","@graph":[{"@type":"WebPage","@id":"https:\/\/instytutpolski.pl\/praha\/kontakty-2\/","url":"https:\/\/instytutpolski.pl\/praha\/kontakty-2\/","name":"Kontakty - Instytut Polski w Pradze","isPartOf":{"@id":"https:\/\/instytutpolski.pl\/praha\/#website"},"primaryImageOfPage":{"@id":"https:\/\/instytutpolski.pl\/praha\/kontakty-2\/#primaryimage"},"image":{"@id":"https:\/\/instytutpolski.pl\/praha\/kontakty-2\/#primaryimage"},"thumbnailUrl":"https:\/\/instytutpolski.pl\/praha\/wp-content\/uploads\/sites\/10\/2024\/04\/DSC00425.jpg","datePublished":"2019-05-27T09:37:39+00:00","dateModified":"2025-09-30T13:09:13+00:00","breadcrumb":{"@id":"https:\/\/instytutpolski.pl\/praha\/kontakty-2\/#breadcrumb"},"inLanguage":"pl-PL","potentialAction":[{"@type":"ReadAction","target":["https:\/\/instytutpolski.pl\/praha\/kontakty-2\/"]}]},{"@type":"ImageObject","inLanguage":"pl-PL","@id":"https:\/\/instytutpolski.pl\/praha\/kontakty-2\/#primaryimage","url":"https:\/\/instytutpolski.pl\/praha\/wp-content\/uploads\/sites\/10\/2024\/04\/DSC00425.jpg","contentUrl":"https:\/\/instytutpolski.pl\/praha\/wp-content\/uploads\/sites\/10\/2024\/04\/DSC00425.jpg","width":1365,"height":2048},{"@type":"BreadcrumbList","@id":"https:\/\/instytutpolski.pl\/praha\/kontakty-2\/#breadcrumb","itemListElement":[{"@type":"ListItem","position":1,"name":"Home","item":"https:\/\/instytutpolski.pl\/praha\/"},{"@type":"ListItem","position":2,"name":"Kontakty"}]},{"@type":"WebSite","@id":"https:\/\/instytutpolski.pl\/praha\/#website","url":"https:\/\/instytutpolski.pl\/praha\/","name":"Instytut Polski w Pradze","description":"Instytuty Polskie","potentialAction":[{"@type":"SearchAction","target":{"@type":"EntryPoint","urlTemplate":"https:\/\/instytutpolski.pl\/praha\/?s={search_term_string}"},"query-input":{"@type":"PropertyValueSpecification","valueRequired":true,"valueName":"search_term_string"}}],"inLanguage":"pl-PL"}]}},"_links":{"self":[{"href":"https:\/\/instytutpolski.pl\/praha\/wp-json\/wp\/v2\/pages\/22","targetHints":{"allow":["GET"]}}],"collection":[{"href":"https:\/\/instytutpolski.pl\/praha\/wp-json\/wp\/v2\/pages"}],"about":[{"href":"https:\/\/instytutpolski.pl\/praha\/wp-json\/wp\/v2\/types\/page"}],"author":[{"embeddable":true,"href":"https:\/\/instytutpolski.pl\/praha\/wp-json\/wp\/v2\/users\/1"}],"replies":[{"embeddable":true,"href":"https:\/\/instytutpolski.pl\/praha\/wp-json\/wp\/v2\/comments?post=22"}],"version-history":[{"count":45,"href":"https:\/\/instytutpolski.pl\/praha\/wp-json\/wp\/v2\/pages\/22\/revisions"}],"predecessor-version":[{"id":12512,"href":"https:\/\/instytutpolski.pl\/praha\/wp-json\/wp\/v2\/pages\/22\/revisions\/12512"}],"wp:featuredmedia":[{"embeddable":true,"href":"https:\/\/instytutpolski.pl\/praha\/wp-json\/wp\/v2\/media\/10116"}],"wp:attachment":[{"href":"https:\/\/instytutpolski.pl\/praha\/wp-json\/wp\/v2\/media?parent=22"}],"curies":[{"name":"wp","href":"https:\/\/api.w.org\/{rel}","templated":true}]}}