{"id":365,"date":"2019-06-25T09:46:28","date_gmt":"2019-06-25T07:46:28","guid":{"rendered":"https:\/\/instytutpolski.pl\/praga\/?page_id=365"},"modified":"2025-08-14T10:17:13","modified_gmt":"2025-08-14T08:17:13","slug":"online-kurzy-a-vyukove-materialy","status":"publish","type":"page","link":"https:\/\/instytutpolski.pl\/praha\/polstina\/online-kurzy-a-vyukove-materialy\/","title":{"rendered":"Online kurzy a v\u00fdukov\u00e9 materi\u00e1ly"},"content":{"rendered":"\n<ul class=\"wp-block-list\">\n<li>V\u00edcejazy\u010dn\u00fd port\u00e1l pro v\u00fduku pol\u0161tiny <a href=\"https:\/\/polski.info\/cs?fbclid=IwAR2VJoOfRVO-Xh1Em5ZDf4TfdUfDaFYYthpYUxOap3CW-k37r57FZyUZfhM\" target=\"_blank\" rel=\"noreferrer noopener\">polski.info<\/a><\/li>\n\n\n\n<li>Pol\u0161tina pro za\u010d\u00e1te\u010dn\u00edky a vlastiv\u011bdn\u00fd port\u00e1l o Polsku hravou formou <a href=\"http:\/\/www.popolskupopolsce.edu.pl\/\" target=\"_blank\" rel=\"noreferrer noopener\">Po polsku po Polsce<\/a><\/li>\n\n\n\n<li>Online kurzy pol\u0161tiny \u2013 <a href=\"https:\/\/kurspolskiego.pl\/kursy-online\/\" target=\"_blank\" rel=\"noreferrer noopener\">Varia, Centrum j\u0119zyka polskiego<\/a><\/li>\n<\/ul>\n","protected":false},"excerpt":{"rendered":"","protected":false},"author":1,"featured_media":1852,"parent":353,"menu_order":0,"comment_status":"closed","ping_status":"closed","template":"","meta":{"inline_featured_image":false,"_monsterinsights_skip_tracking":false,"_monsterinsights_sitenote_active":false,"_monsterinsights_sitenote_note":"","_monsterinsights_sitenote_category":0,"footnotes":""},"class_list":["post-365","page","type-page","status-publish","has-post-thumbnail","hentry"],"yoast_head":"<!-- This site is optimized with the Yoast SEO plugin v24.6 - https:\/\/yoast.com\/wordpress\/plugins\/seo\/ -->\n<title>Online kurzy a v\u00fdukov\u00e9 materi\u00e1ly - Instytut Polski w Pradze<\/title>\n<meta name=\"robots\" content=\"index, follow, max-snippet:-1, max-image-preview:large, max-video-preview:-1\" \/>\n<link rel=\"canonical\" href=\"https:\/\/instytutpolski.pl\/praha\/polstina\/online-kurzy-a-vyukove-materialy\/\" \/>\n<meta property=\"og:locale\" content=\"pl_PL\" \/>\n<meta property=\"og:type\" content=\"article\" \/>\n<meta property=\"og:title\" content=\"Online kurzy a v\u00fdukov\u00e9 materi\u00e1ly - Instytut Polski w Pradze\" \/>\n<meta property=\"og:url\" content=\"https:\/\/instytutpolski.pl\/praha\/polstina\/online-kurzy-a-vyukove-materialy\/\" \/>\n<meta property=\"og:site_name\" content=\"Instytut Polski w Pradze\" \/>\n<meta property=\"article:modified_time\" content=\"2025-08-14T08:17:13+00:00\" \/>\n<meta property=\"og:image\" content=\"https:\/\/instytutpolski.pl\/praha\/wp-content\/uploads\/sites\/10\/2020\/06\/zero_napiecia_vyrez.jpg\" \/>\n\t<meta property=\"og:image:width\" content=\"1997\" \/>\n\t<meta property=\"og:image:height\" content=\"806\" \/>\n\t<meta property=\"og:image:type\" content=\"image\/jpeg\" \/>\n<meta name=\"twitter:card\" content=\"summary_large_image\" \/>\n<meta name=\"twitter:label1\" content=\"Szacowany czas czytania\" \/>\n\t<meta name=\"twitter:data1\" content=\"1 minuta\" \/>\n<script type=\"application\/ld+json\" class=\"yoast-schema-graph\">{\"@context\":\"https:\/\/schema.org\",\"@graph\":[{\"@type\":\"WebPage\",\"@id\":\"https:\/\/instytutpolski.pl\/praha\/polstina\/online-kurzy-a-vyukove-materialy\/\",\"url\":\"https:\/\/instytutpolski.pl\/praha\/polstina\/online-kurzy-a-vyukove-materialy\/\",\"name\":\"Online kurzy a v\u00fdukov\u00e9 materi\u00e1ly - Instytut Polski w Pradze\",\"isPartOf\":{\"@id\":\"https:\/\/instytutpolski.pl\/praha\/#website\"},\"primaryImageOfPage\":{\"@id\":\"https:\/\/instytutpolski.pl\/praha\/polstina\/online-kurzy-a-vyukove-materialy\/#primaryimage\"},\"image\":{\"@id\":\"https:\/\/instytutpolski.pl\/praha\/polstina\/online-kurzy-a-vyukove-materialy\/#primaryimage\"},\"thumbnailUrl\":\"https:\/\/instytutpolski.pl\/praha\/wp-content\/uploads\/sites\/10\/2020\/06\/zero_napiecia_vyrez.jpg\",\"datePublished\":\"2019-06-25T07:46:28+00:00\",\"dateModified\":\"2025-08-14T08:17:13+00:00\",\"breadcrumb\":{\"@id\":\"https:\/\/instytutpolski.pl\/praha\/polstina\/online-kurzy-a-vyukove-materialy\/#breadcrumb\"},\"inLanguage\":\"pl-PL\",\"potentialAction\":[{\"@type\":\"ReadAction\",\"target\":[\"https:\/\/instytutpolski.pl\/praha\/polstina\/online-kurzy-a-vyukove-materialy\/\"]}]},{\"@type\":\"ImageObject\",\"inLanguage\":\"pl-PL\",\"@id\":\"https:\/\/instytutpolski.pl\/praha\/polstina\/online-kurzy-a-vyukove-materialy\/#primaryimage\",\"url\":\"https:\/\/instytutpolski.pl\/praha\/wp-content\/uploads\/sites\/10\/2020\/06\/zero_napiecia_vyrez.jpg\",\"contentUrl\":\"https:\/\/instytutpolski.pl\/praha\/wp-content\/uploads\/sites\/10\/2020\/06\/zero_napiecia_vyrez.jpg\",\"width\":1997,\"height\":806},{\"@type\":\"BreadcrumbList\",\"@id\":\"https:\/\/instytutpolski.pl\/praha\/polstina\/online-kurzy-a-vyukove-materialy\/#breadcrumb\",\"itemListElement\":[{\"@type\":\"ListItem\",\"position\":1,\"name\":\"Home\",\"item\":\"https:\/\/instytutpolski.pl\/praha\/\"},{\"@type\":\"ListItem\",\"position\":2,\"name\":\"Pol\u0161tina\",\"item\":\"https:\/\/instytutpolski.pl\/praha\/polstina\/\"},{\"@type\":\"ListItem\",\"position\":3,\"name\":\"Online kurzy a v\u00fdukov\u00e9 materi\u00e1ly\"}]},{\"@type\":\"WebSite\",\"@id\":\"https:\/\/instytutpolski.pl\/praha\/#website\",\"url\":\"https:\/\/instytutpolski.pl\/praha\/\",\"name\":\"Instytut Polski w Pradze\",\"description\":\"Instytuty Polskie\",\"potentialAction\":[{\"@type\":\"SearchAction\",\"target\":{\"@type\":\"EntryPoint\",\"urlTemplate\":\"https:\/\/instytutpolski.pl\/praha\/?s={search_term_string}\"},\"query-input\":{\"@type\":\"PropertyValueSpecification\",\"valueRequired\":true,\"valueName\":\"search_term_string\"}}],\"inLanguage\":\"pl-PL\"}]}<\/script>\n<!-- \/ Yoast SEO plugin. -->","yoast_head_json":{"title":"Online kurzy a v\u00fdukov\u00e9 materi\u00e1ly - Instytut Polski w Pradze","robots":{"index":"index","follow":"follow","max-snippet":"max-snippet:-1","max-image-preview":"max-image-preview:large","max-video-preview":"max-video-preview:-1"},"canonical":"https:\/\/instytutpolski.pl\/praha\/polstina\/online-kurzy-a-vyukove-materialy\/","og_locale":"pl_PL","og_type":"article","og_title":"Online kurzy a v\u00fdukov\u00e9 materi\u00e1ly - Instytut Polski w Pradze","og_url":"https:\/\/instytutpolski.pl\/praha\/polstina\/online-kurzy-a-vyukove-materialy\/","og_site_name":"Instytut Polski w Pradze","article_modified_time":"2025-08-14T08:17:13+00:00","og_image":[{"width":1997,"height":806,"url":"https:\/\/instytutpolski.pl\/praha\/wp-content\/uploads\/sites\/10\/2020\/06\/zero_napiecia_vyrez.jpg","type":"image\/jpeg"}],"twitter_card":"summary_large_image","twitter_misc":{"Szacowany czas czytania":"1 minuta"},"schema":{"@context":"https:\/\/schema.org","@graph":[{"@type":"WebPage","@id":"https:\/\/instytutpolski.pl\/praha\/polstina\/online-kurzy-a-vyukove-materialy\/","url":"https:\/\/instytutpolski.pl\/praha\/polstina\/online-kurzy-a-vyukove-materialy\/","name":"Online kurzy a v\u00fdukov\u00e9 materi\u00e1ly - Instytut Polski w Pradze","isPartOf":{"@id":"https:\/\/instytutpolski.pl\/praha\/#website"},"primaryImageOfPage":{"@id":"https:\/\/instytutpolski.pl\/praha\/polstina\/online-kurzy-a-vyukove-materialy\/#primaryimage"},"image":{"@id":"https:\/\/instytutpolski.pl\/praha\/polstina\/online-kurzy-a-vyukove-materialy\/#primaryimage"},"thumbnailUrl":"https:\/\/instytutpolski.pl\/praha\/wp-content\/uploads\/sites\/10\/2020\/06\/zero_napiecia_vyrez.jpg","datePublished":"2019-06-25T07:46:28+00:00","dateModified":"2025-08-14T08:17:13+00:00","breadcrumb":{"@id":"https:\/\/instytutpolski.pl\/praha\/polstina\/online-kurzy-a-vyukove-materialy\/#breadcrumb"},"inLanguage":"pl-PL","potentialAction":[{"@type":"ReadAction","target":["https:\/\/instytutpolski.pl\/praha\/polstina\/online-kurzy-a-vyukove-materialy\/"]}]},{"@type":"ImageObject","inLanguage":"pl-PL","@id":"https:\/\/instytutpolski.pl\/praha\/polstina\/online-kurzy-a-vyukove-materialy\/#primaryimage","url":"https:\/\/instytutpolski.pl\/praha\/wp-content\/uploads\/sites\/10\/2020\/06\/zero_napiecia_vyrez.jpg","contentUrl":"https:\/\/instytutpolski.pl\/praha\/wp-content\/uploads\/sites\/10\/2020\/06\/zero_napiecia_vyrez.jpg","width":1997,"height":806},{"@type":"BreadcrumbList","@id":"https:\/\/instytutpolski.pl\/praha\/polstina\/online-kurzy-a-vyukove-materialy\/#breadcrumb","itemListElement":[{"@type":"ListItem","position":1,"name":"Home","item":"https:\/\/instytutpolski.pl\/praha\/"},{"@type":"ListItem","position":2,"name":"Pol\u0161tina","item":"https:\/\/instytutpolski.pl\/praha\/polstina\/"},{"@type":"ListItem","position":3,"name":"Online kurzy a v\u00fdukov\u00e9 materi\u00e1ly"}]},{"@type":"WebSite","@id":"https:\/\/instytutpolski.pl\/praha\/#website","url":"https:\/\/instytutpolski.pl\/praha\/","name":"Instytut Polski w Pradze","description":"Instytuty Polskie","potentialAction":[{"@type":"SearchAction","target":{"@type":"EntryPoint","urlTemplate":"https:\/\/instytutpolski.pl\/praha\/?s={search_term_string}"},"query-input":{"@type":"PropertyValueSpecification","valueRequired":true,"valueName":"search_term_string"}}],"inLanguage":"pl-PL"}]}},"_links":{"self":[{"href":"https:\/\/instytutpolski.pl\/praha\/wp-json\/wp\/v2\/pages\/365","targetHints":{"allow":["GET"]}}],"collection":[{"href":"https:\/\/instytutpolski.pl\/praha\/wp-json\/wp\/v2\/pages"}],"about":[{"href":"https:\/\/instytutpolski.pl\/praha\/wp-json\/wp\/v2\/types\/page"}],"author":[{"embeddable":true,"href":"https:\/\/instytutpolski.pl\/praha\/wp-json\/wp\/v2\/users\/1"}],"replies":[{"embeddable":true,"href":"https:\/\/instytutpolski.pl\/praha\/wp-json\/wp\/v2\/comments?post=365"}],"version-history":[{"count":8,"href":"https:\/\/instytutpolski.pl\/praha\/wp-json\/wp\/v2\/pages\/365\/revisions"}],"predecessor-version":[{"id":12280,"href":"https:\/\/instytutpolski.pl\/praha\/wp-json\/wp\/v2\/pages\/365\/revisions\/12280"}],"up":[{"embeddable":true,"href":"https:\/\/instytutpolski.pl\/praha\/wp-json\/wp\/v2\/pages\/353"}],"wp:featuredmedia":[{"embeddable":true,"href":"https:\/\/instytutpolski.pl\/praha\/wp-json\/wp\/v2\/media\/1852"}],"wp:attachment":[{"href":"https:\/\/instytutpolski.pl\/praha\/wp-json\/wp\/v2\/media?parent=365"}],"curies":[{"name":"wp","href":"https:\/\/api.w.org\/{rel}","templated":true}]}}