{"id":46,"date":"2019-05-27T12:12:02","date_gmt":"2019-05-27T10:12:02","guid":{"rendered":"https:\/\/instytutpolski.pl\/praga\/?page_id=46"},"modified":"2026-03-05T14:25:00","modified_gmt":"2026-03-05T13:25:00","slug":"biblioteka","status":"publish","type":"page","link":"https:\/\/instytutpolski.pl\/praha\/biblioteka\/","title":{"rendered":"Biblioteka"},"content":{"rendered":"\n<p>Publicznie dost\u0119pna biblioteka, do kt\u00f3rej mog\u0105 bezp\u0142atnie zapisywa\u0107 si\u0119 wszystkie osoby zainteresowane. W zbiorach biblioteki znajduj\u0105 si\u0119 publikacje z zakresu literatury specjalistycznej, encyklopedie, s\u0142owniki, podr\u0119czniki do nauki j\u0119zyka polskiego a tak\u017ce wyb\u00f3r nowszych i starszych polskich utwor\u00f3w beletrystycznych, poezji, literatury faktu oraz literatury dla dzieci i m\u0142odzie\u017cy w j\u0119zyku polskim i w t\u0142umaczeniu na j\u0119zyk czeski. Biblioteka zaopatrzona jest r\u00f3wnie\u017c w polskie filmy i nagrania polskich spektakli teatralnych na DVD oraz p\u0142yty CD z polsk\u0105 muzyk\u0105 klasyczn\u0105, jazzow\u0105 i popularn\u0105. Baz\u0119 zbior\u00f3w bibliotecznych mo\u017cna przegl\u0105da\u0107 w <a href=\"https:\/\/xn--szukamksiki-4kb16m.pl\/SkNewWeb\/start#\/\" target=\"_blank\" rel=\"noopener\">katalogu on-line<\/a>. W czytelni biblioteki dost\u0119pny jest wyb\u00f3r bie\u017c\u0105cej polskiej prasy.<\/p>\n<hr \/>\n<h2><strong><span style=\"text-decoration: underline\">GODZINY OTWARCIA<\/span><\/strong><\/h2>\n<p><strong>Godziny otwarcia w marcu 2026 r.<\/strong><\/p>\n<p>wtorek \u00a0\u00a0\u00a0\u00a0\u00a0\u00a0\u00a0\u00a0\u00a0\u00a0 14:00 \u2013 18:00<br \/>czwartek\u00a0\u00a0\u00a0\u00a0\u00a0\u00a0\u00a0 10:00 \u2013 13:00 <br \/>pi\u0105tek\u00a0\u00a0\u00a0\u00a0\u00a0\u00a0\u00a0\u00a0\u00a0\u00a0\u00a0\u00a0 11:00 \u2013 15:00<br \/><strong><br \/><\/strong><\/p>\n<hr \/>\n<p>\u00a0<\/p>\n<h2><strong>Wspieranie przek\u0142ad\u00f3w ksi\u0105\u017cek<\/strong><\/h2>\n<p>Instytut Polski w Pradze wsp\u00f3\u0142pracuje z czeskimi t\u0142umaczami i wydawcami w zakresie wyboru i promocji przek\u0142ad\u00f3w polskich ksi\u0105\u017cek w Czechach przy wsparciu Instytutu Ksi\u0105\u017cki, kt\u00f3ry oferuje programy grantowe, skierowane do wydawc\u00f3w i t\u0142umaczy. Instytut Polski w Pradze uczestniczy tak\u017ce bezpo\u015brednio w wydawaniu wybranych publikacji.<\/p>\n<p><a href=\"https:\/\/instytutpolski.pl\/praga\/pl\/instytut-ksiazki-w-krakowie\/\">\u00bb Instytut Ksi\u0105\u017cki w Krakowie<\/a><\/p>\n<h2><strong>Gdzie mo\u017cna kupi\u0107 polskie ksi\u0105\u017cki?<\/strong><\/h2>\n<p><strong>Ksi\u0119garnia polska w Republice Czeskiej:<\/strong><\/p>\n<p>Klub Polskiej Ksi\u0105\u017cki i Prasy<br \/>Dana Wirthov\u00e1\u00a0<br \/>Ksi\u0119garnia \/ Knihkupectv\u00ed: \u010capkova 7, 731 01 \u010cesk\u00fd T\u011b\u0161\u00edn<br \/>+420 776 390 704\u00a0<br \/>ksiegarnia@polonica.cz\u00a0<\/p>\n<p><strong>Ksi\u0119garnie internetowe<\/strong><\/p>\n<p><a href=\"https:\/\/www.megaknihy.cz\/\" target=\"_blank\" rel=\"noopener\">www.megaknihy.cz<\/a><br \/><a href=\"http:\/\/www.polskeknihy.cz\/\">www.polskeknihy.cz<\/a><br \/><a href=\"http:\/\/www.knihy24.cz\/\">www.knihy24.cz<\/a><br \/><a href=\"http:\/\/www.ctemedetemjinak.cz\/\">www.ctemeDETEMJINAK.cz<\/a><\/p>\n<p><strong>Bardziej szczeg\u00f3\u0142owe informacje na temat mo\u017cliwo\u015bci zakupu polskich ksi\u0105\u017cek mo\u017cna uzyska\u0107 w naszej bibliotece.<\/strong><\/p>\n\n\n\n<p><\/p>\n","protected":false},"excerpt":{"rendered":"<p>Publicznie dost\u0119pna biblioteka, do kt\u00f3rej mog\u0105 bezp\u0142atnie zapisywa\u0107 si\u0119 wszystkie osoby zainteresowane. W zbiorach biblioteki znajduj\u0105 si\u0119 publikacje z zakresu literatury specjalistycznej, encyklopedie, s\u0142owniki, podr\u0119czniki do nauki j\u0119zyka polskiego a tak\u017ce wyb\u00f3r nowszych i starszych polskich utwor\u00f3w beletrystycznych, poezji, literatury faktu oraz literatury dla dzieci i m\u0142odzie\u017cy w j\u0119zyku polskim i w t\u0142umaczeniu na j\u0119zyk [&hellip;]<\/p>\n","protected":false},"author":1,"featured_media":11275,"parent":0,"menu_order":0,"comment_status":"closed","ping_status":"closed","template":"","meta":{"inline_featured_image":false,"_monsterinsights_skip_tracking":false,"_monsterinsights_sitenote_active":false,"_monsterinsights_sitenote_note":"","_monsterinsights_sitenote_category":0,"footnotes":""},"class_list":["post-46","page","type-page","status-publish","has-post-thumbnail","hentry"],"yoast_head":"<!-- This site is optimized with the Yoast SEO plugin v24.6 - https:\/\/yoast.com\/wordpress\/plugins\/seo\/ -->\n<title>Biblioteka - Instytut Polski w Pradze<\/title>\n<meta name=\"robots\" content=\"index, follow, max-snippet:-1, max-image-preview:large, max-video-preview:-1\" \/>\n<link rel=\"canonical\" href=\"https:\/\/instytutpolski.pl\/praha\/biblioteka\/\" \/>\n<meta property=\"og:locale\" content=\"pl_PL\" \/>\n<meta property=\"og:type\" content=\"article\" \/>\n<meta property=\"og:title\" content=\"Biblioteka - Instytut Polski w Pradze\" \/>\n<meta property=\"og:description\" content=\"Publicznie dost\u0119pna biblioteka, do kt\u00f3rej mog\u0105 bezp\u0142atnie zapisywa\u0107 si\u0119 wszystkie osoby zainteresowane. W zbiorach biblioteki znajduj\u0105 si\u0119 publikacje z zakresu literatury specjalistycznej, encyklopedie, s\u0142owniki, podr\u0119czniki do nauki j\u0119zyka polskiego a tak\u017ce wyb\u00f3r nowszych i starszych polskich utwor\u00f3w beletrystycznych, poezji, literatury faktu oraz literatury dla dzieci i m\u0142odzie\u017cy w j\u0119zyku polskim i w t\u0142umaczeniu na j\u0119zyk [&hellip;]\" \/>\n<meta property=\"og:url\" content=\"https:\/\/instytutpolski.pl\/praha\/biblioteka\/\" \/>\n<meta property=\"og:site_name\" content=\"Instytut Polski w Pradze\" \/>\n<meta property=\"article:modified_time\" content=\"2026-03-05T13:25:00+00:00\" \/>\n<meta property=\"og:image\" content=\"https:\/\/instytutpolski.pl\/praha\/wp-content\/uploads\/sites\/10\/2024\/11\/knihovna_web.jpg\" \/>\n\t<meta property=\"og:image:width\" content=\"2000\" \/>\n\t<meta property=\"og:image:height\" content=\"1333\" \/>\n\t<meta property=\"og:image:type\" content=\"image\/jpeg\" \/>\n<meta name=\"twitter:card\" content=\"summary_large_image\" \/>\n<meta name=\"twitter:label1\" content=\"Szacowany czas czytania\" \/>\n\t<meta name=\"twitter:data1\" content=\"2 minuty\" \/>\n<script type=\"application\/ld+json\" class=\"yoast-schema-graph\">{\"@context\":\"https:\/\/schema.org\",\"@graph\":[{\"@type\":\"WebPage\",\"@id\":\"https:\/\/instytutpolski.pl\/praha\/biblioteka\/\",\"url\":\"https:\/\/instytutpolski.pl\/praha\/biblioteka\/\",\"name\":\"Biblioteka - Instytut Polski w Pradze\",\"isPartOf\":{\"@id\":\"https:\/\/instytutpolski.pl\/praha\/#website\"},\"primaryImageOfPage\":{\"@id\":\"https:\/\/instytutpolski.pl\/praha\/biblioteka\/#primaryimage\"},\"image\":{\"@id\":\"https:\/\/instytutpolski.pl\/praha\/biblioteka\/#primaryimage\"},\"thumbnailUrl\":\"https:\/\/instytutpolski.pl\/praha\/wp-content\/uploads\/sites\/10\/2024\/11\/knihovna_web.jpg\",\"datePublished\":\"2019-05-27T10:12:02+00:00\",\"dateModified\":\"2026-03-05T13:25:00+00:00\",\"breadcrumb\":{\"@id\":\"https:\/\/instytutpolski.pl\/praha\/biblioteka\/#breadcrumb\"},\"inLanguage\":\"pl-PL\",\"potentialAction\":[{\"@type\":\"ReadAction\",\"target\":[\"https:\/\/instytutpolski.pl\/praha\/biblioteka\/\"]}]},{\"@type\":\"ImageObject\",\"inLanguage\":\"pl-PL\",\"@id\":\"https:\/\/instytutpolski.pl\/praha\/biblioteka\/#primaryimage\",\"url\":\"https:\/\/instytutpolski.pl\/praha\/wp-content\/uploads\/sites\/10\/2024\/11\/knihovna_web.jpg\",\"contentUrl\":\"https:\/\/instytutpolski.pl\/praha\/wp-content\/uploads\/sites\/10\/2024\/11\/knihovna_web.jpg\",\"width\":2000,\"height\":1333},{\"@type\":\"BreadcrumbList\",\"@id\":\"https:\/\/instytutpolski.pl\/praha\/biblioteka\/#breadcrumb\",\"itemListElement\":[{\"@type\":\"ListItem\",\"position\":1,\"name\":\"Home\",\"item\":\"https:\/\/instytutpolski.pl\/praha\/\"},{\"@type\":\"ListItem\",\"position\":2,\"name\":\"Biblioteka\"}]},{\"@type\":\"WebSite\",\"@id\":\"https:\/\/instytutpolski.pl\/praha\/#website\",\"url\":\"https:\/\/instytutpolski.pl\/praha\/\",\"name\":\"Instytut Polski w Pradze\",\"description\":\"Instytuty Polskie\",\"potentialAction\":[{\"@type\":\"SearchAction\",\"target\":{\"@type\":\"EntryPoint\",\"urlTemplate\":\"https:\/\/instytutpolski.pl\/praha\/?s={search_term_string}\"},\"query-input\":{\"@type\":\"PropertyValueSpecification\",\"valueRequired\":true,\"valueName\":\"search_term_string\"}}],\"inLanguage\":\"pl-PL\"}]}<\/script>\n<!-- \/ Yoast SEO plugin. -->","yoast_head_json":{"title":"Biblioteka - Instytut Polski w Pradze","robots":{"index":"index","follow":"follow","max-snippet":"max-snippet:-1","max-image-preview":"max-image-preview:large","max-video-preview":"max-video-preview:-1"},"canonical":"https:\/\/instytutpolski.pl\/praha\/biblioteka\/","og_locale":"pl_PL","og_type":"article","og_title":"Biblioteka - Instytut Polski w Pradze","og_description":"Publicznie dost\u0119pna biblioteka, do kt\u00f3rej mog\u0105 bezp\u0142atnie zapisywa\u0107 si\u0119 wszystkie osoby zainteresowane. W zbiorach biblioteki znajduj\u0105 si\u0119 publikacje z zakresu literatury specjalistycznej, encyklopedie, s\u0142owniki, podr\u0119czniki do nauki j\u0119zyka polskiego a tak\u017ce wyb\u00f3r nowszych i starszych polskich utwor\u00f3w beletrystycznych, poezji, literatury faktu oraz literatury dla dzieci i m\u0142odzie\u017cy w j\u0119zyku polskim i w t\u0142umaczeniu na j\u0119zyk [&hellip;]","og_url":"https:\/\/instytutpolski.pl\/praha\/biblioteka\/","og_site_name":"Instytut Polski w Pradze","article_modified_time":"2026-03-05T13:25:00+00:00","og_image":[{"width":2000,"height":1333,"url":"https:\/\/instytutpolski.pl\/praha\/wp-content\/uploads\/sites\/10\/2024\/11\/knihovna_web.jpg","type":"image\/jpeg"}],"twitter_card":"summary_large_image","twitter_misc":{"Szacowany czas czytania":"2 minuty"},"schema":{"@context":"https:\/\/schema.org","@graph":[{"@type":"WebPage","@id":"https:\/\/instytutpolski.pl\/praha\/biblioteka\/","url":"https:\/\/instytutpolski.pl\/praha\/biblioteka\/","name":"Biblioteka - Instytut Polski w Pradze","isPartOf":{"@id":"https:\/\/instytutpolski.pl\/praha\/#website"},"primaryImageOfPage":{"@id":"https:\/\/instytutpolski.pl\/praha\/biblioteka\/#primaryimage"},"image":{"@id":"https:\/\/instytutpolski.pl\/praha\/biblioteka\/#primaryimage"},"thumbnailUrl":"https:\/\/instytutpolski.pl\/praha\/wp-content\/uploads\/sites\/10\/2024\/11\/knihovna_web.jpg","datePublished":"2019-05-27T10:12:02+00:00","dateModified":"2026-03-05T13:25:00+00:00","breadcrumb":{"@id":"https:\/\/instytutpolski.pl\/praha\/biblioteka\/#breadcrumb"},"inLanguage":"pl-PL","potentialAction":[{"@type":"ReadAction","target":["https:\/\/instytutpolski.pl\/praha\/biblioteka\/"]}]},{"@type":"ImageObject","inLanguage":"pl-PL","@id":"https:\/\/instytutpolski.pl\/praha\/biblioteka\/#primaryimage","url":"https:\/\/instytutpolski.pl\/praha\/wp-content\/uploads\/sites\/10\/2024\/11\/knihovna_web.jpg","contentUrl":"https:\/\/instytutpolski.pl\/praha\/wp-content\/uploads\/sites\/10\/2024\/11\/knihovna_web.jpg","width":2000,"height":1333},{"@type":"BreadcrumbList","@id":"https:\/\/instytutpolski.pl\/praha\/biblioteka\/#breadcrumb","itemListElement":[{"@type":"ListItem","position":1,"name":"Home","item":"https:\/\/instytutpolski.pl\/praha\/"},{"@type":"ListItem","position":2,"name":"Biblioteka"}]},{"@type":"WebSite","@id":"https:\/\/instytutpolski.pl\/praha\/#website","url":"https:\/\/instytutpolski.pl\/praha\/","name":"Instytut Polski w Pradze","description":"Instytuty Polskie","potentialAction":[{"@type":"SearchAction","target":{"@type":"EntryPoint","urlTemplate":"https:\/\/instytutpolski.pl\/praha\/?s={search_term_string}"},"query-input":{"@type":"PropertyValueSpecification","valueRequired":true,"valueName":"search_term_string"}}],"inLanguage":"pl-PL"}]}},"_links":{"self":[{"href":"https:\/\/instytutpolski.pl\/praha\/wp-json\/wp\/v2\/pages\/46","targetHints":{"allow":["GET"]}}],"collection":[{"href":"https:\/\/instytutpolski.pl\/praha\/wp-json\/wp\/v2\/pages"}],"about":[{"href":"https:\/\/instytutpolski.pl\/praha\/wp-json\/wp\/v2\/types\/page"}],"author":[{"embeddable":true,"href":"https:\/\/instytutpolski.pl\/praha\/wp-json\/wp\/v2\/users\/1"}],"replies":[{"embeddable":true,"href":"https:\/\/instytutpolski.pl\/praha\/wp-json\/wp\/v2\/comments?post=46"}],"version-history":[{"count":191,"href":"https:\/\/instytutpolski.pl\/praha\/wp-json\/wp\/v2\/pages\/46\/revisions"}],"predecessor-version":[{"id":13309,"href":"https:\/\/instytutpolski.pl\/praha\/wp-json\/wp\/v2\/pages\/46\/revisions\/13309"}],"wp:featuredmedia":[{"embeddable":true,"href":"https:\/\/instytutpolski.pl\/praha\/wp-json\/wp\/v2\/media\/11275"}],"wp:attachment":[{"href":"https:\/\/instytutpolski.pl\/praha\/wp-json\/wp\/v2\/media?parent=46"}],"curies":[{"name":"wp","href":"https:\/\/api.w.org\/{rel}","templated":true}]}}