{"id":7078,"date":"2022-08-11T14:01:15","date_gmt":"2022-08-11T12:01:15","guid":{"rendered":"https:\/\/instytutpolski.pl\/praha\/?page_id=7078"},"modified":"2022-08-11T14:29:49","modified_gmt":"2022-08-11T12:29:49","slug":"polske-stopy-v-olomouci","status":"publish","type":"page","link":"https:\/\/instytutpolski.pl\/praha\/polske-stopy-v-olomouci\/","title":{"rendered":"Polsk\u00e9 stopy v Olomouci"},"content":{"rendered":"\n<p>H\u00e1dejte, na kter\u00e9m n\u00e1m\u011bst\u00ed se s \u017eelvou fotil polsk\u00fd premi\u00e9r Tadeusz Mazowiecki a kde dramatik S\u0142awomir Mro\u017cek hledal proslul\u00fd fiszplac?<br>Vydejte se s Polsk\u00fdm institutem v Praze a Michaelou Zormanovou po polsk\u00fdch stop\u00e1ch v Olomouci!<\/p>\n\n\n\n<p>Zvl\u00e1\u0161tn\u00ed pod\u011bkov\u00e1n\u00ed pat\u0159\u00ed Muzeu um\u011bn\u00ed Olomouc.<\/p>\n\n\n\n<figure class=\"wp-block-embed is-type-video is-provider-youtube wp-block-embed-youtube wp-embed-aspect-16-9 wp-has-aspect-ratio\"><div class=\"wp-block-embed__wrapper\">\nhttps:\/\/youtu.be\/IEWJ0ZHH5-E\n<\/div><\/figure>\n\n\n\n<figure class=\"wp-block-embed is-type-video is-provider-youtube wp-block-embed-youtube wp-embed-aspect-16-9 wp-has-aspect-ratio\"><div class=\"wp-block-embed__wrapper\">\nhttps:\/\/youtu.be\/ReZ4T2TmJGk\n<\/div><\/figure>\n\n\n\n<p><\/p>\n\n\n\n<p>S\u00e9ri\u00ed vide\u00ed Polsk\u00e9 stopy, kter\u00e1 se odehr\u00e1v\u00e1 v Brn\u011b, Olomouci a Ostrav\u011b, se Polsk\u00fd institut v Praze p\u0159ipojuje k celosv\u011btov\u00e9mu projektu\u00a0<a href=\"https:\/\/www.facebook.com\/hashtag\/polishheritagedays?__eep__=6&amp;__cft__[0]=AZUEuaJO07OZs9Y41iYGHU51yKnbC9XT14I0Ht868n2EKLrDYQ2oYReHbrMrFXYkQMHbkU12J3O-1nw2wCrHw3hRRuKgRONdsCgHJXiRndQaI0B3dnfmsq2GegTjzQ3UhUp33M9ZZ0QgyWVqefR7RuPDbEluE7CTFFCBboNXQ4j_EwQpmR_tzA0U-ZLfAXvJQrElagy6RsMTNDLPXEB7rv0n&amp;__tn__=*NK-R\">#PolishHeritageDays<\/a>, kter\u00fd je spojen\u00fd se sv\u00e1tkem Pol\u00e1k\u016f \u017eij\u00edc\u00edch v zahrani\u010d\u00ed a kon\u00e1 se ka\u017edoro\u010dn\u011b 2. kv\u011btna.<\/p>\n","protected":false},"excerpt":{"rendered":"<p>H\u00e1dejte, na kter\u00e9m n\u00e1m\u011bst\u00ed se s \u017eelvou fotil polsk\u00fd premi\u00e9r Tadeusz Mazowiecki a kde dramatik S\u0142awomir Mro\u017cek hledal proslul\u00fd fiszplac?Vydejte se s Polsk\u00fdm institutem v Praze a Michaelou Zormanovou po polsk\u00fdch stop\u00e1ch v Olomouci! Zvl\u00e1\u0161tn\u00ed pod\u011bkov\u00e1n\u00ed pat\u0159\u00ed Muzeu um\u011bn\u00ed Olomouc. S\u00e9ri\u00ed vide\u00ed Polsk\u00e9 stopy, kter\u00e1 se odehr\u00e1v\u00e1 v Brn\u011b, Olomouci a Ostrav\u011b, se Polsk\u00fd institut [&hellip;]<\/p>\n","protected":false},"author":161,"featured_media":0,"parent":0,"menu_order":0,"comment_status":"closed","ping_status":"closed","template":"","meta":{"inline_featured_image":false,"_monsterinsights_skip_tracking":false,"_monsterinsights_sitenote_active":false,"_monsterinsights_sitenote_note":"","_monsterinsights_sitenote_category":0,"footnotes":""},"class_list":["post-7078","page","type-page","status-publish","hentry"],"yoast_head":"<!-- This site is optimized with the Yoast SEO plugin v24.6 - https:\/\/yoast.com\/wordpress\/plugins\/seo\/ -->\n<title>Polsk\u00e9 stopy v Olomouci - Instytut Polski w Pradze<\/title>\n<meta name=\"robots\" content=\"index, follow, max-snippet:-1, max-image-preview:large, max-video-preview:-1\" \/>\n<link rel=\"canonical\" href=\"https:\/\/instytutpolski.pl\/praha\/polske-stopy-v-olomouci\/\" \/>\n<meta property=\"og:locale\" content=\"pl_PL\" \/>\n<meta property=\"og:type\" content=\"article\" \/>\n<meta property=\"og:title\" content=\"Polsk\u00e9 stopy v Olomouci - Instytut Polski w Pradze\" \/>\n<meta property=\"og:description\" content=\"H\u00e1dejte, na kter\u00e9m n\u00e1m\u011bst\u00ed se s \u017eelvou fotil polsk\u00fd premi\u00e9r Tadeusz Mazowiecki a kde dramatik S\u0142awomir Mro\u017cek hledal proslul\u00fd fiszplac?Vydejte se s Polsk\u00fdm institutem v Praze a Michaelou Zormanovou po polsk\u00fdch stop\u00e1ch v Olomouci! Zvl\u00e1\u0161tn\u00ed pod\u011bkov\u00e1n\u00ed pat\u0159\u00ed Muzeu um\u011bn\u00ed Olomouc. S\u00e9ri\u00ed vide\u00ed Polsk\u00e9 stopy, kter\u00e1 se odehr\u00e1v\u00e1 v Brn\u011b, Olomouci a Ostrav\u011b, se Polsk\u00fd institut [&hellip;]\" \/>\n<meta property=\"og:url\" content=\"https:\/\/instytutpolski.pl\/praha\/polske-stopy-v-olomouci\/\" \/>\n<meta property=\"og:site_name\" content=\"Instytut Polski w Pradze\" \/>\n<meta property=\"article:modified_time\" content=\"2022-08-11T12:29:49+00:00\" \/>\n<meta name=\"twitter:card\" content=\"summary_large_image\" \/>\n<meta name=\"twitter:label1\" content=\"Szacowany czas czytania\" \/>\n\t<meta name=\"twitter:data1\" content=\"1 minuta\" \/>\n<script type=\"application\/ld+json\" class=\"yoast-schema-graph\">{\"@context\":\"https:\/\/schema.org\",\"@graph\":[{\"@type\":\"WebPage\",\"@id\":\"https:\/\/instytutpolski.pl\/praha\/polske-stopy-v-olomouci\/\",\"url\":\"https:\/\/instytutpolski.pl\/praha\/polske-stopy-v-olomouci\/\",\"name\":\"Polsk\u00e9 stopy v Olomouci - Instytut Polski w Pradze\",\"isPartOf\":{\"@id\":\"https:\/\/instytutpolski.pl\/praha\/#website\"},\"datePublished\":\"2022-08-11T12:01:15+00:00\",\"dateModified\":\"2022-08-11T12:29:49+00:00\",\"breadcrumb\":{\"@id\":\"https:\/\/instytutpolski.pl\/praha\/polske-stopy-v-olomouci\/#breadcrumb\"},\"inLanguage\":\"pl-PL\",\"potentialAction\":[{\"@type\":\"ReadAction\",\"target\":[\"https:\/\/instytutpolski.pl\/praha\/polske-stopy-v-olomouci\/\"]}]},{\"@type\":\"BreadcrumbList\",\"@id\":\"https:\/\/instytutpolski.pl\/praha\/polske-stopy-v-olomouci\/#breadcrumb\",\"itemListElement\":[{\"@type\":\"ListItem\",\"position\":1,\"name\":\"Home\",\"item\":\"https:\/\/instytutpolski.pl\/praha\/\"},{\"@type\":\"ListItem\",\"position\":2,\"name\":\"Polsk\u00e9 stopy v Olomouci\"}]},{\"@type\":\"WebSite\",\"@id\":\"https:\/\/instytutpolski.pl\/praha\/#website\",\"url\":\"https:\/\/instytutpolski.pl\/praha\/\",\"name\":\"Instytut Polski w Pradze\",\"description\":\"Instytuty Polskie\",\"potentialAction\":[{\"@type\":\"SearchAction\",\"target\":{\"@type\":\"EntryPoint\",\"urlTemplate\":\"https:\/\/instytutpolski.pl\/praha\/?s={search_term_string}\"},\"query-input\":{\"@type\":\"PropertyValueSpecification\",\"valueRequired\":true,\"valueName\":\"search_term_string\"}}],\"inLanguage\":\"pl-PL\"}]}<\/script>\n<!-- \/ Yoast SEO plugin. -->","yoast_head_json":{"title":"Polsk\u00e9 stopy v Olomouci - Instytut Polski w Pradze","robots":{"index":"index","follow":"follow","max-snippet":"max-snippet:-1","max-image-preview":"max-image-preview:large","max-video-preview":"max-video-preview:-1"},"canonical":"https:\/\/instytutpolski.pl\/praha\/polske-stopy-v-olomouci\/","og_locale":"pl_PL","og_type":"article","og_title":"Polsk\u00e9 stopy v Olomouci - Instytut Polski w Pradze","og_description":"H\u00e1dejte, na kter\u00e9m n\u00e1m\u011bst\u00ed se s \u017eelvou fotil polsk\u00fd premi\u00e9r Tadeusz Mazowiecki a kde dramatik S\u0142awomir Mro\u017cek hledal proslul\u00fd fiszplac?Vydejte se s Polsk\u00fdm institutem v Praze a Michaelou Zormanovou po polsk\u00fdch stop\u00e1ch v Olomouci! Zvl\u00e1\u0161tn\u00ed pod\u011bkov\u00e1n\u00ed pat\u0159\u00ed Muzeu um\u011bn\u00ed Olomouc. S\u00e9ri\u00ed vide\u00ed Polsk\u00e9 stopy, kter\u00e1 se odehr\u00e1v\u00e1 v Brn\u011b, Olomouci a Ostrav\u011b, se Polsk\u00fd institut [&hellip;]","og_url":"https:\/\/instytutpolski.pl\/praha\/polske-stopy-v-olomouci\/","og_site_name":"Instytut Polski w Pradze","article_modified_time":"2022-08-11T12:29:49+00:00","twitter_card":"summary_large_image","twitter_misc":{"Szacowany czas czytania":"1 minuta"},"schema":{"@context":"https:\/\/schema.org","@graph":[{"@type":"WebPage","@id":"https:\/\/instytutpolski.pl\/praha\/polske-stopy-v-olomouci\/","url":"https:\/\/instytutpolski.pl\/praha\/polske-stopy-v-olomouci\/","name":"Polsk\u00e9 stopy v Olomouci - Instytut Polski w Pradze","isPartOf":{"@id":"https:\/\/instytutpolski.pl\/praha\/#website"},"datePublished":"2022-08-11T12:01:15+00:00","dateModified":"2022-08-11T12:29:49+00:00","breadcrumb":{"@id":"https:\/\/instytutpolski.pl\/praha\/polske-stopy-v-olomouci\/#breadcrumb"},"inLanguage":"pl-PL","potentialAction":[{"@type":"ReadAction","target":["https:\/\/instytutpolski.pl\/praha\/polske-stopy-v-olomouci\/"]}]},{"@type":"BreadcrumbList","@id":"https:\/\/instytutpolski.pl\/praha\/polske-stopy-v-olomouci\/#breadcrumb","itemListElement":[{"@type":"ListItem","position":1,"name":"Home","item":"https:\/\/instytutpolski.pl\/praha\/"},{"@type":"ListItem","position":2,"name":"Polsk\u00e9 stopy v Olomouci"}]},{"@type":"WebSite","@id":"https:\/\/instytutpolski.pl\/praha\/#website","url":"https:\/\/instytutpolski.pl\/praha\/","name":"Instytut Polski w Pradze","description":"Instytuty Polskie","potentialAction":[{"@type":"SearchAction","target":{"@type":"EntryPoint","urlTemplate":"https:\/\/instytutpolski.pl\/praha\/?s={search_term_string}"},"query-input":{"@type":"PropertyValueSpecification","valueRequired":true,"valueName":"search_term_string"}}],"inLanguage":"pl-PL"}]}},"_links":{"self":[{"href":"https:\/\/instytutpolski.pl\/praha\/wp-json\/wp\/v2\/pages\/7078","targetHints":{"allow":["GET"]}}],"collection":[{"href":"https:\/\/instytutpolski.pl\/praha\/wp-json\/wp\/v2\/pages"}],"about":[{"href":"https:\/\/instytutpolski.pl\/praha\/wp-json\/wp\/v2\/types\/page"}],"author":[{"embeddable":true,"href":"https:\/\/instytutpolski.pl\/praha\/wp-json\/wp\/v2\/users\/161"}],"replies":[{"embeddable":true,"href":"https:\/\/instytutpolski.pl\/praha\/wp-json\/wp\/v2\/comments?post=7078"}],"version-history":[{"count":2,"href":"https:\/\/instytutpolski.pl\/praha\/wp-json\/wp\/v2\/pages\/7078\/revisions"}],"predecessor-version":[{"id":7093,"href":"https:\/\/instytutpolski.pl\/praha\/wp-json\/wp\/v2\/pages\/7078\/revisions\/7093"}],"wp:attachment":[{"href":"https:\/\/instytutpolski.pl\/praha\/wp-json\/wp\/v2\/media?parent=7078"}],"curies":[{"name":"wp","href":"https:\/\/api.w.org\/{rel}","templated":true}]}}