{"id":111,"date":"2019-06-24T10:45:44","date_gmt":"2019-06-24T08:45:44","guid":{"rendered":"https:\/\/instytutpolski.pl\/rzym\/?page_id=111"},"modified":"2026-02-23T11:02:29","modified_gmt":"2026-02-23T10:02:29","slug":"contatti","status":"publish","type":"page","link":"https:\/\/instytutpolski.pl\/roma\/informazioni-sullistituto-polacco\/contatti\/","title":{"rendered":"Contatti"},"content":{"rendered":"\n<p><span style=\"color: #800000\"><strong>Istituto Polacco di Roma<\/strong><\/span><br \/><em>Palazzo Blumenstihl<\/em><br \/>Via Vittoria Colonna 1<br \/>00193 Roma<br \/>tel.: 06 36 000 723 &#8211; fax: 06 36 000 721<br \/><a href=\"mailto:segreteria.roma@instytutpolski.pl\">segreteria.roma@instytutpolski.pl<\/a><br \/><a href=\"mailto:rzym.ip.sekretariat@msz.gov.pl\">rzym.ip.sekretariat@msz.gov.pl<\/a><br \/>\u00a0<br \/><strong>ORARI DI APERTURA DELLA SEGRETERIA<\/strong><\/p>\n<p>Luned\u00ec \u00a010.00 &#8211; 15.00<br \/>Marted\u00ec 10.00 &#8211; 15.00<br \/>Mercoled\u00ec 10.00 &#8211; 15.00<br \/>Gioved\u00ec 10.00 &#8211; 15.00 <br \/>Venerd\u00ec 10.00 &#8211; 15.00<br \/>\u00a0<br \/>\u00a0<br \/>Le persone che desiderino presentare le petizioni, rimostranze o istanze vengono accolte, previo appuntamento,\u00a0dall&#8217;incaricato dal direttore dell\u2019Istituto Polacco di Roma<br \/>tutti i\u00a0<strong>marted\u00ec dalle 15.30 alle 16.30<\/strong><\/p>\n<p><strong>oppure in forma scritta al: <a href=\"mailto:rzym.ip.sekretariat@msz.gov.pl\">rzym.ip.sekretariat@msz.gov.pl<\/a><\/strong><\/p>\n<p style=\"font-weight: 400\">more info:\u00a0<\/p>\n<p style=\"font-weight: 400\"><u><a href=\"https:\/\/www.gov.pl\/web\/dyplomacja\/zloz-skarge-lub-wniosek\" target=\"_blank\" rel=\"noopener\">www.gov.pl\/web\/dyplomacja\/zloz-skarge-lub-wniosek<\/a><\/u><\/p>\n<p style=\"font-weight: 400\"><a href=\"https:\/\/www.gov.pl\/web\/dyplomacja\/zloz-petycje\" target=\"_blank\" rel=\"noopener\">www.gov.pl\/web\/dyplomacja\/zloz-petycje<\/a><\/p>\n<p>Grazie<br \/>\u00a0<\/p>\n","protected":false},"excerpt":{"rendered":"<p>Istituto Polacco di RomaPalazzo BlumenstihlVia Vittoria Colonna 100193 Romatel.: 06 36 000 723 &#8211; fax: 06 36 000 721segreteria.roma@instytutpolski.plrzym.ip.sekretariat@msz.gov.pl\u00a0ORARI DI APERTURA DELLA SEGRETERIA Luned\u00ec \u00a010.00 &#8211; 15.00Marted\u00ec 10.00 &#8211; 15.00Mercoled\u00ec 10.00 &#8211; 15.00Gioved\u00ec 10.00 &#8211; 15.00 Venerd\u00ec 10.00 &#8211; 15.00\u00a0\u00a0Le persone che desiderino presentare le petizioni, rimostranze o istanze vengono accolte, previo appuntamento,\u00a0dall&#8217;incaricato dal direttore [&hellip;]<\/p>\n","protected":false},"author":1,"featured_media":846,"parent":109,"menu_order":0,"comment_status":"closed","ping_status":"closed","template":"","meta":{"inline_featured_image":false,"_monsterinsights_skip_tracking":false,"_monsterinsights_sitenote_active":false,"_monsterinsights_sitenote_note":"","_monsterinsights_sitenote_category":0,"footnotes":""},"class_list":["post-111","page","type-page","status-publish","has-post-thumbnail","hentry"],"yoast_head":"<!-- This site is optimized with the Yoast SEO plugin v24.6 - https:\/\/yoast.com\/wordpress\/plugins\/seo\/ -->\n<title>Contatti - Instytut Polski w Rzymie<\/title>\n<meta name=\"robots\" content=\"index, follow, max-snippet:-1, max-image-preview:large, max-video-preview:-1\" \/>\n<link rel=\"canonical\" href=\"https:\/\/instytutpolski.pl\/roma\/informazioni-sullistituto-polacco\/contatti\/\" \/>\n<meta property=\"og:locale\" content=\"pl_PL\" \/>\n<meta property=\"og:type\" content=\"article\" \/>\n<meta property=\"og:title\" content=\"Contatti - Instytut Polski w Rzymie\" \/>\n<meta property=\"og:description\" content=\"Istituto Polacco di RomaPalazzo BlumenstihlVia Vittoria Colonna 100193 Romatel.: 06 36 000 723 &#8211; fax: 06 36 000 721segreteria.roma@instytutpolski.plrzym.ip.sekretariat@msz.gov.pl\u00a0ORARI DI APERTURA DELLA SEGRETERIA Luned\u00ec \u00a010.00 &#8211; 15.00Marted\u00ec 10.00 &#8211; 15.00Mercoled\u00ec 10.00 &#8211; 15.00Gioved\u00ec 10.00 &#8211; 15.00 Venerd\u00ec 10.00 &#8211; 15.00\u00a0\u00a0Le persone che desiderino presentare le petizioni, rimostranze o istanze vengono accolte, previo appuntamento,\u00a0dall&#8217;incaricato dal direttore [&hellip;]\" \/>\n<meta property=\"og:url\" content=\"https:\/\/instytutpolski.pl\/roma\/informazioni-sullistituto-polacco\/contatti\/\" \/>\n<meta property=\"og:site_name\" content=\"Instytut Polski w Rzymie\" \/>\n<meta property=\"article:modified_time\" content=\"2026-02-23T10:02:29+00:00\" \/>\n<meta property=\"og:image\" content=\"https:\/\/instytutpolski.pl\/roma\/wp-content\/uploads\/sites\/25\/2020\/06\/schody.jpg\" \/>\n\t<meta property=\"og:image:width\" content=\"1063\" \/>\n\t<meta property=\"og:image:height\" content=\"531\" \/>\n\t<meta property=\"og:image:type\" content=\"image\/jpeg\" \/>\n<meta name=\"twitter:card\" content=\"summary_large_image\" \/>\n<meta name=\"twitter:label1\" content=\"Szacowany czas czytania\" \/>\n\t<meta name=\"twitter:data1\" content=\"1 minuta\" \/>\n<script type=\"application\/ld+json\" class=\"yoast-schema-graph\">{\"@context\":\"https:\/\/schema.org\",\"@graph\":[{\"@type\":\"WebPage\",\"@id\":\"https:\/\/instytutpolski.pl\/roma\/informazioni-sullistituto-polacco\/contatti\/\",\"url\":\"https:\/\/instytutpolski.pl\/roma\/informazioni-sullistituto-polacco\/contatti\/\",\"name\":\"Contatti - Instytut Polski w Rzymie\",\"isPartOf\":{\"@id\":\"https:\/\/instytutpolski.pl\/roma\/#website\"},\"primaryImageOfPage\":{\"@id\":\"https:\/\/instytutpolski.pl\/roma\/informazioni-sullistituto-polacco\/contatti\/#primaryimage\"},\"image\":{\"@id\":\"https:\/\/instytutpolski.pl\/roma\/informazioni-sullistituto-polacco\/contatti\/#primaryimage\"},\"thumbnailUrl\":\"https:\/\/instytutpolski.pl\/roma\/wp-content\/uploads\/sites\/25\/2020\/06\/schody.jpg\",\"datePublished\":\"2019-06-24T08:45:44+00:00\",\"dateModified\":\"2026-02-23T10:02:29+00:00\",\"breadcrumb\":{\"@id\":\"https:\/\/instytutpolski.pl\/roma\/informazioni-sullistituto-polacco\/contatti\/#breadcrumb\"},\"inLanguage\":\"pl-PL\",\"potentialAction\":[{\"@type\":\"ReadAction\",\"target\":[\"https:\/\/instytutpolski.pl\/roma\/informazioni-sullistituto-polacco\/contatti\/\"]}]},{\"@type\":\"ImageObject\",\"inLanguage\":\"pl-PL\",\"@id\":\"https:\/\/instytutpolski.pl\/roma\/informazioni-sullistituto-polacco\/contatti\/#primaryimage\",\"url\":\"https:\/\/instytutpolski.pl\/roma\/wp-content\/uploads\/sites\/25\/2020\/06\/schody.jpg\",\"contentUrl\":\"https:\/\/instytutpolski.pl\/roma\/wp-content\/uploads\/sites\/25\/2020\/06\/schody.jpg\",\"width\":1063,\"height\":531},{\"@type\":\"BreadcrumbList\",\"@id\":\"https:\/\/instytutpolski.pl\/roma\/informazioni-sullistituto-polacco\/contatti\/#breadcrumb\",\"itemListElement\":[{\"@type\":\"ListItem\",\"position\":1,\"name\":\"Home\",\"item\":\"https:\/\/instytutpolski.pl\/roma\/\"},{\"@type\":\"ListItem\",\"position\":2,\"name\":\"Chi siamo &#8211; Istituto Polacco\",\"item\":\"https:\/\/instytutpolski.pl\/roma\/informazioni-sullistituto-polacco\/\"},{\"@type\":\"ListItem\",\"position\":3,\"name\":\"Contatti\"}]},{\"@type\":\"WebSite\",\"@id\":\"https:\/\/instytutpolski.pl\/roma\/#website\",\"url\":\"https:\/\/instytutpolski.pl\/roma\/\",\"name\":\"Instytut Polski w Rzymie\",\"description\":\"Instytuty Polskie\",\"potentialAction\":[{\"@type\":\"SearchAction\",\"target\":{\"@type\":\"EntryPoint\",\"urlTemplate\":\"https:\/\/instytutpolski.pl\/roma\/?s={search_term_string}\"},\"query-input\":{\"@type\":\"PropertyValueSpecification\",\"valueRequired\":true,\"valueName\":\"search_term_string\"}}],\"inLanguage\":\"pl-PL\"}]}<\/script>\n<!-- \/ Yoast SEO plugin. -->","yoast_head_json":{"title":"Contatti - Instytut Polski w Rzymie","robots":{"index":"index","follow":"follow","max-snippet":"max-snippet:-1","max-image-preview":"max-image-preview:large","max-video-preview":"max-video-preview:-1"},"canonical":"https:\/\/instytutpolski.pl\/roma\/informazioni-sullistituto-polacco\/contatti\/","og_locale":"pl_PL","og_type":"article","og_title":"Contatti - Instytut Polski w Rzymie","og_description":"Istituto Polacco di RomaPalazzo BlumenstihlVia Vittoria Colonna 100193 Romatel.: 06 36 000 723 &#8211; fax: 06 36 000 721segreteria.roma@instytutpolski.plrzym.ip.sekretariat@msz.gov.pl\u00a0ORARI DI APERTURA DELLA SEGRETERIA Luned\u00ec \u00a010.00 &#8211; 15.00Marted\u00ec 10.00 &#8211; 15.00Mercoled\u00ec 10.00 &#8211; 15.00Gioved\u00ec 10.00 &#8211; 15.00 Venerd\u00ec 10.00 &#8211; 15.00\u00a0\u00a0Le persone che desiderino presentare le petizioni, rimostranze o istanze vengono accolte, previo appuntamento,\u00a0dall&#8217;incaricato dal direttore [&hellip;]","og_url":"https:\/\/instytutpolski.pl\/roma\/informazioni-sullistituto-polacco\/contatti\/","og_site_name":"Instytut Polski w Rzymie","article_modified_time":"2026-02-23T10:02:29+00:00","og_image":[{"width":1063,"height":531,"url":"https:\/\/instytutpolski.pl\/roma\/wp-content\/uploads\/sites\/25\/2020\/06\/schody.jpg","type":"image\/jpeg"}],"twitter_card":"summary_large_image","twitter_misc":{"Szacowany czas czytania":"1 minuta"},"schema":{"@context":"https:\/\/schema.org","@graph":[{"@type":"WebPage","@id":"https:\/\/instytutpolski.pl\/roma\/informazioni-sullistituto-polacco\/contatti\/","url":"https:\/\/instytutpolski.pl\/roma\/informazioni-sullistituto-polacco\/contatti\/","name":"Contatti - Instytut Polski w Rzymie","isPartOf":{"@id":"https:\/\/instytutpolski.pl\/roma\/#website"},"primaryImageOfPage":{"@id":"https:\/\/instytutpolski.pl\/roma\/informazioni-sullistituto-polacco\/contatti\/#primaryimage"},"image":{"@id":"https:\/\/instytutpolski.pl\/roma\/informazioni-sullistituto-polacco\/contatti\/#primaryimage"},"thumbnailUrl":"https:\/\/instytutpolski.pl\/roma\/wp-content\/uploads\/sites\/25\/2020\/06\/schody.jpg","datePublished":"2019-06-24T08:45:44+00:00","dateModified":"2026-02-23T10:02:29+00:00","breadcrumb":{"@id":"https:\/\/instytutpolski.pl\/roma\/informazioni-sullistituto-polacco\/contatti\/#breadcrumb"},"inLanguage":"pl-PL","potentialAction":[{"@type":"ReadAction","target":["https:\/\/instytutpolski.pl\/roma\/informazioni-sullistituto-polacco\/contatti\/"]}]},{"@type":"ImageObject","inLanguage":"pl-PL","@id":"https:\/\/instytutpolski.pl\/roma\/informazioni-sullistituto-polacco\/contatti\/#primaryimage","url":"https:\/\/instytutpolski.pl\/roma\/wp-content\/uploads\/sites\/25\/2020\/06\/schody.jpg","contentUrl":"https:\/\/instytutpolski.pl\/roma\/wp-content\/uploads\/sites\/25\/2020\/06\/schody.jpg","width":1063,"height":531},{"@type":"BreadcrumbList","@id":"https:\/\/instytutpolski.pl\/roma\/informazioni-sullistituto-polacco\/contatti\/#breadcrumb","itemListElement":[{"@type":"ListItem","position":1,"name":"Home","item":"https:\/\/instytutpolski.pl\/roma\/"},{"@type":"ListItem","position":2,"name":"Chi siamo &#8211; Istituto Polacco","item":"https:\/\/instytutpolski.pl\/roma\/informazioni-sullistituto-polacco\/"},{"@type":"ListItem","position":3,"name":"Contatti"}]},{"@type":"WebSite","@id":"https:\/\/instytutpolski.pl\/roma\/#website","url":"https:\/\/instytutpolski.pl\/roma\/","name":"Instytut Polski w Rzymie","description":"Instytuty Polskie","potentialAction":[{"@type":"SearchAction","target":{"@type":"EntryPoint","urlTemplate":"https:\/\/instytutpolski.pl\/roma\/?s={search_term_string}"},"query-input":{"@type":"PropertyValueSpecification","valueRequired":true,"valueName":"search_term_string"}}],"inLanguage":"pl-PL"}]}},"_links":{"self":[{"href":"https:\/\/instytutpolski.pl\/roma\/wp-json\/wp\/v2\/pages\/111","targetHints":{"allow":["GET"]}}],"collection":[{"href":"https:\/\/instytutpolski.pl\/roma\/wp-json\/wp\/v2\/pages"}],"about":[{"href":"https:\/\/instytutpolski.pl\/roma\/wp-json\/wp\/v2\/types\/page"}],"author":[{"embeddable":true,"href":"https:\/\/instytutpolski.pl\/roma\/wp-json\/wp\/v2\/users\/1"}],"replies":[{"embeddable":true,"href":"https:\/\/instytutpolski.pl\/roma\/wp-json\/wp\/v2\/comments?post=111"}],"version-history":[{"count":15,"href":"https:\/\/instytutpolski.pl\/roma\/wp-json\/wp\/v2\/pages\/111\/revisions"}],"predecessor-version":[{"id":8075,"href":"https:\/\/instytutpolski.pl\/roma\/wp-json\/wp\/v2\/pages\/111\/revisions\/8075"}],"up":[{"embeddable":true,"href":"https:\/\/instytutpolski.pl\/roma\/wp-json\/wp\/v2\/pages\/109"}],"wp:featuredmedia":[{"embeddable":true,"href":"https:\/\/instytutpolski.pl\/roma\/wp-json\/wp\/v2\/media\/846"}],"wp:attachment":[{"href":"https:\/\/instytutpolski.pl\/roma\/wp-json\/wp\/v2\/media?parent=111"}],"curies":[{"name":"wp","href":"https:\/\/api.w.org\/{rel}","templated":true}]}}