{"id":5357,"date":"2023-10-31T16:19:20","date_gmt":"2023-10-31T15:19:20","guid":{"rendered":"https:\/\/instytutpolski.pl\/roma\/?page_id=5357"},"modified":"2023-10-31T16:37:23","modified_gmt":"2023-10-31T15:37:23","slug":"come-essere-amata","status":"publish","type":"page","link":"https:\/\/instytutpolski.pl\/roma\/come-essere-amata\/","title":{"rendered":"COME ESSERE AMATA"},"content":{"rendered":"\n<h2 class=\"has-vivid-red-color has-text-color wp-block-heading\"><strong>JAK BY\u0106 KOCHAN\u0104<\/strong><\/h2>\n\n\n\n<p><strong>di Wojciech Jerzy Has<\/strong><\/p>\n\n\n<p style=\"font-weight: 400\">Su un aereo diretto in Francia, l\u2019attrice Felicja ricorda i tempi dell&#8217;occupazione nazista. In quel periodo, in circostanze drammatiche, aveva offerto rifugio nel suo appartamento a Wiktor Rawicz, un attore che, prima della guerra, aveva recitato con lei nello stesso teatro. Un gesto che non derivava solo da un dovere patriottico&#8230;<\/p>\n<p style=\"font-weight: 400\">Un melodramma psicologico di Wojciech Jerzy Has, regista noto fuori dalla Polonia soprattutto per <em>Il manoscritto trovato a Saragozza<\/em> (film ammirato, tra gli altri da Francis Ford Coppola e Martin Scorsese). <em>Come essere amata<\/em>, adattamento cinematografico di un racconto dello scrittore Kazimierz Brandys, \u00e8 considerato una delle ultime produzioni di quella corrente cinematografica famosa in tutto il mondo con il nome di \u201cscuola polacca di cinema\u201d. In capolavori come <em>I dannati di Varsavia<\/em> e <em>Cenere e diamanti<\/em> di Andrzej Wajda o <em>Eroica<\/em> di Andrzej Munk, questa corrente ha dato vita a un quadro approfondito della guerra e dell&#8217;occupazione nazista. \u00a0Ma se le opere di Wajda e Munk avevano sfumature politiche e una dimensione epica, in <em>Come essere amata<\/em> Has racconta una storia d&#8217;amore intima: una storia amara e sconvolgente, come si addice a una pellicola della scuola polacca, che per\u00f2, grazie al fatto di essere raccontata dalla prospettiva personale e intima della protagonista e alla ricercatezza stilistica, assunse un fascino peculiare. C&#8217;\u00e8 anche il fascino intramontabile del cinema di Has: creativo, cesellato in teatri di posa (nel film <em>Come essere amata<\/em> gli esterni appaiono raramente), in una sofisticata illuminazione artificiale.<\/p>\n<p style=\"font-weight: 400\">Superba interprezione di Barbara Krafft\u00f3wna, premiata nel 1963 per il ruolo di Felicja al San Francisco International Film Festival; el ruolo di Wiktor l\u2019attore Zbigniew Cybulski, il memorabile Maciek Che\u0142micki di <em>Cenere e diamanti<\/em>. Il festival di San Francisco assegn\u00f2 inoltre al film il premio principale, il Golden Gate Award e Kazimierz Brandys (che \u00e8 anche autore dei dialoghi e sceneggiatore dell\u2019adattamento) fu premiato come migliore sceneggiatore. Il film di Has \u00e8 stato premiato anche a Beirut (premio della critica FIPRESCI), Cork ed Edimburgo.<\/p>\n<p>\u00a0<\/p>\n<p style=\"font-weight: 400\">Regia di: Wojciech Jerzy Has<\/p>\n<p style=\"font-weight: 400\">Sceneggiatura (basata sul suo racconto <em>Come essere amata<\/em>): Kazimierz Brandys<\/p>\n<p style=\"font-weight: 400\">Direttore della fotografia: Stefan Matyjaszkiewicz<\/p>\n<p style=\"font-weight: 400\">Arrangiamento musicale: Lucjan Kaszycki<\/p>\n<p style=\"font-weight: 400\">Scenografia: Anatol Radzinowicz<\/p>\n<p style=\"font-weight: 400\">Arredatore: Andrzej P\u0142ocki<\/p>\n<p style=\"font-weight: 400\">Costumi: Janina Ko\u017ami\u0144ska<\/p>\n<p style=\"font-weight: 400\">Trucco: Jan Dobracki, Irmina Romanis<\/p>\n<p style=\"font-weight: 400\">Suono: Bohdan Bie\u0144kowski<\/p>\n<p style=\"font-weight: 400\">Montaggio: Zofia Dwornik<\/p>\n<p style=\"font-weight: 400\">Direttore di produzione: Ludgierd Romanis<\/p>\n<p style=\"font-weight: 400\">Produzione: &#8222;Kamera&#8221;, 1962<\/p>\n<p style=\"font-weight: 400\">Interpreti: Barbara Krafft\u00f3wna (Felicja), Zbigniew Cybulski (Wiktor Rawicz), Artur M\u0142odnicki (Tomasz), Wie\u0144czys\u0142aw Gli\u0144ski (batteriologo), Wies\u0142aw Go\u0142as (soldato tedesco), Wies\u0142awa Kwa\u015bniewska (fotoreporter), Zdzis\u0142aw Maklakiewicz (giornalista), Jadwiga Krawczyk (assistente di volo), Tadeusz Kalinowski (Peters).<\/p>\n\n\n<figure class=\"wp-block-embed is-type-video is-provider-youtube wp-block-embed-youtube wp-embed-aspect-16-9 wp-has-aspect-ratio\"><div class=\"wp-block-embed__wrapper\">\nhttps:\/\/youtu.be\/p4NO-zXF_zs\n<\/div><\/figure>\n","protected":false},"excerpt":{"rendered":"<p>JAK BY\u0106 KOCHAN\u0104 di Wojciech Jerzy Has Su un aereo diretto in Francia, l\u2019attrice Felicja ricorda i tempi dell&#8217;occupazione nazista. In quel periodo, in circostanze drammatiche, aveva offerto rifugio nel suo appartamento a Wiktor Rawicz, un attore che, prima della guerra, aveva recitato con lei nello stesso teatro. Un gesto che non derivava solo da [&hellip;]<\/p>\n","protected":false},"author":33,"featured_media":5358,"parent":0,"menu_order":0,"comment_status":"closed","ping_status":"closed","template":"","meta":{"inline_featured_image":false,"_monsterinsights_skip_tracking":false,"_monsterinsights_sitenote_active":false,"_monsterinsights_sitenote_note":"","_monsterinsights_sitenote_category":0,"footnotes":""},"class_list":["post-5357","page","type-page","status-publish","has-post-thumbnail","hentry"],"yoast_head":"<!-- This site is optimized with the Yoast SEO plugin v24.6 - https:\/\/yoast.com\/wordpress\/plugins\/seo\/ -->\n<title>COME ESSERE AMATA - Instytut Polski w Rzymie<\/title>\n<meta name=\"robots\" content=\"index, follow, max-snippet:-1, max-image-preview:large, max-video-preview:-1\" \/>\n<link rel=\"canonical\" href=\"https:\/\/instytutpolski.pl\/roma\/come-essere-amata\/\" \/>\n<meta property=\"og:locale\" content=\"pl_PL\" \/>\n<meta property=\"og:type\" content=\"article\" \/>\n<meta property=\"og:title\" content=\"COME ESSERE AMATA - Instytut Polski w Rzymie\" \/>\n<meta property=\"og:description\" content=\"JAK BY\u0106 KOCHAN\u0104 di Wojciech Jerzy Has Su un aereo diretto in Francia, l\u2019attrice Felicja ricorda i tempi dell&#8217;occupazione nazista. In quel periodo, in circostanze drammatiche, aveva offerto rifugio nel suo appartamento a Wiktor Rawicz, un attore che, prima della guerra, aveva recitato con lei nello stesso teatro. Un gesto che non derivava solo da [&hellip;]\" \/>\n<meta property=\"og:url\" content=\"https:\/\/instytutpolski.pl\/roma\/come-essere-amata\/\" \/>\n<meta property=\"og:site_name\" content=\"Instytut Polski w Rzymie\" \/>\n<meta property=\"article:modified_time\" content=\"2023-10-31T15:37:23+00:00\" \/>\n<meta property=\"og:image\" content=\"https:\/\/instytutpolski.pl\/roma\/wp-content\/uploads\/sites\/25\/2023\/10\/jak_byc_S.jpg\" \/>\n\t<meta property=\"og:image:width\" content=\"1920\" \/>\n\t<meta property=\"og:image:height\" content=\"1080\" \/>\n\t<meta property=\"og:image:type\" content=\"image\/jpeg\" \/>\n<meta name=\"twitter:card\" content=\"summary_large_image\" \/>\n<meta name=\"twitter:label1\" content=\"Szacowany czas czytania\" \/>\n\t<meta name=\"twitter:data1\" content=\"3 minuty\" \/>\n<script type=\"application\/ld+json\" class=\"yoast-schema-graph\">{\"@context\":\"https:\/\/schema.org\",\"@graph\":[{\"@type\":\"WebPage\",\"@id\":\"https:\/\/instytutpolski.pl\/roma\/come-essere-amata\/\",\"url\":\"https:\/\/instytutpolski.pl\/roma\/come-essere-amata\/\",\"name\":\"COME ESSERE AMATA - Instytut Polski w Rzymie\",\"isPartOf\":{\"@id\":\"https:\/\/instytutpolski.pl\/roma\/#website\"},\"primaryImageOfPage\":{\"@id\":\"https:\/\/instytutpolski.pl\/roma\/come-essere-amata\/#primaryimage\"},\"image\":{\"@id\":\"https:\/\/instytutpolski.pl\/roma\/come-essere-amata\/#primaryimage\"},\"thumbnailUrl\":\"https:\/\/instytutpolski.pl\/roma\/wp-content\/uploads\/sites\/25\/2023\/10\/jak_byc_S.jpg\",\"datePublished\":\"2023-10-31T15:19:20+00:00\",\"dateModified\":\"2023-10-31T15:37:23+00:00\",\"breadcrumb\":{\"@id\":\"https:\/\/instytutpolski.pl\/roma\/come-essere-amata\/#breadcrumb\"},\"inLanguage\":\"pl-PL\",\"potentialAction\":[{\"@type\":\"ReadAction\",\"target\":[\"https:\/\/instytutpolski.pl\/roma\/come-essere-amata\/\"]}]},{\"@type\":\"ImageObject\",\"inLanguage\":\"pl-PL\",\"@id\":\"https:\/\/instytutpolski.pl\/roma\/come-essere-amata\/#primaryimage\",\"url\":\"https:\/\/instytutpolski.pl\/roma\/wp-content\/uploads\/sites\/25\/2023\/10\/jak_byc_S.jpg\",\"contentUrl\":\"https:\/\/instytutpolski.pl\/roma\/wp-content\/uploads\/sites\/25\/2023\/10\/jak_byc_S.jpg\",\"width\":1920,\"height\":1080},{\"@type\":\"BreadcrumbList\",\"@id\":\"https:\/\/instytutpolski.pl\/roma\/come-essere-amata\/#breadcrumb\",\"itemListElement\":[{\"@type\":\"ListItem\",\"position\":1,\"name\":\"Home\",\"item\":\"https:\/\/instytutpolski.pl\/roma\/\"},{\"@type\":\"ListItem\",\"position\":2,\"name\":\"COME ESSERE AMATA\"}]},{\"@type\":\"WebSite\",\"@id\":\"https:\/\/instytutpolski.pl\/roma\/#website\",\"url\":\"https:\/\/instytutpolski.pl\/roma\/\",\"name\":\"Instytut Polski w Rzymie\",\"description\":\"Instytuty Polskie\",\"potentialAction\":[{\"@type\":\"SearchAction\",\"target\":{\"@type\":\"EntryPoint\",\"urlTemplate\":\"https:\/\/instytutpolski.pl\/roma\/?s={search_term_string}\"},\"query-input\":{\"@type\":\"PropertyValueSpecification\",\"valueRequired\":true,\"valueName\":\"search_term_string\"}}],\"inLanguage\":\"pl-PL\"}]}<\/script>\n<!-- \/ Yoast SEO plugin. -->","yoast_head_json":{"title":"COME ESSERE AMATA - Instytut Polski w Rzymie","robots":{"index":"index","follow":"follow","max-snippet":"max-snippet:-1","max-image-preview":"max-image-preview:large","max-video-preview":"max-video-preview:-1"},"canonical":"https:\/\/instytutpolski.pl\/roma\/come-essere-amata\/","og_locale":"pl_PL","og_type":"article","og_title":"COME ESSERE AMATA - Instytut Polski w Rzymie","og_description":"JAK BY\u0106 KOCHAN\u0104 di Wojciech Jerzy Has Su un aereo diretto in Francia, l\u2019attrice Felicja ricorda i tempi dell&#8217;occupazione nazista. In quel periodo, in circostanze drammatiche, aveva offerto rifugio nel suo appartamento a Wiktor Rawicz, un attore che, prima della guerra, aveva recitato con lei nello stesso teatro. Un gesto che non derivava solo da [&hellip;]","og_url":"https:\/\/instytutpolski.pl\/roma\/come-essere-amata\/","og_site_name":"Instytut Polski w Rzymie","article_modified_time":"2023-10-31T15:37:23+00:00","og_image":[{"width":1920,"height":1080,"url":"https:\/\/instytutpolski.pl\/roma\/wp-content\/uploads\/sites\/25\/2023\/10\/jak_byc_S.jpg","type":"image\/jpeg"}],"twitter_card":"summary_large_image","twitter_misc":{"Szacowany czas czytania":"3 minuty"},"schema":{"@context":"https:\/\/schema.org","@graph":[{"@type":"WebPage","@id":"https:\/\/instytutpolski.pl\/roma\/come-essere-amata\/","url":"https:\/\/instytutpolski.pl\/roma\/come-essere-amata\/","name":"COME ESSERE AMATA - Instytut Polski w Rzymie","isPartOf":{"@id":"https:\/\/instytutpolski.pl\/roma\/#website"},"primaryImageOfPage":{"@id":"https:\/\/instytutpolski.pl\/roma\/come-essere-amata\/#primaryimage"},"image":{"@id":"https:\/\/instytutpolski.pl\/roma\/come-essere-amata\/#primaryimage"},"thumbnailUrl":"https:\/\/instytutpolski.pl\/roma\/wp-content\/uploads\/sites\/25\/2023\/10\/jak_byc_S.jpg","datePublished":"2023-10-31T15:19:20+00:00","dateModified":"2023-10-31T15:37:23+00:00","breadcrumb":{"@id":"https:\/\/instytutpolski.pl\/roma\/come-essere-amata\/#breadcrumb"},"inLanguage":"pl-PL","potentialAction":[{"@type":"ReadAction","target":["https:\/\/instytutpolski.pl\/roma\/come-essere-amata\/"]}]},{"@type":"ImageObject","inLanguage":"pl-PL","@id":"https:\/\/instytutpolski.pl\/roma\/come-essere-amata\/#primaryimage","url":"https:\/\/instytutpolski.pl\/roma\/wp-content\/uploads\/sites\/25\/2023\/10\/jak_byc_S.jpg","contentUrl":"https:\/\/instytutpolski.pl\/roma\/wp-content\/uploads\/sites\/25\/2023\/10\/jak_byc_S.jpg","width":1920,"height":1080},{"@type":"BreadcrumbList","@id":"https:\/\/instytutpolski.pl\/roma\/come-essere-amata\/#breadcrumb","itemListElement":[{"@type":"ListItem","position":1,"name":"Home","item":"https:\/\/instytutpolski.pl\/roma\/"},{"@type":"ListItem","position":2,"name":"COME ESSERE AMATA"}]},{"@type":"WebSite","@id":"https:\/\/instytutpolski.pl\/roma\/#website","url":"https:\/\/instytutpolski.pl\/roma\/","name":"Instytut Polski w Rzymie","description":"Instytuty Polskie","potentialAction":[{"@type":"SearchAction","target":{"@type":"EntryPoint","urlTemplate":"https:\/\/instytutpolski.pl\/roma\/?s={search_term_string}"},"query-input":{"@type":"PropertyValueSpecification","valueRequired":true,"valueName":"search_term_string"}}],"inLanguage":"pl-PL"}]}},"_links":{"self":[{"href":"https:\/\/instytutpolski.pl\/roma\/wp-json\/wp\/v2\/pages\/5357","targetHints":{"allow":["GET"]}}],"collection":[{"href":"https:\/\/instytutpolski.pl\/roma\/wp-json\/wp\/v2\/pages"}],"about":[{"href":"https:\/\/instytutpolski.pl\/roma\/wp-json\/wp\/v2\/types\/page"}],"author":[{"embeddable":true,"href":"https:\/\/instytutpolski.pl\/roma\/wp-json\/wp\/v2\/users\/33"}],"replies":[{"embeddable":true,"href":"https:\/\/instytutpolski.pl\/roma\/wp-json\/wp\/v2\/comments?post=5357"}],"version-history":[{"count":1,"href":"https:\/\/instytutpolski.pl\/roma\/wp-json\/wp\/v2\/pages\/5357\/revisions"}],"predecessor-version":[{"id":5359,"href":"https:\/\/instytutpolski.pl\/roma\/wp-json\/wp\/v2\/pages\/5357\/revisions\/5359"}],"wp:featuredmedia":[{"embeddable":true,"href":"https:\/\/instytutpolski.pl\/roma\/wp-json\/wp\/v2\/media\/5358"}],"wp:attachment":[{"href":"https:\/\/instytutpolski.pl\/roma\/wp-json\/wp\/v2\/media?parent=5357"}],"curies":[{"name":"wp","href":"https:\/\/api.w.org\/{rel}","templated":true}]}}