{"id":5373,"date":"2023-10-31T16:46:19","date_gmt":"2023-10-31T15:46:19","guid":{"rendered":"https:\/\/instytutpolski.pl\/roma\/?page_id=5373"},"modified":"2023-10-31T16:46:20","modified_gmt":"2023-10-31T15:46:20","slug":"la-terra-della-grande-promessa","status":"publish","type":"page","link":"https:\/\/instytutpolski.pl\/roma\/la-terra-della-grande-promessa\/","title":{"rendered":"LA TERRA DELLA GRANDE PROMESSA"},"content":{"rendered":"\n<h2 class=\"has-vivid-red-color has-text-color wp-block-heading\"><strong>ZIEMIA OBIECANA<\/strong><\/h2>\n\n\n\n<p><strong>di Andrzej Wajda<\/strong><\/p>\n\n\n<p style=\"font-weight: 400\">\u0141\u00f3d\u017a, citt\u00e0 della Polonia centrale, nota tra l&#8217;altro per la sua famosa Scuola di Cinema, \u00e8 sempre stata un fiorente centro dell&#8217;industria tessile. Il film \u00e8 ambientato negli anni Ottanta dell&#8217;Ottocento. Karol Borowiecki, giovane ingegnere polacco di nobili origini, e i suoi due amici, l&#8217;intermediario commerciale ebreo Moryc Welt e il tedesco Maks Baum, figlio del proprietario di un cotonificio in bancarotta, sognano di aprire una propria fabbrica tessile. Ma in un mondo dominato dal denaro, la realizzazione dei sogni ha certamente un prezzo.<\/p>\n<p style=\"font-weight: 400\">Con <em>La terra della grande promessa <\/em>\u2013 candidato all&#8217;Oscar al miglior film in lingua straniera, adattamento cinematografico del romanzo del Premio Nobel W\u0142adys\u0142aw Stanis\u0142aw Reymont \u2013 Andrzej Wajda sorprese il pubblico. Precedentemente associato a una visione romantica della storia della Polonia, esemplificata in film famosi come <em>I dannati di Varsavia<\/em>, <em>Cenere e diamanti<\/em> o <em>Ceneri sulla grande armata<\/em>, ne <em>La terra della grande promessa<\/em> pass\u00f2 a un filone completamente diverso della narrazione storica del suo Paese: invece dei combattenti \u2013 soldati, cospiratori, ecc. \u2013 apparirono adesso sullo schermo industriali, finanzieri e operai. Il mondo idilliaco di una tenuta di campagna, dove Karol \u00e8 accudito dalla fidanzata e dove suo padre custodisce le tradizioni di famiglia, diventa un ricordo del passato e lascia il posto a una citt\u00e0 avida, in cui i proprietari delle fabbriche accumulano capitali o perdono fortune, mentre sale la rabbia degli operai sfruttati.<\/p>\n<p style=\"font-weight: 400\"><em>La terra della grande promessa<\/em> \u00e8 una storia di destini e passioni umane, che si fonde nel panorama della nascita prevaricante del capitalismo in terra polacca circa 150 anni fa e delle emozioni che ribollivano a \u0141\u00f3d\u017a in quel periodo. Da ammirare nel film sono le fabbriche tessili di \u0141\u00f3d\u017a dell\u2019Ottocento e i sontuosi palazzi, la musica del compositore Wojciech Kilar, le immagini ricche di espressione pittorica e una pletora di attrici e attori eccezionali che interpretano ruoli principali e secondari di tutto rispetto.<\/p>\n<p style=\"font-weight: 400\"><em>La terra della grande promessa<\/em> \u00e8 uno dei film polacchi pi\u00f9 generosamente premiati (oltre alla nomination agli Oscar \u2013 i diversi premi ai festival di Danzica, Chicago, Mosca, Valladolid e, infine, il Laceno d&#8217;Oro di Avellino). Nel 2015, in un sondaggio in occasione del 120\u00b0 anniversario della cinematografia, gli studiosi di cinema polacchi hanno indicato questo grande affresco di Andrzej Wajda come il miglior film polacco di tutti i tempi.<\/p>\n<p style=\"font-weight: 400\">\u00a0<\/p>\n<p style=\"font-weight: 400\">Sceneggiatura (tratta dal romanzo di W\u0142adys\u0142aw Stanis\u0142aw Reymont &#8222;La terra promessa&#8221;)<\/p>\n<p style=\"font-weight: 400\">e regia: Andrzej Wajda<\/p>\n<p style=\"font-weight: 400\">Fotografia: Witold Soboci\u0144ski, Edward K\u0142osi\u0144ski, Wac\u0142aw Dybowski<\/p>\n<p style=\"font-weight: 400\">Musica: Wojciech Kilar<\/p>\n<p style=\"font-weight: 400\">Scenografia: Tadeusz Kosarewicz<\/p>\n<p style=\"font-weight: 400\">Arredatore: Maciej Putowski<\/p>\n<p style=\"font-weight: 400\">Costumi: Barbara Ptak<\/p>\n<p style=\"font-weight: 400\">Trucco: Halina Ber<\/p>\n<p style=\"font-weight: 400\">Suono: Krzysztof Wodzi\u0144ski, Leszek Wronko<\/p>\n<p style=\"font-weight: 400\">Montaggio: Halina Prugar, Zofia Dwornik<\/p>\n<p style=\"font-weight: 400\">Direttrici di produzione: Barbara Pec-\u015alesicka, Janina Krassowska<\/p>\n<p style=\"font-weight: 400\">Produzione: &#8222;X&#8221;, 1974<\/p>\n<p style=\"font-weight: 400\">Interpreti: Daniel Olbrychski (Karol Borowiecki), Wojciech Pszoniak (Moryc Welt), Andrzej Seweryn (Max Baum), Kalina J\u0119drusik (Lucy Zuckerowa), Anna Nehrebecka (Anka), Bo\u017cena Dykiel (Mada Muller), Andrzej Szalawski (Herman Buchholz), Stanis\u0142aw Igar (Grunspan), Franciszek Pieczka (Muller).<\/p>\n\n\n<figure class=\"wp-block-embed is-type-video is-provider-youtube wp-block-embed-youtube wp-embed-aspect-16-9 wp-has-aspect-ratio\"><div class=\"wp-block-embed__wrapper\">\nhttps:\/\/youtu.be\/xr6hKihvAzQ\n<\/div><\/figure>\n","protected":false},"excerpt":{"rendered":"<p>ZIEMIA OBIECANA di Andrzej Wajda \u0141\u00f3d\u017a, citt\u00e0 della Polonia centrale, nota tra l&#8217;altro per la sua famosa Scuola di Cinema, \u00e8 sempre stata un fiorente centro dell&#8217;industria tessile. Il film \u00e8 ambientato negli anni Ottanta dell&#8217;Ottocento. Karol Borowiecki, giovane ingegnere polacco di nobili origini, e i suoi due amici, l&#8217;intermediario commerciale ebreo Moryc Welt e [&hellip;]<\/p>\n","protected":false},"author":33,"featured_media":5374,"parent":0,"menu_order":0,"comment_status":"closed","ping_status":"closed","template":"","meta":{"inline_featured_image":false,"_monsterinsights_skip_tracking":false,"_monsterinsights_sitenote_active":false,"_monsterinsights_sitenote_note":"","_monsterinsights_sitenote_category":0,"footnotes":""},"class_list":["post-5373","page","type-page","status-publish","has-post-thumbnail","hentry"],"yoast_head":"<!-- This site is optimized with the Yoast SEO plugin v24.6 - https:\/\/yoast.com\/wordpress\/plugins\/seo\/ -->\n<title>LA TERRA DELLA GRANDE PROMESSA - Instytut Polski w Rzymie<\/title>\n<meta name=\"robots\" content=\"index, follow, max-snippet:-1, max-image-preview:large, max-video-preview:-1\" \/>\n<link rel=\"canonical\" href=\"https:\/\/instytutpolski.pl\/roma\/la-terra-della-grande-promessa\/\" \/>\n<meta property=\"og:locale\" content=\"pl_PL\" \/>\n<meta property=\"og:type\" content=\"article\" \/>\n<meta property=\"og:title\" content=\"LA TERRA DELLA GRANDE PROMESSA - Instytut Polski w Rzymie\" \/>\n<meta property=\"og:description\" content=\"ZIEMIA OBIECANA di Andrzej Wajda \u0141\u00f3d\u017a, citt\u00e0 della Polonia centrale, nota tra l&#8217;altro per la sua famosa Scuola di Cinema, \u00e8 sempre stata un fiorente centro dell&#8217;industria tessile. Il film \u00e8 ambientato negli anni Ottanta dell&#8217;Ottocento. Karol Borowiecki, giovane ingegnere polacco di nobili origini, e i suoi due amici, l&#8217;intermediario commerciale ebreo Moryc Welt e [&hellip;]\" \/>\n<meta property=\"og:url\" content=\"https:\/\/instytutpolski.pl\/roma\/la-terra-della-grande-promessa\/\" \/>\n<meta property=\"og:site_name\" content=\"Instytut Polski w Rzymie\" \/>\n<meta property=\"article:modified_time\" content=\"2023-10-31T15:46:20+00:00\" \/>\n<meta property=\"og:image\" content=\"https:\/\/instytutpolski.pl\/roma\/wp-content\/uploads\/sites\/25\/2023\/10\/Ziemia_obiecana_S.jpg\" \/>\n\t<meta property=\"og:image:width\" content=\"1920\" \/>\n\t<meta property=\"og:image:height\" content=\"1080\" \/>\n\t<meta property=\"og:image:type\" content=\"image\/jpeg\" \/>\n<meta name=\"twitter:card\" content=\"summary_large_image\" \/>\n<meta name=\"twitter:label1\" content=\"Szacowany czas czytania\" \/>\n\t<meta name=\"twitter:data1\" content=\"3 minuty\" \/>\n<script type=\"application\/ld+json\" class=\"yoast-schema-graph\">{\"@context\":\"https:\/\/schema.org\",\"@graph\":[{\"@type\":\"WebPage\",\"@id\":\"https:\/\/instytutpolski.pl\/roma\/la-terra-della-grande-promessa\/\",\"url\":\"https:\/\/instytutpolski.pl\/roma\/la-terra-della-grande-promessa\/\",\"name\":\"LA TERRA DELLA GRANDE PROMESSA - Instytut Polski w Rzymie\",\"isPartOf\":{\"@id\":\"https:\/\/instytutpolski.pl\/roma\/#website\"},\"primaryImageOfPage\":{\"@id\":\"https:\/\/instytutpolski.pl\/roma\/la-terra-della-grande-promessa\/#primaryimage\"},\"image\":{\"@id\":\"https:\/\/instytutpolski.pl\/roma\/la-terra-della-grande-promessa\/#primaryimage\"},\"thumbnailUrl\":\"https:\/\/instytutpolski.pl\/roma\/wp-content\/uploads\/sites\/25\/2023\/10\/Ziemia_obiecana_S.jpg\",\"datePublished\":\"2023-10-31T15:46:19+00:00\",\"dateModified\":\"2023-10-31T15:46:20+00:00\",\"breadcrumb\":{\"@id\":\"https:\/\/instytutpolski.pl\/roma\/la-terra-della-grande-promessa\/#breadcrumb\"},\"inLanguage\":\"pl-PL\",\"potentialAction\":[{\"@type\":\"ReadAction\",\"target\":[\"https:\/\/instytutpolski.pl\/roma\/la-terra-della-grande-promessa\/\"]}]},{\"@type\":\"ImageObject\",\"inLanguage\":\"pl-PL\",\"@id\":\"https:\/\/instytutpolski.pl\/roma\/la-terra-della-grande-promessa\/#primaryimage\",\"url\":\"https:\/\/instytutpolski.pl\/roma\/wp-content\/uploads\/sites\/25\/2023\/10\/Ziemia_obiecana_S.jpg\",\"contentUrl\":\"https:\/\/instytutpolski.pl\/roma\/wp-content\/uploads\/sites\/25\/2023\/10\/Ziemia_obiecana_S.jpg\",\"width\":1920,\"height\":1080},{\"@type\":\"BreadcrumbList\",\"@id\":\"https:\/\/instytutpolski.pl\/roma\/la-terra-della-grande-promessa\/#breadcrumb\",\"itemListElement\":[{\"@type\":\"ListItem\",\"position\":1,\"name\":\"Home\",\"item\":\"https:\/\/instytutpolski.pl\/roma\/\"},{\"@type\":\"ListItem\",\"position\":2,\"name\":\"LA TERRA DELLA GRANDE PROMESSA\"}]},{\"@type\":\"WebSite\",\"@id\":\"https:\/\/instytutpolski.pl\/roma\/#website\",\"url\":\"https:\/\/instytutpolski.pl\/roma\/\",\"name\":\"Instytut Polski w Rzymie\",\"description\":\"Instytuty Polskie\",\"potentialAction\":[{\"@type\":\"SearchAction\",\"target\":{\"@type\":\"EntryPoint\",\"urlTemplate\":\"https:\/\/instytutpolski.pl\/roma\/?s={search_term_string}\"},\"query-input\":{\"@type\":\"PropertyValueSpecification\",\"valueRequired\":true,\"valueName\":\"search_term_string\"}}],\"inLanguage\":\"pl-PL\"}]}<\/script>\n<!-- \/ Yoast SEO plugin. -->","yoast_head_json":{"title":"LA TERRA DELLA GRANDE PROMESSA - Instytut Polski w Rzymie","robots":{"index":"index","follow":"follow","max-snippet":"max-snippet:-1","max-image-preview":"max-image-preview:large","max-video-preview":"max-video-preview:-1"},"canonical":"https:\/\/instytutpolski.pl\/roma\/la-terra-della-grande-promessa\/","og_locale":"pl_PL","og_type":"article","og_title":"LA TERRA DELLA GRANDE PROMESSA - Instytut Polski w Rzymie","og_description":"ZIEMIA OBIECANA di Andrzej Wajda \u0141\u00f3d\u017a, citt\u00e0 della Polonia centrale, nota tra l&#8217;altro per la sua famosa Scuola di Cinema, \u00e8 sempre stata un fiorente centro dell&#8217;industria tessile. Il film \u00e8 ambientato negli anni Ottanta dell&#8217;Ottocento. Karol Borowiecki, giovane ingegnere polacco di nobili origini, e i suoi due amici, l&#8217;intermediario commerciale ebreo Moryc Welt e [&hellip;]","og_url":"https:\/\/instytutpolski.pl\/roma\/la-terra-della-grande-promessa\/","og_site_name":"Instytut Polski w Rzymie","article_modified_time":"2023-10-31T15:46:20+00:00","og_image":[{"width":1920,"height":1080,"url":"https:\/\/instytutpolski.pl\/roma\/wp-content\/uploads\/sites\/25\/2023\/10\/Ziemia_obiecana_S.jpg","type":"image\/jpeg"}],"twitter_card":"summary_large_image","twitter_misc":{"Szacowany czas czytania":"3 minuty"},"schema":{"@context":"https:\/\/schema.org","@graph":[{"@type":"WebPage","@id":"https:\/\/instytutpolski.pl\/roma\/la-terra-della-grande-promessa\/","url":"https:\/\/instytutpolski.pl\/roma\/la-terra-della-grande-promessa\/","name":"LA TERRA DELLA GRANDE PROMESSA - Instytut Polski w Rzymie","isPartOf":{"@id":"https:\/\/instytutpolski.pl\/roma\/#website"},"primaryImageOfPage":{"@id":"https:\/\/instytutpolski.pl\/roma\/la-terra-della-grande-promessa\/#primaryimage"},"image":{"@id":"https:\/\/instytutpolski.pl\/roma\/la-terra-della-grande-promessa\/#primaryimage"},"thumbnailUrl":"https:\/\/instytutpolski.pl\/roma\/wp-content\/uploads\/sites\/25\/2023\/10\/Ziemia_obiecana_S.jpg","datePublished":"2023-10-31T15:46:19+00:00","dateModified":"2023-10-31T15:46:20+00:00","breadcrumb":{"@id":"https:\/\/instytutpolski.pl\/roma\/la-terra-della-grande-promessa\/#breadcrumb"},"inLanguage":"pl-PL","potentialAction":[{"@type":"ReadAction","target":["https:\/\/instytutpolski.pl\/roma\/la-terra-della-grande-promessa\/"]}]},{"@type":"ImageObject","inLanguage":"pl-PL","@id":"https:\/\/instytutpolski.pl\/roma\/la-terra-della-grande-promessa\/#primaryimage","url":"https:\/\/instytutpolski.pl\/roma\/wp-content\/uploads\/sites\/25\/2023\/10\/Ziemia_obiecana_S.jpg","contentUrl":"https:\/\/instytutpolski.pl\/roma\/wp-content\/uploads\/sites\/25\/2023\/10\/Ziemia_obiecana_S.jpg","width":1920,"height":1080},{"@type":"BreadcrumbList","@id":"https:\/\/instytutpolski.pl\/roma\/la-terra-della-grande-promessa\/#breadcrumb","itemListElement":[{"@type":"ListItem","position":1,"name":"Home","item":"https:\/\/instytutpolski.pl\/roma\/"},{"@type":"ListItem","position":2,"name":"LA TERRA DELLA GRANDE PROMESSA"}]},{"@type":"WebSite","@id":"https:\/\/instytutpolski.pl\/roma\/#website","url":"https:\/\/instytutpolski.pl\/roma\/","name":"Instytut Polski w Rzymie","description":"Instytuty Polskie","potentialAction":[{"@type":"SearchAction","target":{"@type":"EntryPoint","urlTemplate":"https:\/\/instytutpolski.pl\/roma\/?s={search_term_string}"},"query-input":{"@type":"PropertyValueSpecification","valueRequired":true,"valueName":"search_term_string"}}],"inLanguage":"pl-PL"}]}},"_links":{"self":[{"href":"https:\/\/instytutpolski.pl\/roma\/wp-json\/wp\/v2\/pages\/5373","targetHints":{"allow":["GET"]}}],"collection":[{"href":"https:\/\/instytutpolski.pl\/roma\/wp-json\/wp\/v2\/pages"}],"about":[{"href":"https:\/\/instytutpolski.pl\/roma\/wp-json\/wp\/v2\/types\/page"}],"author":[{"embeddable":true,"href":"https:\/\/instytutpolski.pl\/roma\/wp-json\/wp\/v2\/users\/33"}],"replies":[{"embeddable":true,"href":"https:\/\/instytutpolski.pl\/roma\/wp-json\/wp\/v2\/comments?post=5373"}],"version-history":[{"count":1,"href":"https:\/\/instytutpolski.pl\/roma\/wp-json\/wp\/v2\/pages\/5373\/revisions"}],"predecessor-version":[{"id":5375,"href":"https:\/\/instytutpolski.pl\/roma\/wp-json\/wp\/v2\/pages\/5373\/revisions\/5375"}],"wp:featuredmedia":[{"embeddable":true,"href":"https:\/\/instytutpolski.pl\/roma\/wp-json\/wp\/v2\/media\/5374"}],"wp:attachment":[{"href":"https:\/\/instytutpolski.pl\/roma\/wp-json\/wp\/v2\/media?parent=5373"}],"curies":[{"name":"wp","href":"https:\/\/api.w.org\/{rel}","templated":true}]}}