{"id":5382,"date":"2023-10-31T16:55:33","date_gmt":"2023-10-31T15:55:33","guid":{"rendered":"https:\/\/instytutpolski.pl\/roma\/?page_id=5382"},"modified":"2023-10-31T16:55:34","modified_gmt":"2023-10-31T15:55:34","slug":"sette-donne-di-eta-diversa","status":"publish","type":"page","link":"https:\/\/instytutpolski.pl\/roma\/sette-donne-di-eta-diversa\/","title":{"rendered":"SETTE DONNE DI ETA DIVERSA"},"content":{"rendered":"\n<h2 class=\"has-vivid-red-color has-text-color wp-block-heading\"><strong>SIEDEM KOBIET W R\u00d3\u017bNYM WIEKU<\/strong><\/h2>\n\n\n\n<p><strong>di Krzysztof Kie\u015blowski<\/strong><\/p>\n\n\n<p style=\"font-weight: 400\">(PL, 1978<em>, <\/em>16\u2019, v. or. con sott. it.)<\/p>\n<p style=\"font-weight: 400\">Sette giorni nella vita di alcune ballerine \u2013 dalle bambine della scuola di danza alle prove delle prime ballerine, fino alle sostituzioni e alle lezioni di ballo. Il tempo scorre impietoso, e per le protagoniste ancora pi\u00f9 in fretta rispetto alla vita delle persone qualunque.<\/p>\n<p style=\"font-weight: 400\">La divisione in giorni della settimana delle varie epoche della vita delle ballerine rispecchia la fugacit\u00e0 delle fasi della vita di una donna: infanzia, adolescenza, giovinezza e maturit\u00e0. Quando si rivolge alle ragazze, l\u2019insegnante utilizza il paragone \u201ccome fiorellini\u201d: la delicatezza, unita alla caducit\u00e0, contraddistingue le varie tappe dello sviluppo delle ballerine. Il tono aspro delle insegnanti crea un contrasto con la grazia delle ballerine. La voce stridula e implacabile delle insegnanti interseca lo spazio sonoro dell\u2019accompagnamento musicale alle lezioni. Le riprese furono girate alla Scuola Statale di Danza di Varsavia (gioved\u00ec, venerd\u00ec). Di seguito osserviamo le prove di uno spettacolo che vede la partecipazione di Ewa G\u0142owacka, stella della scena varsaviana, in coppia con Waldemar Wo\u0142k-Karaczewski (sabato, domenica). Il giorno successivo ammiriamo la prima ballerina Ewa Wycichowska in un ruolo dall\u2019Uccello di fuoco nella coreografia di Konrad Drzewiecki (luned\u00ec): \u00e8 questa la fase dell\u2019apice della forma. C\u2019\u00e8 poi la selezione dei ruoli per Il bacio della fata di Igor Stravinskij al teatro di \u0141\u00f3d\u017a. Alina Baranowska sostituisce altre ballerine, osserva le esibizioni, aspetta il proprio turno (marted\u00ec). L\u2019ultimo episodio (mercoled\u00ec) si riallaccia al primo: di nuovo una lezione di danza, ma adesso dalla prospettiva dell\u2019insegnante. Una matura ballerina avvia le bambine alla professione. La donna, la cui carriera \u00e8 ormai conclusa, condivide le proprie esperienze, \u00e8 pi\u00f9 gentile e paziente della prima insegnante. Il film fu premiato con il Gran Prix \u201cLajkonik d\u2019oro\u201d al Festival del cinema di Cracovia nella sezione polacca (1979). Cos\u00ec come nei documentari L\u2019ufficio, L\u2019ospedale, La fabbrica o in quelli a soggetto Il personale e Una breve giornata di lavoro, Kie\u015blowski mostra un frammento della vita sociale, in cui si riflette con chiarezza non solo la specificit\u00e0 del luogo di lavoro, ma un\u2019idea pi\u00f9 ampia: nel caso di 7 donne di et\u00e0 diverse lo scorrere del tempo, qui per le donne pi\u00f9 doloroso che in altre professioni, che diventa perfino una metafora della vita umana.\u00a0<\/p>\n\n\n<figure class=\"wp-block-embed is-type-video is-provider-youtube wp-block-embed-youtube wp-embed-aspect-16-9 wp-has-aspect-ratio\"><div class=\"wp-block-embed__wrapper\">\nhttps:\/\/youtu.be\/StHExNeaC2M\n<\/div><\/figure>\n","protected":false},"excerpt":{"rendered":"<p>SIEDEM KOBIET W R\u00d3\u017bNYM WIEKU di Krzysztof Kie\u015blowski (PL, 1978, 16\u2019, v. or. con sott. it.) Sette giorni nella vita di alcune ballerine \u2013 dalle bambine della scuola di danza alle prove delle prime ballerine, fino alle sostituzioni e alle lezioni di ballo. Il tempo scorre impietoso, e per le protagoniste ancora pi\u00f9 in fretta [&hellip;]<\/p>\n","protected":false},"author":33,"featured_media":5383,"parent":0,"menu_order":0,"comment_status":"closed","ping_status":"closed","template":"","meta":{"inline_featured_image":false,"_monsterinsights_skip_tracking":false,"_monsterinsights_sitenote_active":false,"_monsterinsights_sitenote_note":"","_monsterinsights_sitenote_category":0,"footnotes":""},"class_list":["post-5382","page","type-page","status-publish","has-post-thumbnail","hentry"],"yoast_head":"<!-- This site is optimized with the Yoast SEO plugin v24.6 - https:\/\/yoast.com\/wordpress\/plugins\/seo\/ -->\n<title>SETTE DONNE DI ETA DIVERSA - Instytut Polski w Rzymie<\/title>\n<meta name=\"robots\" content=\"index, follow, max-snippet:-1, max-image-preview:large, max-video-preview:-1\" \/>\n<link rel=\"canonical\" href=\"https:\/\/instytutpolski.pl\/roma\/sette-donne-di-eta-diversa\/\" \/>\n<meta property=\"og:locale\" content=\"pl_PL\" \/>\n<meta property=\"og:type\" content=\"article\" \/>\n<meta property=\"og:title\" content=\"SETTE DONNE DI ETA DIVERSA - Instytut Polski w Rzymie\" \/>\n<meta property=\"og:description\" content=\"SIEDEM KOBIET W R\u00d3\u017bNYM WIEKU di Krzysztof Kie\u015blowski (PL, 1978, 16\u2019, v. or. con sott. it.) Sette giorni nella vita di alcune ballerine \u2013 dalle bambine della scuola di danza alle prove delle prime ballerine, fino alle sostituzioni e alle lezioni di ballo. Il tempo scorre impietoso, e per le protagoniste ancora pi\u00f9 in fretta [&hellip;]\" \/>\n<meta property=\"og:url\" content=\"https:\/\/instytutpolski.pl\/roma\/sette-donne-di-eta-diversa\/\" \/>\n<meta property=\"og:site_name\" content=\"Instytut Polski w Rzymie\" \/>\n<meta property=\"article:modified_time\" content=\"2023-10-31T15:55:34+00:00\" \/>\n<meta property=\"og:image\" content=\"https:\/\/instytutpolski.pl\/roma\/wp-content\/uploads\/sites\/25\/2023\/10\/Siedem_kobiet_S.jpg\" \/>\n\t<meta property=\"og:image:width\" content=\"1920\" \/>\n\t<meta property=\"og:image:height\" content=\"1080\" \/>\n\t<meta property=\"og:image:type\" content=\"image\/jpeg\" \/>\n<meta name=\"twitter:card\" content=\"summary_large_image\" \/>\n<meta name=\"twitter:label1\" content=\"Szacowany czas czytania\" \/>\n\t<meta name=\"twitter:data1\" content=\"3 minuty\" \/>\n<script type=\"application\/ld+json\" class=\"yoast-schema-graph\">{\"@context\":\"https:\/\/schema.org\",\"@graph\":[{\"@type\":\"WebPage\",\"@id\":\"https:\/\/instytutpolski.pl\/roma\/sette-donne-di-eta-diversa\/\",\"url\":\"https:\/\/instytutpolski.pl\/roma\/sette-donne-di-eta-diversa\/\",\"name\":\"SETTE DONNE DI ETA DIVERSA - Instytut Polski w Rzymie\",\"isPartOf\":{\"@id\":\"https:\/\/instytutpolski.pl\/roma\/#website\"},\"primaryImageOfPage\":{\"@id\":\"https:\/\/instytutpolski.pl\/roma\/sette-donne-di-eta-diversa\/#primaryimage\"},\"image\":{\"@id\":\"https:\/\/instytutpolski.pl\/roma\/sette-donne-di-eta-diversa\/#primaryimage\"},\"thumbnailUrl\":\"https:\/\/instytutpolski.pl\/roma\/wp-content\/uploads\/sites\/25\/2023\/10\/Siedem_kobiet_S.jpg\",\"datePublished\":\"2023-10-31T15:55:33+00:00\",\"dateModified\":\"2023-10-31T15:55:34+00:00\",\"breadcrumb\":{\"@id\":\"https:\/\/instytutpolski.pl\/roma\/sette-donne-di-eta-diversa\/#breadcrumb\"},\"inLanguage\":\"pl-PL\",\"potentialAction\":[{\"@type\":\"ReadAction\",\"target\":[\"https:\/\/instytutpolski.pl\/roma\/sette-donne-di-eta-diversa\/\"]}]},{\"@type\":\"ImageObject\",\"inLanguage\":\"pl-PL\",\"@id\":\"https:\/\/instytutpolski.pl\/roma\/sette-donne-di-eta-diversa\/#primaryimage\",\"url\":\"https:\/\/instytutpolski.pl\/roma\/wp-content\/uploads\/sites\/25\/2023\/10\/Siedem_kobiet_S.jpg\",\"contentUrl\":\"https:\/\/instytutpolski.pl\/roma\/wp-content\/uploads\/sites\/25\/2023\/10\/Siedem_kobiet_S.jpg\",\"width\":1920,\"height\":1080},{\"@type\":\"BreadcrumbList\",\"@id\":\"https:\/\/instytutpolski.pl\/roma\/sette-donne-di-eta-diversa\/#breadcrumb\",\"itemListElement\":[{\"@type\":\"ListItem\",\"position\":1,\"name\":\"Home\",\"item\":\"https:\/\/instytutpolski.pl\/roma\/\"},{\"@type\":\"ListItem\",\"position\":2,\"name\":\"SETTE DONNE DI ETA DIVERSA\"}]},{\"@type\":\"WebSite\",\"@id\":\"https:\/\/instytutpolski.pl\/roma\/#website\",\"url\":\"https:\/\/instytutpolski.pl\/roma\/\",\"name\":\"Instytut Polski w Rzymie\",\"description\":\"Instytuty Polskie\",\"potentialAction\":[{\"@type\":\"SearchAction\",\"target\":{\"@type\":\"EntryPoint\",\"urlTemplate\":\"https:\/\/instytutpolski.pl\/roma\/?s={search_term_string}\"},\"query-input\":{\"@type\":\"PropertyValueSpecification\",\"valueRequired\":true,\"valueName\":\"search_term_string\"}}],\"inLanguage\":\"pl-PL\"}]}<\/script>\n<!-- \/ Yoast SEO plugin. -->","yoast_head_json":{"title":"SETTE DONNE DI ETA DIVERSA - Instytut Polski w Rzymie","robots":{"index":"index","follow":"follow","max-snippet":"max-snippet:-1","max-image-preview":"max-image-preview:large","max-video-preview":"max-video-preview:-1"},"canonical":"https:\/\/instytutpolski.pl\/roma\/sette-donne-di-eta-diversa\/","og_locale":"pl_PL","og_type":"article","og_title":"SETTE DONNE DI ETA DIVERSA - Instytut Polski w Rzymie","og_description":"SIEDEM KOBIET W R\u00d3\u017bNYM WIEKU di Krzysztof Kie\u015blowski (PL, 1978, 16\u2019, v. or. con sott. it.) Sette giorni nella vita di alcune ballerine \u2013 dalle bambine della scuola di danza alle prove delle prime ballerine, fino alle sostituzioni e alle lezioni di ballo. Il tempo scorre impietoso, e per le protagoniste ancora pi\u00f9 in fretta [&hellip;]","og_url":"https:\/\/instytutpolski.pl\/roma\/sette-donne-di-eta-diversa\/","og_site_name":"Instytut Polski w Rzymie","article_modified_time":"2023-10-31T15:55:34+00:00","og_image":[{"width":1920,"height":1080,"url":"https:\/\/instytutpolski.pl\/roma\/wp-content\/uploads\/sites\/25\/2023\/10\/Siedem_kobiet_S.jpg","type":"image\/jpeg"}],"twitter_card":"summary_large_image","twitter_misc":{"Szacowany czas czytania":"3 minuty"},"schema":{"@context":"https:\/\/schema.org","@graph":[{"@type":"WebPage","@id":"https:\/\/instytutpolski.pl\/roma\/sette-donne-di-eta-diversa\/","url":"https:\/\/instytutpolski.pl\/roma\/sette-donne-di-eta-diversa\/","name":"SETTE DONNE DI ETA DIVERSA - Instytut Polski w Rzymie","isPartOf":{"@id":"https:\/\/instytutpolski.pl\/roma\/#website"},"primaryImageOfPage":{"@id":"https:\/\/instytutpolski.pl\/roma\/sette-donne-di-eta-diversa\/#primaryimage"},"image":{"@id":"https:\/\/instytutpolski.pl\/roma\/sette-donne-di-eta-diversa\/#primaryimage"},"thumbnailUrl":"https:\/\/instytutpolski.pl\/roma\/wp-content\/uploads\/sites\/25\/2023\/10\/Siedem_kobiet_S.jpg","datePublished":"2023-10-31T15:55:33+00:00","dateModified":"2023-10-31T15:55:34+00:00","breadcrumb":{"@id":"https:\/\/instytutpolski.pl\/roma\/sette-donne-di-eta-diversa\/#breadcrumb"},"inLanguage":"pl-PL","potentialAction":[{"@type":"ReadAction","target":["https:\/\/instytutpolski.pl\/roma\/sette-donne-di-eta-diversa\/"]}]},{"@type":"ImageObject","inLanguage":"pl-PL","@id":"https:\/\/instytutpolski.pl\/roma\/sette-donne-di-eta-diversa\/#primaryimage","url":"https:\/\/instytutpolski.pl\/roma\/wp-content\/uploads\/sites\/25\/2023\/10\/Siedem_kobiet_S.jpg","contentUrl":"https:\/\/instytutpolski.pl\/roma\/wp-content\/uploads\/sites\/25\/2023\/10\/Siedem_kobiet_S.jpg","width":1920,"height":1080},{"@type":"BreadcrumbList","@id":"https:\/\/instytutpolski.pl\/roma\/sette-donne-di-eta-diversa\/#breadcrumb","itemListElement":[{"@type":"ListItem","position":1,"name":"Home","item":"https:\/\/instytutpolski.pl\/roma\/"},{"@type":"ListItem","position":2,"name":"SETTE DONNE DI ETA DIVERSA"}]},{"@type":"WebSite","@id":"https:\/\/instytutpolski.pl\/roma\/#website","url":"https:\/\/instytutpolski.pl\/roma\/","name":"Instytut Polski w Rzymie","description":"Instytuty Polskie","potentialAction":[{"@type":"SearchAction","target":{"@type":"EntryPoint","urlTemplate":"https:\/\/instytutpolski.pl\/roma\/?s={search_term_string}"},"query-input":{"@type":"PropertyValueSpecification","valueRequired":true,"valueName":"search_term_string"}}],"inLanguage":"pl-PL"}]}},"_links":{"self":[{"href":"https:\/\/instytutpolski.pl\/roma\/wp-json\/wp\/v2\/pages\/5382","targetHints":{"allow":["GET"]}}],"collection":[{"href":"https:\/\/instytutpolski.pl\/roma\/wp-json\/wp\/v2\/pages"}],"about":[{"href":"https:\/\/instytutpolski.pl\/roma\/wp-json\/wp\/v2\/types\/page"}],"author":[{"embeddable":true,"href":"https:\/\/instytutpolski.pl\/roma\/wp-json\/wp\/v2\/users\/33"}],"replies":[{"embeddable":true,"href":"https:\/\/instytutpolski.pl\/roma\/wp-json\/wp\/v2\/comments?post=5382"}],"version-history":[{"count":1,"href":"https:\/\/instytutpolski.pl\/roma\/wp-json\/wp\/v2\/pages\/5382\/revisions"}],"predecessor-version":[{"id":5384,"href":"https:\/\/instytutpolski.pl\/roma\/wp-json\/wp\/v2\/pages\/5382\/revisions\/5384"}],"wp:featuredmedia":[{"embeddable":true,"href":"https:\/\/instytutpolski.pl\/roma\/wp-json\/wp\/v2\/media\/5383"}],"wp:attachment":[{"href":"https:\/\/instytutpolski.pl\/roma\/wp-json\/wp\/v2\/media?parent=5382"}],"curies":[{"name":"wp","href":"https:\/\/api.w.org\/{rel}","templated":true}]}}