{"id":630,"date":"2020-06-02T00:07:55","date_gmt":"2020-06-01T22:07:55","guid":{"rendered":"https:\/\/instytutpolski.pl\/roma\/?page_id=630"},"modified":"2020-06-02T00:07:57","modified_gmt":"2020-06-01T22:07:57","slug":"politica-relativa-ai-cookie","status":"publish","type":"page","link":"https:\/\/instytutpolski.pl\/roma\/politica-relativa-ai-cookie\/","title":{"rendered":"Politica relativa ai cookie"},"content":{"rendered":"\n<p>Questo sito utilizza i <strong>cookie<\/strong> per garantire il miglior livello del servizio. Utilizzando il nostro sito, l\u2019utente accetta che i nostri cookie siano salvati sul suo dispositivo di navigazione. L\u2019utente pu\u00f2 modificare le impostazioni del browser in qualsiasi momento.<\/p>\n<p>Per la comodit\u00e0 dei suoi utenti, il <strong>sito web<\/strong>\u00a0<strong>instytutpolski.pl<\/strong>, appartenente al Ministero degli Affari Esteri della Repubblica di Polonia, utilizza cookie al fine\u00a0<strong>di adattare il sito stesso alle esigenze degli utenti<\/strong>, nonch\u00e9 a fini statistici.<\/p>\n<p>I cookie <strong>sono piccoli file di testo inviati dal sito web visitato<\/strong>\u00a0al dispositivo internet dell\u2019utente (computer, smartphone, ecc.). I cookie non contengono nessun dato personale.<\/p>\n<p>Il sito web instytutpolski.pl utilizza due tipi di cookie:<\/p>\n<ol>\n<li>di prestazione (che raccolgono informazioni su come i visitatori utilizzano il sito, ad esempio le pagine visitate pi\u00f9 spesso, i messaggi di errore, ecc.),<\/li>\n<li>funzionali (che registrano le impostazioni dell\u2019utente, ad es. la lingua, i consensi espressi, ecc.); come ad esempio:<\/li>\n<\/ol>\n<ul>\n<li>i cookie di google-analytics.com &#8211; utilizzati per effettuare statistiche per il sito instytutpolski.pl; l\u2019informativa completa sulla privacy di Google Analytics \u00e8 disponibile all\u2019indirizzo: <a href=\"http:\/\/www.google.com\/analytics\/learn\/privacy.html\">http:\/\/www.google.com\/analytics\/learn\/privacy.html<\/a>,\u00a0<\/li>\n<li>i cookie di sessione: si tratta di informazioni temporanee archiviate nella memoria del browser fino alla fine della sessione, vale a dire fino alla sua chiusura.<\/li>\n<\/ul>\n<p>I siti web di terze parti, a cui a volte rimanda il sito web instytutpolski.pl, possono utilizzare anche cookie diversi da quelli sopra elencati, tra cui in particolare cookie che permettono il login o l\u2019invio di annunci pubblicitari corrispondenti alle preferenze e ai comportamenti dell\u2019utente. Cookie di questo genere sono:<\/p>\n<ul>\n<li>sul sito <a href=\"http:\/\/youtube.com\">youtube.com<\/a>, i cookie contenenti le preferenze dell\u2019utente e il numero di clic; l\u2019informativa sulla privacy di YouTube \u00e8 consultabile all\u2019indirizzo: <a href=\"http:\/\/www.google.pl\/intl\/pl\/policies\/privacy\/\">http:\/\/www.google.pl\/intl\/pl\/policies\/privacy\/<\/a>\u00a0<\/li>\n<li>sul sito <a href=\"http:\/\/player.vimeo.com\">player.vimeo.com<\/a> e <a href=\"http:\/\/av.vimeo.com\">av.vimeo.com<\/a>, i cookie che permettono il login, nonch\u00e9 i cookie inseriti dagli inserzionisti per adattare il contento e le forme di pubblicit\u00e0; la politica dei cookie del sito Vimeo \u00e8 consultabile all\u2019indirizzo: <a href=\"http:\/\/vimeo.com\/cookie_policy\">http:\/\/vimeo.com\/cookie_policy<\/a>.<\/li>\n<\/ul>\n<p><strong>La maggior parte dei browser permette di: eliminare i cookie dal disco rigido del computer (accedendo alle impostazioni del browser), bloccare tutti i cookie inviati o impostare un avviso prima che essi vengano salvati sul disco.\u00a0<\/strong><\/p>\n<p>Occorre tener presente che le modifiche delle impostazioni relative a questi file che consistano nel limitarne l\u2019uso possono influire su alcune delle funzionalit\u00e0 disponibili sui siti web che li utilizzano, impedendo ad esempio l\u2019accesso a un account di posta elettronica. <strong>La mancata modifica di tali impostazioni significa l\u2019accettazione dell\u2019utilizzo dei cookie<\/strong>.<\/p>\n<p><strong>Di seguito indichiamo come modificare le impostazioni dei cookie nei pi\u00f9 popolari motori di ricerca:<\/strong><\/p>\n<p><strong>Google Chrome<\/strong><br \/>Menu&gt; Impostazioni&gt; Mostra impostazioni avanzate&gt; Privacy&gt; Impostazioni contenuti&gt; Cookie: seleziona l\u2019opzione adeguata.<\/p>\n<p><strong>Internet Explorer<\/strong><br \/>Menu&gt; Strumenti&gt; Opzioni Internet&gt; Privacy: selezionare l\u2019opzione adeguata.<\/p>\n<p><strong>Mozilla Firefox<\/strong><br \/>Menu&gt; Opzioni&gt; Privacy&gt; Cronologia: selezionare l\u2019opzione adeguata.<\/p>\n<p><strong>Opera<\/strong><br \/>Menu &gt; Preferenze &gt; Avanzate &gt; Cookie: selezionare l\u2019opzione adeguata.<\/p>\n<p><strong>Safari<\/strong><br \/>Menu &gt; Preferenze &gt; Privacy &gt; Cookie: selezionare l\u2019opzione adeguata.<\/p>\n","protected":false},"excerpt":{"rendered":"<p>Questo sito utilizza i cookie per garantire il miglior livello del servizio. Utilizzando il nostro sito, l\u2019utente accetta che i nostri cookie siano salvati sul suo dispositivo di navigazione. L\u2019utente pu\u00f2 modificare le impostazioni del browser in qualsiasi momento. Per la comodit\u00e0 dei suoi utenti, il sito web\u00a0instytutpolski.pl, appartenente al Ministero degli Affari Esteri della [&hellip;]<\/p>\n","protected":false},"author":1,"featured_media":631,"parent":0,"menu_order":0,"comment_status":"closed","ping_status":"closed","template":"","meta":{"inline_featured_image":false,"_monsterinsights_skip_tracking":false,"_monsterinsights_sitenote_active":false,"_monsterinsights_sitenote_note":"","_monsterinsights_sitenote_category":0,"footnotes":""},"class_list":["post-630","page","type-page","status-publish","has-post-thumbnail","hentry"],"yoast_head":"<!-- This site is optimized with the Yoast SEO plugin v24.6 - https:\/\/yoast.com\/wordpress\/plugins\/seo\/ -->\n<title>Politica relativa ai cookie - Instytut Polski w Rzymie<\/title>\n<meta name=\"robots\" content=\"index, follow, max-snippet:-1, max-image-preview:large, max-video-preview:-1\" \/>\n<link rel=\"canonical\" href=\"https:\/\/instytutpolski.pl\/roma\/politica-relativa-ai-cookie\/\" \/>\n<meta property=\"og:locale\" content=\"pl_PL\" \/>\n<meta property=\"og:type\" content=\"article\" \/>\n<meta property=\"og:title\" content=\"Politica relativa ai cookie - Instytut Polski w Rzymie\" \/>\n<meta property=\"og:description\" content=\"Questo sito utilizza i cookie per garantire il miglior livello del servizio. Utilizzando il nostro sito, l\u2019utente accetta che i nostri cookie siano salvati sul suo dispositivo di navigazione. L\u2019utente pu\u00f2 modificare le impostazioni del browser in qualsiasi momento. Per la comodit\u00e0 dei suoi utenti, il sito web\u00a0instytutpolski.pl, appartenente al Ministero degli Affari Esteri della [&hellip;]\" \/>\n<meta property=\"og:url\" content=\"https:\/\/instytutpolski.pl\/roma\/politica-relativa-ai-cookie\/\" \/>\n<meta property=\"og:site_name\" content=\"Instytut Polski w Rzymie\" \/>\n<meta property=\"article:modified_time\" content=\"2020-06-01T22:07:57+00:00\" \/>\n<meta property=\"og:image\" content=\"https:\/\/instytutpolski.pl\/roma\/wp-content\/uploads\/sites\/25\/2020\/06\/Krokusy-2.jpg\" \/>\n\t<meta property=\"og:image:width\" content=\"2048\" \/>\n\t<meta property=\"og:image:height\" content=\"1365\" \/>\n\t<meta property=\"og:image:type\" content=\"image\/jpeg\" \/>\n<meta name=\"twitter:card\" content=\"summary_large_image\" \/>\n<meta name=\"twitter:label1\" content=\"Szacowany czas czytania\" \/>\n\t<meta name=\"twitter:data1\" content=\"3 minuty\" \/>\n<script type=\"application\/ld+json\" class=\"yoast-schema-graph\">{\"@context\":\"https:\/\/schema.org\",\"@graph\":[{\"@type\":\"WebPage\",\"@id\":\"https:\/\/instytutpolski.pl\/roma\/politica-relativa-ai-cookie\/\",\"url\":\"https:\/\/instytutpolski.pl\/roma\/politica-relativa-ai-cookie\/\",\"name\":\"Politica relativa ai cookie - Instytut Polski w Rzymie\",\"isPartOf\":{\"@id\":\"https:\/\/instytutpolski.pl\/roma\/#website\"},\"primaryImageOfPage\":{\"@id\":\"https:\/\/instytutpolski.pl\/roma\/politica-relativa-ai-cookie\/#primaryimage\"},\"image\":{\"@id\":\"https:\/\/instytutpolski.pl\/roma\/politica-relativa-ai-cookie\/#primaryimage\"},\"thumbnailUrl\":\"https:\/\/instytutpolski.pl\/roma\/wp-content\/uploads\/sites\/25\/2020\/06\/Krokusy-2.jpg\",\"datePublished\":\"2020-06-01T22:07:55+00:00\",\"dateModified\":\"2020-06-01T22:07:57+00:00\",\"breadcrumb\":{\"@id\":\"https:\/\/instytutpolski.pl\/roma\/politica-relativa-ai-cookie\/#breadcrumb\"},\"inLanguage\":\"pl-PL\",\"potentialAction\":[{\"@type\":\"ReadAction\",\"target\":[\"https:\/\/instytutpolski.pl\/roma\/politica-relativa-ai-cookie\/\"]}]},{\"@type\":\"ImageObject\",\"inLanguage\":\"pl-PL\",\"@id\":\"https:\/\/instytutpolski.pl\/roma\/politica-relativa-ai-cookie\/#primaryimage\",\"url\":\"https:\/\/instytutpolski.pl\/roma\/wp-content\/uploads\/sites\/25\/2020\/06\/Krokusy-2.jpg\",\"contentUrl\":\"https:\/\/instytutpolski.pl\/roma\/wp-content\/uploads\/sites\/25\/2020\/06\/Krokusy-2.jpg\",\"width\":2048,\"height\":1365},{\"@type\":\"BreadcrumbList\",\"@id\":\"https:\/\/instytutpolski.pl\/roma\/politica-relativa-ai-cookie\/#breadcrumb\",\"itemListElement\":[{\"@type\":\"ListItem\",\"position\":1,\"name\":\"Home\",\"item\":\"https:\/\/instytutpolski.pl\/roma\/\"},{\"@type\":\"ListItem\",\"position\":2,\"name\":\"Politica relativa ai cookie\"}]},{\"@type\":\"WebSite\",\"@id\":\"https:\/\/instytutpolski.pl\/roma\/#website\",\"url\":\"https:\/\/instytutpolski.pl\/roma\/\",\"name\":\"Instytut Polski w Rzymie\",\"description\":\"Instytuty Polskie\",\"potentialAction\":[{\"@type\":\"SearchAction\",\"target\":{\"@type\":\"EntryPoint\",\"urlTemplate\":\"https:\/\/instytutpolski.pl\/roma\/?s={search_term_string}\"},\"query-input\":{\"@type\":\"PropertyValueSpecification\",\"valueRequired\":true,\"valueName\":\"search_term_string\"}}],\"inLanguage\":\"pl-PL\"}]}<\/script>\n<!-- \/ Yoast SEO plugin. -->","yoast_head_json":{"title":"Politica relativa ai cookie - Instytut Polski w Rzymie","robots":{"index":"index","follow":"follow","max-snippet":"max-snippet:-1","max-image-preview":"max-image-preview:large","max-video-preview":"max-video-preview:-1"},"canonical":"https:\/\/instytutpolski.pl\/roma\/politica-relativa-ai-cookie\/","og_locale":"pl_PL","og_type":"article","og_title":"Politica relativa ai cookie - Instytut Polski w Rzymie","og_description":"Questo sito utilizza i cookie per garantire il miglior livello del servizio. Utilizzando il nostro sito, l\u2019utente accetta che i nostri cookie siano salvati sul suo dispositivo di navigazione. L\u2019utente pu\u00f2 modificare le impostazioni del browser in qualsiasi momento. Per la comodit\u00e0 dei suoi utenti, il sito web\u00a0instytutpolski.pl, appartenente al Ministero degli Affari Esteri della [&hellip;]","og_url":"https:\/\/instytutpolski.pl\/roma\/politica-relativa-ai-cookie\/","og_site_name":"Instytut Polski w Rzymie","article_modified_time":"2020-06-01T22:07:57+00:00","og_image":[{"width":2048,"height":1365,"url":"https:\/\/instytutpolski.pl\/roma\/wp-content\/uploads\/sites\/25\/2020\/06\/Krokusy-2.jpg","type":"image\/jpeg"}],"twitter_card":"summary_large_image","twitter_misc":{"Szacowany czas czytania":"3 minuty"},"schema":{"@context":"https:\/\/schema.org","@graph":[{"@type":"WebPage","@id":"https:\/\/instytutpolski.pl\/roma\/politica-relativa-ai-cookie\/","url":"https:\/\/instytutpolski.pl\/roma\/politica-relativa-ai-cookie\/","name":"Politica relativa ai cookie - Instytut Polski w Rzymie","isPartOf":{"@id":"https:\/\/instytutpolski.pl\/roma\/#website"},"primaryImageOfPage":{"@id":"https:\/\/instytutpolski.pl\/roma\/politica-relativa-ai-cookie\/#primaryimage"},"image":{"@id":"https:\/\/instytutpolski.pl\/roma\/politica-relativa-ai-cookie\/#primaryimage"},"thumbnailUrl":"https:\/\/instytutpolski.pl\/roma\/wp-content\/uploads\/sites\/25\/2020\/06\/Krokusy-2.jpg","datePublished":"2020-06-01T22:07:55+00:00","dateModified":"2020-06-01T22:07:57+00:00","breadcrumb":{"@id":"https:\/\/instytutpolski.pl\/roma\/politica-relativa-ai-cookie\/#breadcrumb"},"inLanguage":"pl-PL","potentialAction":[{"@type":"ReadAction","target":["https:\/\/instytutpolski.pl\/roma\/politica-relativa-ai-cookie\/"]}]},{"@type":"ImageObject","inLanguage":"pl-PL","@id":"https:\/\/instytutpolski.pl\/roma\/politica-relativa-ai-cookie\/#primaryimage","url":"https:\/\/instytutpolski.pl\/roma\/wp-content\/uploads\/sites\/25\/2020\/06\/Krokusy-2.jpg","contentUrl":"https:\/\/instytutpolski.pl\/roma\/wp-content\/uploads\/sites\/25\/2020\/06\/Krokusy-2.jpg","width":2048,"height":1365},{"@type":"BreadcrumbList","@id":"https:\/\/instytutpolski.pl\/roma\/politica-relativa-ai-cookie\/#breadcrumb","itemListElement":[{"@type":"ListItem","position":1,"name":"Home","item":"https:\/\/instytutpolski.pl\/roma\/"},{"@type":"ListItem","position":2,"name":"Politica relativa ai cookie"}]},{"@type":"WebSite","@id":"https:\/\/instytutpolski.pl\/roma\/#website","url":"https:\/\/instytutpolski.pl\/roma\/","name":"Instytut Polski w Rzymie","description":"Instytuty Polskie","potentialAction":[{"@type":"SearchAction","target":{"@type":"EntryPoint","urlTemplate":"https:\/\/instytutpolski.pl\/roma\/?s={search_term_string}"},"query-input":{"@type":"PropertyValueSpecification","valueRequired":true,"valueName":"search_term_string"}}],"inLanguage":"pl-PL"}]}},"_links":{"self":[{"href":"https:\/\/instytutpolski.pl\/roma\/wp-json\/wp\/v2\/pages\/630","targetHints":{"allow":["GET"]}}],"collection":[{"href":"https:\/\/instytutpolski.pl\/roma\/wp-json\/wp\/v2\/pages"}],"about":[{"href":"https:\/\/instytutpolski.pl\/roma\/wp-json\/wp\/v2\/types\/page"}],"author":[{"embeddable":true,"href":"https:\/\/instytutpolski.pl\/roma\/wp-json\/wp\/v2\/users\/1"}],"replies":[{"embeddable":true,"href":"https:\/\/instytutpolski.pl\/roma\/wp-json\/wp\/v2\/comments?post=630"}],"version-history":[{"count":2,"href":"https:\/\/instytutpolski.pl\/roma\/wp-json\/wp\/v2\/pages\/630\/revisions"}],"predecessor-version":[{"id":633,"href":"https:\/\/instytutpolski.pl\/roma\/wp-json\/wp\/v2\/pages\/630\/revisions\/633"}],"wp:featuredmedia":[{"embeddable":true,"href":"https:\/\/instytutpolski.pl\/roma\/wp-json\/wp\/v2\/media\/631"}],"wp:attachment":[{"href":"https:\/\/instytutpolski.pl\/roma\/wp-json\/wp\/v2\/media?parent=630"}],"curies":[{"name":"wp","href":"https:\/\/api.w.org\/{rel}","templated":true}]}}