{"id":945,"date":"2019-06-26T09:16:32","date_gmt":"2019-06-26T07:16:32","guid":{"rendered":"https:\/\/instytutpolski.pl\/sofia\/?page_id=945"},"modified":"2025-08-05T11:04:09","modified_gmt":"2025-08-05T09:04:09","slug":"zespol","status":"publish","type":"page","link":"https:\/\/instytutpolski.pl\/sofia\/pl\/zespol\/","title":{"rendered":"Zesp\u00f3\u0142"},"content":{"rendered":"\n<div class=\"wp-block-columns has-2-columns\">\n<div class=\"wp-block-column\">\n<p><strong>Ma\u0142gorzata Hejduk-Gromek<\/strong><\/p>\n<p>Radca-minister w Ambasadzie RP w Sofii<br \/>Dyrektor Instytutu Polskiego w Sofii<br \/><a href=\"mailto:sofia@instytutpolski.pl\">sofia@instytutpolski.pl<\/a><\/p>\n<\/div>\n<div class=\"wp-block-column\">\u00a0<\/div>\n<\/div>\n<div class=\"wp-block-columns has-2-columns\">\n<div class=\"wp-block-column\">\n<p><strong>Milena Michailova<\/strong><br \/>Sekretariat<br \/><a href=\"mailto:sofia@instytutpolski.pl\">sofia@instytutpolski.pl<\/a><\/p>\n<p><strong>Swet\u0142a Karaneszewa<\/strong><br \/>Dzia\u0142 Programowy, t\u0142umacz<br \/><a href=\"mailto:swetla.karaneszewa@instytutpolski.pl\">swetla.karaneszewa@instytutpolski.pl<\/a><\/p>\n<p><strong>Marina Ognyanova<\/strong><br \/>Dzia\u0142 Programowy i Biblioteka<br \/><a href=\"mailto:marina.ognyanova@instytutpolski.pl\" target=\"_blank\" rel=\"noopener\">marina.ognyanova@instytutpolski.pl<\/a><\/p>\n<\/div>\n<div class=\"wp-block-column\">\n<p><strong>Dariusz Doma\u0144ski<\/strong><br \/>Dzia\u0142 Administracyjny<br \/><a href=\"mailto:Dariusz.Domanski@msz.gov.pl\">Dariusz.Domanski@msz.gov.pl<\/a><\/p>\n<p><strong>Eduard Gernat<\/strong><br \/>Kierowca<br \/><a href=\"mailto:sofia@instytutpolski.pl\">sofia@instytutpolski.pl<\/a><\/p>\n<\/div>\n<\/div>\n","protected":false},"excerpt":{"rendered":"<p>Ma\u0142gorzata Hejduk-Gromek Radca-minister w Ambasadzie RP w SofiiDyrektor Instytutu Polskiego w Sofiisofia@instytutpolski.pl \u00a0 Milena MichailovaSekretariatsofia@instytutpolski.pl Swet\u0142a KaraneszewaDzia\u0142 Programowy, t\u0142umaczswetla.karaneszewa@instytutpolski.pl Marina OgnyanovaDzia\u0142 Programowy i Bibliotekamarina.ognyanova@instytutpolski.pl Dariusz Doma\u0144skiDzia\u0142 AdministracyjnyDariusz.Domanski@msz.gov.pl Eduard GernatKierowcasofia@instytutpolski.pl<\/p>\n","protected":false},"author":1,"featured_media":0,"parent":0,"menu_order":0,"comment_status":"closed","ping_status":"closed","template":"","meta":{"inline_featured_image":false,"_monsterinsights_skip_tracking":false,"_monsterinsights_sitenote_active":false,"_monsterinsights_sitenote_note":"","_monsterinsights_sitenote_category":0,"footnotes":""},"class_list":["post-945","page","type-page","status-publish","hentry"],"yoast_head":"<!-- This site is optimized with the Yoast SEO plugin v24.6 - https:\/\/yoast.com\/wordpress\/plugins\/seo\/ -->\n<title>Zesp\u00f3\u0142 - Instytut Polski w Sofii<\/title>\n<meta name=\"robots\" content=\"index, follow, max-snippet:-1, max-image-preview:large, max-video-preview:-1\" \/>\n<link rel=\"canonical\" href=\"https:\/\/instytutpolski.pl\/sofia\/pl\/zespol\/\" \/>\n<meta property=\"og:locale\" content=\"pl_PL\" \/>\n<meta property=\"og:type\" content=\"article\" \/>\n<meta property=\"og:title\" content=\"Zesp\u00f3\u0142 - Instytut Polski w Sofii\" \/>\n<meta property=\"og:description\" content=\"Ma\u0142gorzata Hejduk-Gromek Radca-minister w Ambasadzie RP w SofiiDyrektor Instytutu Polskiego w Sofiisofia@instytutpolski.pl \u00a0 Milena MichailovaSekretariatsofia@instytutpolski.pl Swet\u0142a KaraneszewaDzia\u0142 Programowy, t\u0142umaczswetla.karaneszewa@instytutpolski.pl Marina OgnyanovaDzia\u0142 Programowy i Bibliotekamarina.ognyanova@instytutpolski.pl Dariusz Doma\u0144skiDzia\u0142 AdministracyjnyDariusz.Domanski@msz.gov.pl Eduard GernatKierowcasofia@instytutpolski.pl\" \/>\n<meta property=\"og:url\" content=\"https:\/\/instytutpolski.pl\/sofia\/pl\/zespol\/\" \/>\n<meta property=\"og:site_name\" content=\"Instytut Polski w Sofii\" \/>\n<meta property=\"article:modified_time\" content=\"2025-08-05T09:04:09+00:00\" \/>\n<meta name=\"twitter:card\" content=\"summary_large_image\" \/>\n<meta name=\"twitter:label1\" content=\"Szacowany czas czytania\" \/>\n\t<meta name=\"twitter:data1\" content=\"1 minuta\" \/>\n<script type=\"application\/ld+json\" class=\"yoast-schema-graph\">{\"@context\":\"https:\/\/schema.org\",\"@graph\":[{\"@type\":\"WebPage\",\"@id\":\"https:\/\/instytutpolski.pl\/sofia\/pl\/zespol\/\",\"url\":\"https:\/\/instytutpolski.pl\/sofia\/pl\/zespol\/\",\"name\":\"Zesp\u00f3\u0142 - Instytut Polski w Sofii\",\"isPartOf\":{\"@id\":\"https:\/\/instytutpolski.pl\/sofia\/#website\"},\"datePublished\":\"2019-06-26T07:16:32+00:00\",\"dateModified\":\"2025-08-05T09:04:09+00:00\",\"breadcrumb\":{\"@id\":\"https:\/\/instytutpolski.pl\/sofia\/pl\/zespol\/#breadcrumb\"},\"inLanguage\":\"pl-PL\",\"potentialAction\":[{\"@type\":\"ReadAction\",\"target\":[\"https:\/\/instytutpolski.pl\/sofia\/pl\/zespol\/\"]}]},{\"@type\":\"BreadcrumbList\",\"@id\":\"https:\/\/instytutpolski.pl\/sofia\/pl\/zespol\/#breadcrumb\",\"itemListElement\":[{\"@type\":\"ListItem\",\"position\":1,\"name\":\"Home\",\"item\":\"https:\/\/instytutpolski.pl\/sofia\/\"},{\"@type\":\"ListItem\",\"position\":2,\"name\":\"Zesp\u00f3\u0142\"}]},{\"@type\":\"WebSite\",\"@id\":\"https:\/\/instytutpolski.pl\/sofia\/#website\",\"url\":\"https:\/\/instytutpolski.pl\/sofia\/\",\"name\":\"Instytut Polski w Sofii\",\"description\":\"Instytuty Polskie\",\"potentialAction\":[{\"@type\":\"SearchAction\",\"target\":{\"@type\":\"EntryPoint\",\"urlTemplate\":\"https:\/\/instytutpolski.pl\/sofia\/?s={search_term_string}\"},\"query-input\":{\"@type\":\"PropertyValueSpecification\",\"valueRequired\":true,\"valueName\":\"search_term_string\"}}],\"inLanguage\":\"pl-PL\"}]}<\/script>\n<!-- \/ Yoast SEO plugin. -->","yoast_head_json":{"title":"Zesp\u00f3\u0142 - Instytut Polski w Sofii","robots":{"index":"index","follow":"follow","max-snippet":"max-snippet:-1","max-image-preview":"max-image-preview:large","max-video-preview":"max-video-preview:-1"},"canonical":"https:\/\/instytutpolski.pl\/sofia\/pl\/zespol\/","og_locale":"pl_PL","og_type":"article","og_title":"Zesp\u00f3\u0142 - Instytut Polski w Sofii","og_description":"Ma\u0142gorzata Hejduk-Gromek Radca-minister w Ambasadzie RP w SofiiDyrektor Instytutu Polskiego w Sofiisofia@instytutpolski.pl \u00a0 Milena MichailovaSekretariatsofia@instytutpolski.pl Swet\u0142a KaraneszewaDzia\u0142 Programowy, t\u0142umaczswetla.karaneszewa@instytutpolski.pl Marina OgnyanovaDzia\u0142 Programowy i Bibliotekamarina.ognyanova@instytutpolski.pl Dariusz Doma\u0144skiDzia\u0142 AdministracyjnyDariusz.Domanski@msz.gov.pl Eduard GernatKierowcasofia@instytutpolski.pl","og_url":"https:\/\/instytutpolski.pl\/sofia\/pl\/zespol\/","og_site_name":"Instytut Polski w Sofii","article_modified_time":"2025-08-05T09:04:09+00:00","twitter_card":"summary_large_image","twitter_misc":{"Szacowany czas czytania":"1 minuta"},"schema":{"@context":"https:\/\/schema.org","@graph":[{"@type":"WebPage","@id":"https:\/\/instytutpolski.pl\/sofia\/pl\/zespol\/","url":"https:\/\/instytutpolski.pl\/sofia\/pl\/zespol\/","name":"Zesp\u00f3\u0142 - Instytut Polski w Sofii","isPartOf":{"@id":"https:\/\/instytutpolski.pl\/sofia\/#website"},"datePublished":"2019-06-26T07:16:32+00:00","dateModified":"2025-08-05T09:04:09+00:00","breadcrumb":{"@id":"https:\/\/instytutpolski.pl\/sofia\/pl\/zespol\/#breadcrumb"},"inLanguage":"pl-PL","potentialAction":[{"@type":"ReadAction","target":["https:\/\/instytutpolski.pl\/sofia\/pl\/zespol\/"]}]},{"@type":"BreadcrumbList","@id":"https:\/\/instytutpolski.pl\/sofia\/pl\/zespol\/#breadcrumb","itemListElement":[{"@type":"ListItem","position":1,"name":"Home","item":"https:\/\/instytutpolski.pl\/sofia\/"},{"@type":"ListItem","position":2,"name":"Zesp\u00f3\u0142"}]},{"@type":"WebSite","@id":"https:\/\/instytutpolski.pl\/sofia\/#website","url":"https:\/\/instytutpolski.pl\/sofia\/","name":"Instytut Polski w Sofii","description":"Instytuty Polskie","potentialAction":[{"@type":"SearchAction","target":{"@type":"EntryPoint","urlTemplate":"https:\/\/instytutpolski.pl\/sofia\/?s={search_term_string}"},"query-input":{"@type":"PropertyValueSpecification","valueRequired":true,"valueName":"search_term_string"}}],"inLanguage":"pl-PL"}]}},"_links":{"self":[{"href":"https:\/\/instytutpolski.pl\/sofia\/wp-json\/wp\/v2\/pages\/945","targetHints":{"allow":["GET"]}}],"collection":[{"href":"https:\/\/instytutpolski.pl\/sofia\/wp-json\/wp\/v2\/pages"}],"about":[{"href":"https:\/\/instytutpolski.pl\/sofia\/wp-json\/wp\/v2\/types\/page"}],"author":[{"embeddable":true,"href":"https:\/\/instytutpolski.pl\/sofia\/wp-json\/wp\/v2\/users\/1"}],"replies":[{"embeddable":true,"href":"https:\/\/instytutpolski.pl\/sofia\/wp-json\/wp\/v2\/comments?post=945"}],"version-history":[{"count":19,"href":"https:\/\/instytutpolski.pl\/sofia\/wp-json\/wp\/v2\/pages\/945\/revisions"}],"predecessor-version":[{"id":12712,"href":"https:\/\/instytutpolski.pl\/sofia\/wp-json\/wp\/v2\/pages\/945\/revisions\/12712"}],"wp:attachment":[{"href":"https:\/\/instytutpolski.pl\/sofia\/wp-json\/wp\/v2\/media?parent=945"}],"curies":[{"name":"wp","href":"https:\/\/api.w.org\/{rel}","templated":true}]}}