{"version":"1.0","provider_name":"Instytut Polski w Sztokholmie","provider_url":"https:\/\/instytutpolski.pl\/stockholm","author_name":"strozniake","author_url":"https:\/\/instytutpolski.pl\/stockholm\/author\/strozniake\/","title":"EU-julkonsert i S:t Johannes kyrka - Instytut Polski w Sztokholmie","type":"rich","width":600,"height":338,"html":"<blockquote class=\"wp-embedded-content\" data-secret=\"75CRpuSWaq\"><a href=\"https:\/\/instytutpolski.pl\/stockholm\/2020\/01\/03\/eu-julkonsert-i-st-johannes-kyrka\/\">EU-julkonsert i S:t Johannes kyrka<\/a><\/blockquote><iframe sandbox=\"allow-scripts\" security=\"restricted\" src=\"https:\/\/instytutpolski.pl\/stockholm\/2020\/01\/03\/eu-julkonsert-i-st-johannes-kyrka\/embed\/#?secret=75CRpuSWaq\" width=\"600\" height=\"338\" title=\"&#8222;EU-julkonsert i S:t Johannes kyrka&#8221; &#8212; Instytut Polski w Sztokholmie\" data-secret=\"75CRpuSWaq\" frameborder=\"0\" marginwidth=\"0\" marginheight=\"0\" scrolling=\"no\" class=\"wp-embedded-content\"><\/iframe><script type=\"text\/javascript\">\n\/* <![CDATA[ *\/\n\/*! This file is auto-generated *\/\n!function(d,l){\"use strict\";l.querySelector&&d.addEventListener&&\"undefined\"!=typeof URL&&(d.wp=d.wp||{},d.wp.receiveEmbedMessage||(d.wp.receiveEmbedMessage=function(e){var t=e.data;if((t||t.secret||t.message||t.value)&&!\/[^a-zA-Z0-9]\/.test(t.secret)){for(var s,r,n,a=l.querySelectorAll('iframe[data-secret=\"'+t.secret+'\"]'),o=l.querySelectorAll('blockquote[data-secret=\"'+t.secret+'\"]'),c=new RegExp(\"^https?:$\",\"i\"),i=0;i<o.length;i++)o[i].style.display=\"none\";for(i=0;i<a.length;i++)s=a[i],e.source===s.contentWindow&&(s.removeAttribute(\"style\"),\"height\"===t.message?(1e3<(r=parseInt(t.value,10))?r=1e3:~~r<200&&(r=200),s.height=r):\"link\"===t.message&&(r=new URL(s.getAttribute(\"src\")),n=new URL(t.value),c.test(n.protocol))&&n.host===r.host&&l.activeElement===s&&(d.top.location.href=t.value))}},d.addEventListener(\"message\",d.wp.receiveEmbedMessage,!1),l.addEventListener(\"DOMContentLoaded\",function(){for(var e,t,s=l.querySelectorAll(\"iframe.wp-embedded-content\"),r=0;r<s.length;r++)(t=(e=s[r]).getAttribute(\"data-secret\"))||(t=Math.random().toString(36).substring(2,12),e.src+=\"#?secret=\"+t,e.setAttribute(\"data-secret\",t)),e.contentWindow.postMessage({message:\"ready\",secret:t},\"*\")},!1)))}(window,document);\n\/* ]]> *\/\n<\/script>\n","thumbnail_url":"https:\/\/instytutpolski.pl\/stockholm\/wp-content\/uploads\/sites\/17\/2020\/01\/koncert-swiateczny.jpg","thumbnail_width":1083,"thumbnail_height":609,"description":"F\u00f6r f\u00f6rsta g\u00e5ngen arrangerar EU-kommissionens representation i Sverige tillsammans med representanter fr\u00e5n 12 EU-l\u00e4nder en flerspr\u00e5kig julkonsert med juls\u00e5nger fr\u00e5n Europas alla h\u00f6rn (Polen \u00e4r ocks\u00e5 med!). Efter\u00e5t v\u00e4ntar gl\u00f6ggservering, lussebullar och en liten julbasar. Evenemanget \u00e4r kostnadsfri, men antalet platser \u00e4r begr\u00e4nsat s\u00e5 garantera era platser genom den bindande anm\u00e4lan. Kom \u00e4ven i god [&hellip;]"}

För första gången arrangerar EU-kommissionens representation i Sverige tillsammans med representanter från 12 EU-länder en flerspråkig julkonsert med julsånger från Europas alla hörn (Polen är också med!). Efteråt väntar glöggservering, lussebullar och en liten julbasar. Evenemanget är kostnadsfri, men antalet platser är begränsat så garantera era platser genom den bindande anmälan. Kom även i god [&hellip;]
