{"version":"1.0","provider_name":"Instytut Polski w Sztokholmie","provider_url":"https:\/\/instytutpolski.pl\/stockholm","author_name":"strozniake","author_url":"https:\/\/instytutpolski.pl\/stockholm\/author\/strozniake\/","title":"Onlineutst\u00e4llning: Vita bussarna \u2013 \u00e5ter till livet - Instytut Polski w Sztokholmie","type":"rich","width":600,"height":338,"html":"<blockquote class=\"wp-embedded-content\" data-secret=\"GWfKHW1nlv\"><a href=\"https:\/\/instytutpolski.pl\/stockholm\/2020\/10\/21\/onlineutstallning-vita-bussarna-ater-till-livet\/\">Onlineutst\u00e4llning: Vita bussarna \u2013 \u00e5ter till livet<\/a><\/blockquote><iframe sandbox=\"allow-scripts\" security=\"restricted\" src=\"https:\/\/instytutpolski.pl\/stockholm\/2020\/10\/21\/onlineutstallning-vita-bussarna-ater-till-livet\/embed\/#?secret=GWfKHW1nlv\" width=\"600\" height=\"338\" title=\"&#8222;Onlineutst\u00e4llning: Vita bussarna \u2013 \u00e5ter till livet&#8221; &#8212; Instytut Polski w Sztokholmie\" data-secret=\"GWfKHW1nlv\" frameborder=\"0\" marginwidth=\"0\" marginheight=\"0\" scrolling=\"no\" class=\"wp-embedded-content\"><\/iframe><script type=\"text\/javascript\">\n\/* <![CDATA[ *\/\n\/*! This file is auto-generated *\/\n!function(d,l){\"use strict\";l.querySelector&&d.addEventListener&&\"undefined\"!=typeof URL&&(d.wp=d.wp||{},d.wp.receiveEmbedMessage||(d.wp.receiveEmbedMessage=function(e){var t=e.data;if((t||t.secret||t.message||t.value)&&!\/[^a-zA-Z0-9]\/.test(t.secret)){for(var s,r,n,a=l.querySelectorAll('iframe[data-secret=\"'+t.secret+'\"]'),o=l.querySelectorAll('blockquote[data-secret=\"'+t.secret+'\"]'),c=new RegExp(\"^https?:$\",\"i\"),i=0;i<o.length;i++)o[i].style.display=\"none\";for(i=0;i<a.length;i++)s=a[i],e.source===s.contentWindow&&(s.removeAttribute(\"style\"),\"height\"===t.message?(1e3<(r=parseInt(t.value,10))?r=1e3:~~r<200&&(r=200),s.height=r):\"link\"===t.message&&(r=new URL(s.getAttribute(\"src\")),n=new URL(t.value),c.test(n.protocol))&&n.host===r.host&&l.activeElement===s&&(d.top.location.href=t.value))}},d.addEventListener(\"message\",d.wp.receiveEmbedMessage,!1),l.addEventListener(\"DOMContentLoaded\",function(){for(var e,t,s=l.querySelectorAll(\"iframe.wp-embedded-content\"),r=0;r<s.length;r++)(t=(e=s[r]).getAttribute(\"data-secret\"))||(t=Math.random().toString(36).substring(2,12),e.src+=\"#?secret=\"+t,e.setAttribute(\"data-secret\",t)),e.contentWindow.postMessage({message:\"ready\",secret:t},\"*\")},!1)))}(window,document);\n\/* ]]> *\/\n<\/script>\n","thumbnail_url":"https:\/\/instytutpolski.pl\/stockholm\/wp-content\/uploads\/sites\/17\/2020\/10\/wystawa-baner_s.jpg","thumbnail_width":2500,"thumbnail_height":1585,"description":"Med anledning av 75-\u00e5rsminnet av Svenska R\u00f6da Korsets aktion visar vi utst\u00e4llningen \u201d\u00c5ter till livet och m\u00e4nsklig v\u00e4rdighet. Svenska R\u00f6da Korsets vice ordf\u00f6rande greve Folke Bernadottes aktion f\u00f6r r\u00e4ddning av f\u00e5ngar fr\u00e5n tyska koncentrationsl\u00e4ger 1945\u201d, som dess fullst\u00e4ndiga titel lyder. Utst\u00e4llningen vill visa p\u00e5 den stora humanit\u00e4ra insatsen och svenskarnas mod och beslutsamhet n\u00e4r de [&hellip;]"}

Onlineutställning: Vita bussarna – åter till livet - Instytut Polski w Sztokholmie

<blockquote class="wp-embedded-content" data-secret="GWfKHW1nlv"><a href="https://instytutpolski.pl/stockholm/2020/10/21/onlineutstallning-vita-bussarna-ater-till-livet/">Onlineutställning: Vita bussarna – åter till livet</a></blockquote><iframe sandbox="allow-scripts" security="restricted" src="https://instytutpolski.pl/stockholm/2020/10/21/onlineutstallning-vita-bussarna-ater-till-livet/embed/#?secret=GWfKHW1nlv" width="600" height="338" title="&#8222;Onlineutställning: Vita bussarna – åter till livet&#8221; &#8212; Instytut Polski w Sztokholmie" data-secret="GWfKHW1nlv" frameborder="0" marginwidth="0" marginheight="0" scrolling="no" class="wp-embedded-content"></iframe><script type="text/javascript">
/* <![CDATA[ */
/*! This file is auto-generated */
!function(d,l){"use strict";l.querySelector&&d.addEventListener&&"undefined"!=typeof URL&&(d.wp=d.wp||{},d.wp.receiveEmbedMessage||(d.wp.receiveEmbedMessage=function(e){var t=e.data;if((t||t.secret||t.message||t.value)&&!/[^a-zA-Z0-9]/.test(t.secret)){for(var s,r,n,a=l.querySelectorAll('iframe[data-secret="'+t.secret+'"]'),o=l.querySelectorAll('blockquote[data-secret="'+t.secret+'"]'),c=new RegExp("^https?:$","i"),i=0;i<o.length;i++)o[i].style.display="none";for(i=0;i<a.length;i++)s=a[i],e.source===s.contentWindow&&(s.removeAttribute("style"),"height"===t.message?(1e3<(r=parseInt(t.value,10))?r=1e3:~~r<200&&(r=200),s.height=r):"link"===t.message&&(r=new URL(s.getAttribute("src")),n=new URL(t.value),c.test(n.protocol))&&n.host===r.host&&l.activeElement===s&&(d.top.location.href=t.value))}},d.addEventListener("message",d.wp.receiveEmbedMessage,!1),l.addEventListener("DOMContentLoaded",function(){for(var e,t,s=l.querySelectorAll("iframe.wp-embedded-content"),r=0;r<s.length;r++)(t=(e=s[r]).getAttribute("data-secret"))||(t=Math.random().toString(36).substring(2,12),e.src+="#?secret="+t,e.setAttribute("data-secret",t)),e.contentWindow.postMessage({message:"ready",secret:t},"*")},!1)))}(window,document);
/* ]]> */
</script>

Med anledning av 75-årsminnet av Svenska Röda Korsets aktion visar vi utställningen ”Åter till livet och mänsklig värdighet. Svenska Röda Korsets vice ordförande greve Folke Bernadottes aktion för räddning av fångar från tyska koncentrationsläger 1945”, som dess fullständiga titel lyder. Utställningen vill visa på den stora humanitära insatsen och svenskarnas mod och beslutsamhet när de [&hellip;]
