{"version":"1.0","provider_name":"Instytut Polski w Sztokholmie","provider_url":"https:\/\/instytutpolski.pl\/stockholm","author_name":"strozniake","author_url":"https:\/\/instytutpolski.pl\/stockholm\/author\/strozniake\/","title":"Vi \u00e4r en ordbok och andra dikter: F\u00f6rfattarsamtal - Instytut Polski w Sztokholmie","type":"rich","width":600,"height":338,"html":"<blockquote class=\"wp-embedded-content\" data-secret=\"ApVC1nAyG5\"><a href=\"https:\/\/instytutpolski.pl\/stockholm\/2021\/08\/19\/vi-ar-en-ordbok-och-andra-dikter-forfattarsamtal2\/\">Vi \u00e4r en ordbok och andra dikter: F\u00f6rfattarsamtal<\/a><\/blockquote><iframe sandbox=\"allow-scripts\" security=\"restricted\" src=\"https:\/\/instytutpolski.pl\/stockholm\/2021\/08\/19\/vi-ar-en-ordbok-och-andra-dikter-forfattarsamtal2\/embed\/#?secret=ApVC1nAyG5\" width=\"600\" height=\"338\" title=\"&#8222;Vi \u00e4r en ordbok och andra dikter: F\u00f6rfattarsamtal&#8221; &#8212; Instytut Polski w Sztokholmie\" data-secret=\"ApVC1nAyG5\" frameborder=\"0\" marginwidth=\"0\" marginheight=\"0\" scrolling=\"no\" class=\"wp-embedded-content\"><\/iframe><script type=\"text\/javascript\">\n\/* <![CDATA[ *\/\n\/*! This file is auto-generated *\/\n!function(d,l){\"use strict\";l.querySelector&&d.addEventListener&&\"undefined\"!=typeof URL&&(d.wp=d.wp||{},d.wp.receiveEmbedMessage||(d.wp.receiveEmbedMessage=function(e){var t=e.data;if((t||t.secret||t.message||t.value)&&!\/[^a-zA-Z0-9]\/.test(t.secret)){for(var s,r,n,a=l.querySelectorAll('iframe[data-secret=\"'+t.secret+'\"]'),o=l.querySelectorAll('blockquote[data-secret=\"'+t.secret+'\"]'),c=new RegExp(\"^https?:$\",\"i\"),i=0;i<o.length;i++)o[i].style.display=\"none\";for(i=0;i<a.length;i++)s=a[i],e.source===s.contentWindow&&(s.removeAttribute(\"style\"),\"height\"===t.message?(1e3<(r=parseInt(t.value,10))?r=1e3:~~r<200&&(r=200),s.height=r):\"link\"===t.message&&(r=new URL(s.getAttribute(\"src\")),n=new URL(t.value),c.test(n.protocol))&&n.host===r.host&&l.activeElement===s&&(d.top.location.href=t.value))}},d.addEventListener(\"message\",d.wp.receiveEmbedMessage,!1),l.addEventListener(\"DOMContentLoaded\",function(){for(var e,t,s=l.querySelectorAll(\"iframe.wp-embedded-content\"),r=0;r<s.length;r++)(t=(e=s[r]).getAttribute(\"data-secret\"))||(t=Math.random().toString(36).substring(2,12),e.src+=\"#?secret=\"+t,e.setAttribute(\"data-secret\",t)),e.contentWindow.postMessage({message:\"ready\",secret:t},\"*\")},!1)))}(window,document);\n\/* ]]> *\/\n<\/script>\n","thumbnail_url":"https:\/\/instytutpolski.pl\/stockholm\/wp-content\/uploads\/sites\/17\/2021\/08\/Forfattarsamtal-scaled.jpg","thumbnail_width":2560,"thumbnail_height":1440,"description":"\u201cKrystyna D\u0105browskas poesi t\u00e4cker in vida arealer och r\u00f6r sig ledigt \u00f6ver landsgr\u00e4nserna. Precis som f\u00f6rebilden Wis\u0142awa Szymborska skriver hon en vardagslivets dikt, skenbart enkel, subtilt rytmisk och med en stor passion f\u00f6r detaljer.\u201d ellerstr\u00f6ms f\u00f6rlag om diktsamlingen \u201dVi \u00e4r en ordbok och andra dikter\u201d &nbsp; Kom och uppt\u00e4ck vardagens sm\u00e5 stunder med Krystynas poesi. [&hellip;]"}

Vi är en ordbok och andra dikter: Författarsamtal - Instytut Polski w Sztokholmie

<blockquote class="wp-embedded-content" data-secret="ApVC1nAyG5"><a href="https://instytutpolski.pl/stockholm/2021/08/19/vi-ar-en-ordbok-och-andra-dikter-forfattarsamtal2/">Vi är en ordbok och andra dikter: Författarsamtal</a></blockquote><iframe sandbox="allow-scripts" security="restricted" src="https://instytutpolski.pl/stockholm/2021/08/19/vi-ar-en-ordbok-och-andra-dikter-forfattarsamtal2/embed/#?secret=ApVC1nAyG5" width="600" height="338" title="&#8222;Vi är en ordbok och andra dikter: Författarsamtal&#8221; &#8212; Instytut Polski w Sztokholmie" data-secret="ApVC1nAyG5" frameborder="0" marginwidth="0" marginheight="0" scrolling="no" class="wp-embedded-content"></iframe><script type="text/javascript">
/* <![CDATA[ */
/*! This file is auto-generated */
!function(d,l){"use strict";l.querySelector&&d.addEventListener&&"undefined"!=typeof URL&&(d.wp=d.wp||{},d.wp.receiveEmbedMessage||(d.wp.receiveEmbedMessage=function(e){var t=e.data;if((t||t.secret||t.message||t.value)&&!/[^a-zA-Z0-9]/.test(t.secret)){for(var s,r,n,a=l.querySelectorAll('iframe[data-secret="'+t.secret+'"]'),o=l.querySelectorAll('blockquote[data-secret="'+t.secret+'"]'),c=new RegExp("^https?:$","i"),i=0;i<o.length;i++)o[i].style.display="none";for(i=0;i<a.length;i++)s=a[i],e.source===s.contentWindow&&(s.removeAttribute("style"),"height"===t.message?(1e3<(r=parseInt(t.value,10))?r=1e3:~~r<200&&(r=200),s.height=r):"link"===t.message&&(r=new URL(s.getAttribute("src")),n=new URL(t.value),c.test(n.protocol))&&n.host===r.host&&l.activeElement===s&&(d.top.location.href=t.value))}},d.addEventListener("message",d.wp.receiveEmbedMessage,!1),l.addEventListener("DOMContentLoaded",function(){for(var e,t,s=l.querySelectorAll("iframe.wp-embedded-content"),r=0;r<s.length;r++)(t=(e=s[r]).getAttribute("data-secret"))||(t=Math.random().toString(36).substring(2,12),e.src+="#?secret="+t,e.setAttribute("data-secret",t)),e.contentWindow.postMessage({message:"ready",secret:t},"*")},!1)))}(window,document);
/* ]]> */
</script>

“Krystyna Dąbrowskas poesi täcker in vida arealer och rör sig ledigt över landsgränserna. Precis som förebilden Wisława Szymborska skriver hon en vardagslivets dikt, skenbart enkel, subtilt rytmisk och med en stor passion för detaljer.” ellerströms förlag om diktsamlingen ”Vi är en ordbok och andra dikter” &nbsp; Kom och upptäck vardagens små stunder med Krystynas poesi. [&hellip;]
