{"version":"1.0","provider_name":"Instytut Polski w Sztokholmie","provider_url":"https:\/\/instytutpolski.pl\/stockholm","author_name":"treichelp","author_url":"https:\/\/instytutpolski.pl\/stockholm\/author\/treichelp\/","title":"KLARSKRIFT OCH ANDRA SKRIFTER - KRZYSZTOF SIWCZYK - Instytut Polski w Sztokholmie","type":"rich","width":600,"height":338,"html":"<blockquote class=\"wp-embedded-content\" data-secret=\"9gEdUyKeKJ\"><a href=\"https:\/\/instytutpolski.pl\/stockholm\/2022\/09\/17\/klarskrift-och-andra-skrifter-krzysztof-siwczyk111\/\">KLARSKRIFT OCH ANDRA SKRIFTER &#8211; KRZYSZTOF SIWCZYK<\/a><\/blockquote><iframe sandbox=\"allow-scripts\" security=\"restricted\" src=\"https:\/\/instytutpolski.pl\/stockholm\/2022\/09\/17\/klarskrift-och-andra-skrifter-krzysztof-siwczyk111\/embed\/#?secret=9gEdUyKeKJ\" width=\"600\" height=\"338\" title=\"&#8222;KLARSKRIFT OCH ANDRA SKRIFTER &#8211; KRZYSZTOF SIWCZYK&#8221; &#8212; Instytut Polski w Sztokholmie\" data-secret=\"9gEdUyKeKJ\" frameborder=\"0\" marginwidth=\"0\" marginheight=\"0\" scrolling=\"no\" class=\"wp-embedded-content\"><\/iframe><script type=\"text\/javascript\">\n\/* <![CDATA[ *\/\n\/*! This file is auto-generated *\/\n!function(d,l){\"use strict\";l.querySelector&&d.addEventListener&&\"undefined\"!=typeof URL&&(d.wp=d.wp||{},d.wp.receiveEmbedMessage||(d.wp.receiveEmbedMessage=function(e){var t=e.data;if((t||t.secret||t.message||t.value)&&!\/[^a-zA-Z0-9]\/.test(t.secret)){for(var s,r,n,a=l.querySelectorAll('iframe[data-secret=\"'+t.secret+'\"]'),o=l.querySelectorAll('blockquote[data-secret=\"'+t.secret+'\"]'),c=new RegExp(\"^https?:$\",\"i\"),i=0;i<o.length;i++)o[i].style.display=\"none\";for(i=0;i<a.length;i++)s=a[i],e.source===s.contentWindow&&(s.removeAttribute(\"style\"),\"height\"===t.message?(1e3<(r=parseInt(t.value,10))?r=1e3:~~r<200&&(r=200),s.height=r):\"link\"===t.message&&(r=new URL(s.getAttribute(\"src\")),n=new URL(t.value),c.test(n.protocol))&&n.host===r.host&&l.activeElement===s&&(d.top.location.href=t.value))}},d.addEventListener(\"message\",d.wp.receiveEmbedMessage,!1),l.addEventListener(\"DOMContentLoaded\",function(){for(var e,t,s=l.querySelectorAll(\"iframe.wp-embedded-content\"),r=0;r<s.length;r++)(t=(e=s[r]).getAttribute(\"data-secret\"))||(t=Math.random().toString(36).substring(2,12),e.src+=\"#?secret=\"+t,e.setAttribute(\"data-secret\",t)),e.contentWindow.postMessage({message:\"ready\",secret:t},\"*\")},!1)))}(window,document);\n\/* ]]> *\/\n<\/script>\n","thumbnail_url":"https:\/\/instytutpolski.pl\/stockholm\/wp-content\/uploads\/sites\/17\/2022\/09\/kroke-2-jacek-dylag-webb.jpg","thumbnail_width":1894,"thumbnail_height":2173,"description":"Krzysztof \u00e4r ocks\u00e5 med i Bokm\u00e4ssans program \u201cRum f\u00f6r poesi\u201d den 22 september kl. 13.00! Det blir ett fantastiskt tillf\u00e4lle att lyssna p\u00e5 hans poesi p\u00e5 polska, l\u00e4st av f\u00f6rfattaren sj\u00e4lv, och p\u00e5 svenska, l\u00e4st av \u00f6vers\u00e4ttaren Mikael Nydahl. L\u00e4s mer p\u00e5 Bokm\u00e4ssans hemsida. Dessutom kommer Krzysztof att delta i poesikv\u00e4llen \u201cRum f\u00f6r v\u00e4rldspoesi\u201d som [&hellip;]"}

Krzysztof är också med i Bokmässans program “Rum för poesi” den 22 september kl. 13.00! Det blir ett fantastiskt tillfälle att lyssna på hans poesi på polska, läst av författaren själv, och på svenska, läst av översättaren Mikael Nydahl. Läs mer på Bokmässans hemsida. Dessutom kommer Krzysztof att delta i poesikvällen “Rum för världspoesi” som [&hellip;]
