{"version":"1.0","provider_name":"Instytut Polski w Sztokholmie","provider_url":"https:\/\/instytutpolski.pl\/stockholm","author_name":"treichelp","author_url":"https:\/\/instytutpolski.pl\/stockholm\/author\/treichelp\/","title":"Julkonsert i Adolf Fredriks kyrka i Stockholm - Instytut Polski w Sztokholmie","type":"rich","width":600,"height":338,"html":"<blockquote class=\"wp-embedded-content\" data-secret=\"MI1VuoLZNY\"><a href=\"https:\/\/instytutpolski.pl\/stockholm\/2024\/11\/27\/julkonsert-i-adolf-fredriks-kyrka-i-stockholm\/\">Julkonsert i Adolf Fredriks kyrka i Stockholm<\/a><\/blockquote><iframe sandbox=\"allow-scripts\" security=\"restricted\" src=\"https:\/\/instytutpolski.pl\/stockholm\/2024\/11\/27\/julkonsert-i-adolf-fredriks-kyrka-i-stockholm\/embed\/#?secret=MI1VuoLZNY\" width=\"600\" height=\"338\" title=\"&#8222;Julkonsert i Adolf Fredriks kyrka i Stockholm&#8221; &#8212; Instytut Polski w Sztokholmie\" data-secret=\"MI1VuoLZNY\" frameborder=\"0\" marginwidth=\"0\" marginheight=\"0\" scrolling=\"no\" class=\"wp-embedded-content\"><\/iframe><script type=\"text\/javascript\">\n\/* <![CDATA[ *\/\n\/*! This file is auto-generated *\/\n!function(d,l){\"use strict\";l.querySelector&&d.addEventListener&&\"undefined\"!=typeof URL&&(d.wp=d.wp||{},d.wp.receiveEmbedMessage||(d.wp.receiveEmbedMessage=function(e){var t=e.data;if((t||t.secret||t.message||t.value)&&!\/[^a-zA-Z0-9]\/.test(t.secret)){for(var s,r,n,a=l.querySelectorAll('iframe[data-secret=\"'+t.secret+'\"]'),o=l.querySelectorAll('blockquote[data-secret=\"'+t.secret+'\"]'),c=new RegExp(\"^https?:$\",\"i\"),i=0;i<o.length;i++)o[i].style.display=\"none\";for(i=0;i<a.length;i++)s=a[i],e.source===s.contentWindow&&(s.removeAttribute(\"style\"),\"height\"===t.message?(1e3<(r=parseInt(t.value,10))?r=1e3:~~r<200&&(r=200),s.height=r):\"link\"===t.message&&(r=new URL(s.getAttribute(\"src\")),n=new URL(t.value),c.test(n.protocol))&&n.host===r.host&&l.activeElement===s&&(d.top.location.href=t.value))}},d.addEventListener(\"message\",d.wp.receiveEmbedMessage,!1),l.addEventListener(\"DOMContentLoaded\",function(){for(var e,t,s=l.querySelectorAll(\"iframe.wp-embedded-content\"),r=0;r<s.length;r++)(t=(e=s[r]).getAttribute(\"data-secret\"))||(t=Math.random().toString(36).substring(2,12),e.src+=\"#?secret=\"+t,e.setAttribute(\"data-secret\",t)),e.contentWindow.postMessage({message:\"ready\",secret:t},\"*\")},!1)))}(window,document);\n\/* ]]> *\/\n<\/script>\n","thumbnail_url":"https:\/\/instytutpolski.pl\/stockholm\/wp-content\/uploads\/sites\/17\/2024\/11\/EUChristmasConcertHemsida.jpg","thumbnail_width":1120,"thumbnail_height":630,"description":"I samband med EU-julkonserten samlar vi in g\u00e5vor till st\u00f6d f\u00f6r Unicefs arbete f\u00f6r barnen i Ukraina. Du kan ge din g\u00e5va p\u00e5 Unicefs hemsida OBS! EU-julkonserten \u00e4r redan fullbokad men kommer att spelas in och visas den 20 december kl. 18:00 p\u00e5 EU-kommissionens YouTube-kanal. Tack s\u00e5 mycket f\u00f6r visat intresse! Julkonserten organiseras av EU-kommissionen [&hellip;]"}

I samband med EU-julkonserten samlar vi in gåvor till stöd för Unicefs arbete för barnen i Ukraina. Du kan ge din gåva på Unicefs hemsida OBS! EU-julkonserten är redan fullbokad men kommer att spelas in och visas den 20 december kl. 18:00 på EU-kommissionens YouTube-kanal. Tack så mycket för visat intresse! Julkonserten organiseras av EU-kommissionen [&hellip;]
